--
-- Host: 127.0.0.1    Database: hjhs
-- ------------------------------------------------------


--
-- Table structure for table `craft_addresses`
--

CREATE TABLE `craft_addresses` (
  `id` int(11) NOT NULL,
  `ownerId` int(11) DEFAULT NULL,
  `countryCode` varchar(255) NOT NULL,
  `administrativeArea` varchar(255) DEFAULT NULL,
  `locality` varchar(255) DEFAULT NULL,
  `dependentLocality` varchar(255) DEFAULT NULL,
  `postalCode` varchar(255) DEFAULT NULL,
  `sortingCode` varchar(255) DEFAULT NULL,
  `addressLine1` varchar(255) DEFAULT NULL,
  `addressLine2` varchar(255) DEFAULT NULL,
  `organization` varchar(255) DEFAULT NULL,
  `organizationTaxId` varchar(255) DEFAULT NULL,
  `fullName` varchar(255) DEFAULT NULL,
  `firstName` varchar(255) DEFAULT NULL,
  `lastName` varchar(255) DEFAULT NULL,
  `latitude` varchar(255) DEFAULT NULL,
  `longitude` varchar(255) DEFAULT NULL,
  `dateCreated` datetime NOT NULL,
  `dateUpdated` datetime NOT NULL,
  PRIMARY KEY (`id`),
  KEY `craft_fk_orufvhfmorrtujtqfqptizhyghnpqrlgixss` (`ownerId`),
  CONSTRAINT `craft_fk_orufvhfmorrtujtqfqptizhyghnpqrlgixss` FOREIGN KEY (`ownerId`) REFERENCES `craft_elements` (`id`) ON DELETE CASCADE,
  CONSTRAINT `craft_fk_ptnxzrcroikhrezjiqwwgugamcrmcyvykjwj` FOREIGN KEY (`id`) REFERENCES `craft_elements` (`id`) ON DELETE CASCADE
) ENGINE=InnoDB DEFAULT CHARSET=utf8;

--
-- Table structure for table `craft_announcements`
--

CREATE TABLE `craft_announcements` (
  `id` int(11) NOT NULL AUTO_INCREMENT,
  `userId` int(11) NOT NULL,
  `pluginId` int(11) DEFAULT NULL,
  `heading` varchar(255) NOT NULL,
  `body` text NOT NULL,
  `unread` tinyint(1) NOT NULL DEFAULT '1',
  `dateRead` datetime DEFAULT NULL,
  `dateCreated` datetime NOT NULL,
  PRIMARY KEY (`id`),
  KEY `craft_idx_cgvhwvtjzkihsfhmhmoxrenmjtzpygytpzel` (`userId`,`unread`,`dateRead`,`dateCreated`),
  KEY `craft_idx_cmhzawjmihrirhweaudjsoahslqnkstdhdny` (`dateRead`),
  KEY `craft_fk_tbalmyqdwdzrcsunhzydnzotvajlzgceymob` (`pluginId`),
  CONSTRAINT `craft_fk_shtxevuaygvshfyhmuunvsqffyhcgblzgnuk` FOREIGN KEY (`userId`) REFERENCES `craft_users` (`id`) ON DELETE CASCADE,
  CONSTRAINT `craft_fk_tbalmyqdwdzrcsunhzydnzotvajlzgceymob` FOREIGN KEY (`pluginId`) REFERENCES `craft_plugins` (`id`) ON DELETE CASCADE
) ENGINE=InnoDB DEFAULT CHARSET=utf8;

--
-- Table structure for table `craft_assetindexingsessions`
--

CREATE TABLE `craft_assetindexingsessions` (
  `id` int(11) NOT NULL AUTO_INCREMENT,
  `indexedVolumes` text,
  `totalEntries` int(11) DEFAULT NULL,
  `processedEntries` int(11) NOT NULL DEFAULT '0',
  `cacheRemoteImages` tinyint(1) DEFAULT NULL,
  `listEmptyFolders` tinyint(1) DEFAULT '0',
  `isCli` tinyint(1) DEFAULT '0',
  `actionRequired` tinyint(1) DEFAULT '0',
  `processIfRootEmpty` tinyint(1) DEFAULT '0',
  `dateCreated` datetime NOT NULL,
  `dateUpdated` datetime NOT NULL,
  `uid` char(36) NOT NULL DEFAULT '0',
  PRIMARY KEY (`id`)
) ENGINE=InnoDB DEFAULT CHARSET=utf8;

--
-- Table structure for table `craft_assets`
--

CREATE TABLE `craft_assets` (
  `id` int(11) NOT NULL,
  `volumeId` int(11) DEFAULT NULL,
  `folderId` int(11) NOT NULL,
  `uploaderId` int(11) DEFAULT NULL,
  `filename` varchar(255) NOT NULL,
  `kind` varchar(50) NOT NULL DEFAULT 'unknown',
  `alt` text,
  `width` int(11) unsigned DEFAULT NULL,
  `height` int(11) unsigned DEFAULT NULL,
  `size` bigint(20) unsigned DEFAULT NULL,
  `focalPoint` varchar(13) DEFAULT NULL,
  `deletedWithVolume` tinyint(1) DEFAULT NULL,
  `keptFile` tinyint(1) DEFAULT NULL,
  `dateModified` datetime DEFAULT NULL,
  `dateCreated` datetime NOT NULL,
  `dateUpdated` datetime NOT NULL,
  PRIMARY KEY (`id`),
  KEY `craft_idx_dkqdxotiejkaabhhfljdeldkfhjlgeyfpdwd` (`filename`,`folderId`),
  KEY `craft_idx_lbbfsedizdtdlozvapufzeownalvmnkjlcal` (`folderId`),
  KEY `craft_idx_asgoqmgsirirmrpqfwzlblwioebpdiyyjtuh` (`volumeId`),
  KEY `craft_fk_njiegvappbydbpkdudldzghwacwsdafsiwfy` (`uploaderId`),
  CONSTRAINT `craft_fk_njiegvappbydbpkdudldzghwacwsdafsiwfy` FOREIGN KEY (`uploaderId`) REFERENCES `craft_users` (`id`) ON DELETE SET NULL,
  CONSTRAINT `craft_fk_ntlnantwxtqqbuvbfnnhmejorejxbpvzcmxo` FOREIGN KEY (`volumeId`) REFERENCES `craft_volumes` (`id`) ON DELETE CASCADE,
  CONSTRAINT `craft_fk_vkanxssxojwbrtfdgsjekzpelvctehpjwzlf` FOREIGN KEY (`folderId`) REFERENCES `craft_volumefolders` (`id`) ON DELETE CASCADE,
  CONSTRAINT `craft_fk_ybdvtbxzaseanqsehlcmzqubudlwqhvtljgm` FOREIGN KEY (`id`) REFERENCES `craft_elements` (`id`) ON DELETE CASCADE
) ENGINE=InnoDB DEFAULT CHARSET=utf8;

--
-- Table structure for table `craft_categories`
--

CREATE TABLE `craft_categories` (
  `id` int(11) NOT NULL,
  `groupId` int(11) NOT NULL,
  `parentId` int(11) DEFAULT NULL,
  `deletedWithGroup` tinyint(1) DEFAULT NULL,
  `dateCreated` datetime NOT NULL,
  `dateUpdated` datetime NOT NULL,
  PRIMARY KEY (`id`),
  KEY `craft_idx_tvagcjlmxwicatebbnangmhzbmbowrilamit` (`groupId`),
  KEY `craft_fk_naqrmtgqzbjlrsusmsmzdcwetlqqvafgrcjv` (`parentId`),
  CONSTRAINT `craft_fk_inxnhrlcatnkeksxrehuzswpwygogvmjggvj` FOREIGN KEY (`id`) REFERENCES `craft_elements` (`id`) ON DELETE CASCADE,
  CONSTRAINT `craft_fk_naqrmtgqzbjlrsusmsmzdcwetlqqvafgrcjv` FOREIGN KEY (`parentId`) REFERENCES `craft_categories` (`id`) ON DELETE SET NULL,
  CONSTRAINT `craft_fk_qqbdfqlrewrdpxugtcoqtzyonayxxklecdkh` FOREIGN KEY (`groupId`) REFERENCES `craft_categorygroups` (`id`) ON DELETE CASCADE
) ENGINE=InnoDB DEFAULT CHARSET=utf8;

--
-- Table structure for table `craft_categorygroups`
--

CREATE TABLE `craft_categorygroups` (
  `id` int(11) NOT NULL AUTO_INCREMENT,
  `structureId` int(11) NOT NULL,
  `fieldLayoutId` int(11) DEFAULT NULL,
  `name` varchar(255) NOT NULL,
  `handle` varchar(255) NOT NULL,
  `defaultPlacement` enum('beginning','end') NOT NULL DEFAULT 'end',
  `dateCreated` datetime NOT NULL,
  `dateUpdated` datetime NOT NULL,
  `dateDeleted` datetime DEFAULT NULL,
  `uid` char(36) NOT NULL DEFAULT '0',
  PRIMARY KEY (`id`),
  KEY `craft_idx_vihiywifuiseddvzldjojqfrfdkmxcnaqwve` (`name`),
  KEY `craft_idx_mkekqhwcuhergwaczxiemrobzhvkhimdsalw` (`handle`),
  KEY `craft_idx_hvxifoubitzhsnacfdwjabkfjmbkpfhchdwi` (`structureId`),
  KEY `craft_idx_cqufydtxchjvcvasoiwyydvenjdrbhhjsrou` (`fieldLayoutId`),
  KEY `craft_idx_doxoqitxqwajwapadlbocpvhlcxwgdcamvld` (`dateDeleted`),
  CONSTRAINT `craft_fk_ihtyzohpiixhhzmdkzxhtahdszykenhvghvn` FOREIGN KEY (`fieldLayoutId`) REFERENCES `craft_fieldlayouts` (`id`) ON DELETE SET NULL,
  CONSTRAINT `craft_fk_jepxixwlahizychbocukrdrrxceiubrtvkjf` FOREIGN KEY (`structureId`) REFERENCES `craft_structures` (`id`) ON DELETE CASCADE
) ENGINE=InnoDB DEFAULT CHARSET=utf8;

--
-- Table structure for table `craft_categorygroups_sites`
--

CREATE TABLE `craft_categorygroups_sites` (
  `id` int(11) NOT NULL AUTO_INCREMENT,
  `groupId` int(11) NOT NULL,
  `siteId` int(11) NOT NULL,
  `hasUrls` tinyint(1) NOT NULL DEFAULT '1',
  `uriFormat` text,
  `template` varchar(500) DEFAULT NULL,
  `dateCreated` datetime NOT NULL,
  `dateUpdated` datetime NOT NULL,
  `uid` char(36) NOT NULL DEFAULT '0',
  PRIMARY KEY (`id`),
  UNIQUE KEY `craft_idx_pkvpqstuzwwuwbipmhnexhtjyjxbiomywjxf` (`groupId`,`siteId`),
  KEY `craft_idx_ijlrcbyagmlauokqoqcekakznwvaksynifmt` (`siteId`),
  CONSTRAINT `craft_fk_bfuqhyroxvhrevofzvwahfxevmpijsxlvokh` FOREIGN KEY (`siteId`) REFERENCES `craft_sites` (`id`) ON DELETE CASCADE ON UPDATE CASCADE,
  CONSTRAINT `craft_fk_shdgpsllnapbqrfriccpfqtfufflaffmzshr` FOREIGN KEY (`groupId`) REFERENCES `craft_categorygroups` (`id`) ON DELETE CASCADE
) ENGINE=InnoDB DEFAULT CHARSET=utf8;

--
-- Table structure for table `craft_changedattributes`
--

CREATE TABLE `craft_changedattributes` (
  `elementId` int(11) NOT NULL,
  `siteId` int(11) NOT NULL,
  `attribute` varchar(255) NOT NULL,
  `dateUpdated` datetime NOT NULL,
  `propagated` tinyint(1) NOT NULL,
  `userId` int(11) DEFAULT NULL,
  PRIMARY KEY (`elementId`,`siteId`,`attribute`),
  KEY `craft_idx_egmdkmwfgsewdaatmgvhulsordzgaztuatlv` (`elementId`,`siteId`,`dateUpdated`),
  KEY `craft_fk_rdlsleeeaktxrnokaxewiffehlkhybelxxvw` (`siteId`),
  KEY `craft_fk_xcdmjlmctdtdneozooivvndvzzqdsykucicr` (`userId`),
  CONSTRAINT `craft_fk_rbsnutaidrdlchovywpongmcwgpbmuxkhslc` FOREIGN KEY (`elementId`) REFERENCES `craft_elements` (`id`) ON DELETE CASCADE ON UPDATE CASCADE,
  CONSTRAINT `craft_fk_rdlsleeeaktxrnokaxewiffehlkhybelxxvw` FOREIGN KEY (`siteId`) REFERENCES `craft_sites` (`id`) ON DELETE CASCADE ON UPDATE CASCADE,
  CONSTRAINT `craft_fk_xcdmjlmctdtdneozooivvndvzzqdsykucicr` FOREIGN KEY (`userId`) REFERENCES `craft_users` (`id`) ON DELETE SET NULL ON UPDATE CASCADE
) ENGINE=InnoDB DEFAULT CHARSET=utf8;

--
-- Table structure for table `craft_changedfields`
--

CREATE TABLE `craft_changedfields` (
  `elementId` int(11) NOT NULL,
  `siteId` int(11) NOT NULL,
  `fieldId` int(11) NOT NULL,
  `dateUpdated` datetime NOT NULL,
  `propagated` tinyint(1) NOT NULL,
  `userId` int(11) DEFAULT NULL,
  PRIMARY KEY (`elementId`,`siteId`,`fieldId`),
  KEY `craft_idx_xibainabzajojwuzcvvxflvlwfzrjwjsqnbu` (`elementId`,`siteId`,`dateUpdated`),
  KEY `craft_fk_qwiqbscntkpyanngptwgbbxyhszizmorqxze` (`siteId`),
  KEY `craft_fk_pkalanwbfxgoietlvpwgpwtoojjxkcpqqiyk` (`fieldId`),
  KEY `craft_fk_ylecrexwmscbxbzqjjwvuyoiiiwpiefgrrwe` (`userId`),
  CONSTRAINT `craft_fk_pkalanwbfxgoietlvpwgpwtoojjxkcpqqiyk` FOREIGN KEY (`fieldId`) REFERENCES `craft_fields` (`id`) ON DELETE CASCADE ON UPDATE CASCADE,
  CONSTRAINT `craft_fk_qwiqbscntkpyanngptwgbbxyhszizmorqxze` FOREIGN KEY (`siteId`) REFERENCES `craft_sites` (`id`) ON DELETE CASCADE ON UPDATE CASCADE,
  CONSTRAINT `craft_fk_udkxkmvjrvvsdfoihmkwmogwfxengrnvfbhs` FOREIGN KEY (`elementId`) REFERENCES `craft_elements` (`id`) ON DELETE CASCADE ON UPDATE CASCADE,
  CONSTRAINT `craft_fk_ylecrexwmscbxbzqjjwvuyoiiiwpiefgrrwe` FOREIGN KEY (`userId`) REFERENCES `craft_users` (`id`) ON DELETE SET NULL ON UPDATE CASCADE
) ENGINE=InnoDB DEFAULT CHARSET=utf8;

--
-- Table structure for table `craft_content`
--

CREATE TABLE `craft_content` (
  `id` int(11) NOT NULL AUTO_INCREMENT,
  `elementId` int(11) NOT NULL,
  `siteId` int(11) NOT NULL,
  `title` varchar(255) DEFAULT NULL,
  `dateCreated` datetime NOT NULL,
  `dateUpdated` datetime NOT NULL,
  `uid` char(36) NOT NULL DEFAULT '0',
  `field_introHeading_qvfhvcwh` text,
  `field_introBody_oxsbemfk` text,
  `field_postLoginHeading_xlfasorj` text,
  `field_postLoginBody_ydvergik` text,
  `field_postLoginBoxBody_xxezziby` text,
  `field_postLoginDontShowModalLabel_xmxcvkpc` text,
  `field_postLoginDoneButtonLabel_nhxidvzk` text,
  `field_dontShowPostLoginModal_vnknfwmb` tinyint(1) DEFAULT NULL,
  `field_recentJointOrMuscleBleedsLinkLabel_azvvyurb` text,
  `field_recentJointOrMuscleBleedsBody_jklccfev` text,
  `field_recentJointOrMuscleBleedsHeading_ufthhcgv` text,
  `field_missingScoresHeading_nbwejzsm` text,
  `field_missingScoresBody_vfccrbbi` text,
  `field_swellingHeading` text,
  `field_swellingBody` text,
  `field_muscleAtrophyBody_wbasblra` text,
  `field_muscleAtrophyHeading_uixrmrpu` text,
  `field_crepitusOnMotionBody_gtlufzyh` text,
  `field_crepitusOnMotionHeading_egrrprlz` text,
  `field_rangeOfMotionBody_vjtkxklh` text,
  `field_rangeOfMotionHeading_kkwofnjr` text,
  `field_jointPainBody_xrsjlmjb` text,
  `field_jointPainHeading_srzqerjk` text,
  `field_strengthBody_rcvhxrbt` text,
  `field_strengthHeading_qzyyefdk` text,
  `field_gaitBody_isqynljt` text,
  `field_gaitHeading_ydfpgjgw` text,
  `field_axialAlignmentBody_jkifwgye` text,
  `field_axialAlignmentHeading_tbzlvudi` text,
  `field_axialAlignmentEnabled_bgdflhae` tinyint(1) DEFAULT NULL,
  `field_swellingEnabled_kzapbbiu` tinyint(1) DEFAULT NULL,
  `field_muscleAtrophyEnabled_hpufumml` tinyint(1) DEFAULT NULL,
  `field_crepitusOnMotionEnabled_udkjautv` tinyint(1) DEFAULT NULL,
  `field_rangeOfMotionEnabled_hcnkvvsj` tinyint(1) DEFAULT NULL,
  `field_jointPainEnabled_ihfcrvsm` tinyint(1) DEFAULT NULL,
  `field_strengthEnabled_klbgcvbv` tinyint(1) DEFAULT NULL,
  `field_gaitEnabled_dqowtzgz` tinyint(1) DEFAULT NULL,
  PRIMARY KEY (`id`),
  UNIQUE KEY `craft_idx_vabakjiflqydztijmhnltqnkuyzrwsbcaxrj` (`elementId`,`siteId`),
  KEY `craft_idx_ioqhyfcfzltnymjadlsaqovuhrgpafxdykjx` (`siteId`),
  KEY `craft_idx_bcncmuvxgrxspxcbimwlsoebcfzoiqrixlul` (`title`),
  CONSTRAINT `craft_fk_lqwstccuznrcmxqaggjcpwdxdxnlyespjikc` FOREIGN KEY (`elementId`) REFERENCES `craft_elements` (`id`) ON DELETE CASCADE,
  CONSTRAINT `craft_fk_peqvkrejifhsxjeiwzbhcwugbnkkqusqdong` FOREIGN KEY (`siteId`) REFERENCES `craft_sites` (`id`) ON DELETE CASCADE ON UPDATE CASCADE
) ENGINE=InnoDB AUTO_INCREMENT=11 DEFAULT CHARSET=utf8;

--
-- Table structure for table `craft_drafts`
--

CREATE TABLE `craft_drafts` (
  `id` int(11) NOT NULL AUTO_INCREMENT,
  `canonicalId` int(11) DEFAULT NULL,
  `creatorId` int(11) DEFAULT NULL,
  `provisional` tinyint(1) NOT NULL DEFAULT '0',
  `name` varchar(255) NOT NULL,
  `notes` text,
  `trackChanges` tinyint(1) NOT NULL DEFAULT '0',
  `dateLastMerged` datetime DEFAULT NULL,
  `saved` tinyint(1) NOT NULL DEFAULT '1',
  PRIMARY KEY (`id`),
  KEY `craft_idx_ojdabpqukmpiibgapjgkdhcakwhaihkmglbu` (`creatorId`,`provisional`),
  KEY `craft_idx_bkfatjuyyygremsxrqycjldyidiagqanvvae` (`saved`),
  KEY `craft_fk_iwxsjlirxuryblyouljosbkdwatpqbbglgvd` (`canonicalId`),
  CONSTRAINT `craft_fk_iwxsjlirxuryblyouljosbkdwatpqbbglgvd` FOREIGN KEY (`canonicalId`) REFERENCES `craft_elements` (`id`) ON DELETE CASCADE,
  CONSTRAINT `craft_fk_llxvhvjzulzjvgdixkkqqodkhmzofqbzccgj` FOREIGN KEY (`creatorId`) REFERENCES `craft_users` (`id`) ON DELETE SET NULL
) ENGINE=InnoDB DEFAULT CHARSET=utf8;

--
-- Table structure for table `craft_elementactivity`
--

CREATE TABLE `craft_elementactivity` (
  `elementId` int(11) NOT NULL,
  `userId` int(11) NOT NULL,
  `siteId` int(11) NOT NULL,
  `draftId` int(11) DEFAULT NULL,
  `type` varchar(255) NOT NULL,
  `timestamp` datetime DEFAULT NULL,
  PRIMARY KEY (`elementId`,`userId`,`type`),
  KEY `craft_idx_ruilouqrkjbcgbjgeankyhlbvvffnohdueyt` (`elementId`,`timestamp`,`userId`),
  KEY `craft_fk_uiwmnqexxmbkwxleitkzfhwmiwiaejktnnsx` (`userId`),
  KEY `craft_fk_dazfzxlcylzugybuwsuhncskrhtfyjjizsrj` (`siteId`),
  KEY `craft_fk_exdkvdntyjfkeyajqlciqhczddjkgtuuvwwe` (`draftId`),
  CONSTRAINT `craft_fk_dazfzxlcylzugybuwsuhncskrhtfyjjizsrj` FOREIGN KEY (`siteId`) REFERENCES `craft_sites` (`id`) ON DELETE CASCADE,
  CONSTRAINT `craft_fk_exdkvdntyjfkeyajqlciqhczddjkgtuuvwwe` FOREIGN KEY (`draftId`) REFERENCES `craft_drafts` (`id`) ON DELETE CASCADE,
  CONSTRAINT `craft_fk_tqwzygbwjirjmxnulyuzhkhvuzqfmwjhaarg` FOREIGN KEY (`elementId`) REFERENCES `craft_elements` (`id`) ON DELETE CASCADE,
  CONSTRAINT `craft_fk_uiwmnqexxmbkwxleitkzfhwmiwiaejktnnsx` FOREIGN KEY (`userId`) REFERENCES `craft_users` (`id`) ON DELETE CASCADE
) ENGINE=InnoDB DEFAULT CHARSET=utf8;

--
-- Table structure for table `craft_elements`
--

CREATE TABLE `craft_elements` (
  `id` int(11) NOT NULL AUTO_INCREMENT,
  `canonicalId` int(11) DEFAULT NULL,
  `draftId` int(11) DEFAULT NULL,
  `revisionId` int(11) DEFAULT NULL,
  `fieldLayoutId` int(11) DEFAULT NULL,
  `type` varchar(255) NOT NULL,
  `enabled` tinyint(1) NOT NULL DEFAULT '1',
  `archived` tinyint(1) NOT NULL DEFAULT '0',
  `dateCreated` datetime NOT NULL,
  `dateUpdated` datetime NOT NULL,
  `dateLastMerged` datetime DEFAULT NULL,
  `dateDeleted` datetime DEFAULT NULL,
  `uid` char(36) NOT NULL DEFAULT '0',
  PRIMARY KEY (`id`),
  KEY `craft_idx_vcsintcfdekzggxzsootdyrngfmphofnohhv` (`dateDeleted`),
  KEY `craft_idx_gftnfuqppkkujofcmmtaauiwrufvjrgmslxe` (`fieldLayoutId`),
  KEY `craft_idx_qgeudnqxwdltsmxveetmzmgzqqogrgvorkfg` (`type`),
  KEY `craft_idx_vtwescombllmkrkkvivjnpfarrlrrbccakuv` (`enabled`),
  KEY `craft_idx_nebzdiwsslkqjzjuynhffinzvlxdyiaqqiii` (`canonicalId`),
  KEY `craft_idx_glsucwmksznnnzqrktxbmygzdpuungwvshph` (`archived`,`dateCreated`),
  KEY `craft_idx_iscamxqkutfperhofycrngjzhmgpkiedzaib` (`archived`,`dateDeleted`,`draftId`,`revisionId`,`canonicalId`),
  KEY `craft_idx_wlpewuwdfspehdajsxwislqoeuwjrsxbnyxx` (`archived`,`dateDeleted`,`draftId`,`revisionId`,`canonicalId`,`enabled`),
  KEY `craft_fk_vnexecqcndssjxadoufdrddsmwnoiwxncrhr` (`draftId`),
  KEY `craft_fk_lsowrzjwbfooavizhmcuiyordjizicjpviwc` (`revisionId`),
  CONSTRAINT `craft_fk_lsowrzjwbfooavizhmcuiyordjizicjpviwc` FOREIGN KEY (`revisionId`) REFERENCES `craft_revisions` (`id`) ON DELETE CASCADE,
  CONSTRAINT `craft_fk_lxwhpmdweihydztnefzppdtoredjaooeshxa` FOREIGN KEY (`canonicalId`) REFERENCES `craft_elements` (`id`) ON DELETE SET NULL,
  CONSTRAINT `craft_fk_vnexecqcndssjxadoufdrddsmwnoiwxncrhr` FOREIGN KEY (`draftId`) REFERENCES `craft_drafts` (`id`) ON DELETE CASCADE,
  CONSTRAINT `craft_fk_xhnosttqxpulpdyoazvnqxmikkjxbhqrivpg` FOREIGN KEY (`fieldLayoutId`) REFERENCES `craft_fieldlayouts` (`id`) ON DELETE SET NULL
) ENGINE=InnoDB AUTO_INCREMENT=11 DEFAULT CHARSET=utf8;

--
-- Table structure for table `craft_elements_sites`
--

CREATE TABLE `craft_elements_sites` (
  `id` int(11) NOT NULL AUTO_INCREMENT,
  `elementId` int(11) NOT NULL,
  `siteId` int(11) NOT NULL,
  `slug` varchar(255) DEFAULT NULL,
  `uri` varchar(255) DEFAULT NULL,
  `enabled` tinyint(1) NOT NULL DEFAULT '1',
  `dateCreated` datetime NOT NULL,
  `dateUpdated` datetime NOT NULL,
  `uid` char(36) NOT NULL DEFAULT '0',
  PRIMARY KEY (`id`),
  UNIQUE KEY `craft_idx_wxabhgfpirdlyemovionjobxbseyzsoglpgt` (`elementId`,`siteId`),
  KEY `craft_idx_rcgjqxdburjpamhlchudajpdklxrakukkqsd` (`siteId`),
  KEY `craft_idx_umtyaymwcbkarvgdeucuayeoyaqyapbvccdp` (`slug`,`siteId`),
  KEY `craft_idx_twrwhemhfqzpowihvpakjpdbppiwbismlqhc` (`enabled`),
  KEY `craft_idx_ponuqvqpisqtglqlbzpqbxmezooackhjzxcw` (`uri`,`siteId`),
  CONSTRAINT `craft_fk_gjcvlqteceqqtbhsetybzmibhoxgfzzsbepp` FOREIGN KEY (`elementId`) REFERENCES `craft_elements` (`id`) ON DELETE CASCADE,
  CONSTRAINT `craft_fk_tgvgdtwszbzfunpzddzvnhaynkrvgkbzgrbp` FOREIGN KEY (`siteId`) REFERENCES `craft_sites` (`id`) ON DELETE CASCADE ON UPDATE CASCADE
) ENGINE=InnoDB AUTO_INCREMENT=11 DEFAULT CHARSET=utf8;

--
-- Table structure for table `craft_entries`
--

CREATE TABLE `craft_entries` (
  `id` int(11) NOT NULL,
  `sectionId` int(11) NOT NULL,
  `parentId` int(11) DEFAULT NULL,
  `typeId` int(11) NOT NULL,
  `authorId` int(11) DEFAULT NULL,
  `postDate` datetime DEFAULT NULL,
  `expiryDate` datetime DEFAULT NULL,
  `deletedWithEntryType` tinyint(1) DEFAULT NULL,
  `dateCreated` datetime NOT NULL,
  `dateUpdated` datetime NOT NULL,
  PRIMARY KEY (`id`),
  KEY `craft_idx_fpxqttjdrgeyinksvblcomqdgajklykhznto` (`postDate`),
  KEY `craft_idx_ukikgbddvsreeuwhzkmwyzhbosrqkarvtbpc` (`expiryDate`),
  KEY `craft_idx_vgljxebdhyabnrdfjvxvcoaecgtepfzwteru` (`authorId`),
  KEY `craft_idx_syhuzkktvhhxcxgtvbhxluiskvhtooigqzyv` (`sectionId`),
  KEY `craft_idx_aiauwjyfgfmtaxrvwehivorhusviyufdapdw` (`typeId`),
  KEY `craft_fk_nduoyjnmjkikcbgrbwbbhrxoassmqyisvzup` (`parentId`),
  CONSTRAINT `craft_fk_abouhvphohjrqnwbemdwgmxnjglcaqkrdsxk` FOREIGN KEY (`id`) REFERENCES `craft_elements` (`id`) ON DELETE CASCADE,
  CONSTRAINT `craft_fk_fqnasxjgduosajrubulhpeayobbgwqpeyguc` FOREIGN KEY (`sectionId`) REFERENCES `craft_sections` (`id`) ON DELETE CASCADE,
  CONSTRAINT `craft_fk_nduoyjnmjkikcbgrbwbbhrxoassmqyisvzup` FOREIGN KEY (`parentId`) REFERENCES `craft_entries` (`id`) ON DELETE SET NULL,
  CONSTRAINT `craft_fk_nquxxavwsbywzcxdcdprwljsxwdehyjnbxne` FOREIGN KEY (`authorId`) REFERENCES `craft_users` (`id`) ON DELETE SET NULL,
  CONSTRAINT `craft_fk_phtykwtfwjqcbgungjekesioawmxphihgwdd` FOREIGN KEY (`typeId`) REFERENCES `craft_entrytypes` (`id`) ON DELETE CASCADE
) ENGINE=InnoDB DEFAULT CHARSET=utf8;

--
-- Table structure for table `craft_entrytypes`
--

CREATE TABLE `craft_entrytypes` (
  `id` int(11) NOT NULL AUTO_INCREMENT,
  `sectionId` int(11) NOT NULL,
  `fieldLayoutId` int(11) DEFAULT NULL,
  `name` varchar(255) NOT NULL,
  `handle` varchar(255) NOT NULL,
  `hasTitleField` tinyint(1) NOT NULL DEFAULT '1',
  `titleTranslationMethod` varchar(255) NOT NULL DEFAULT 'site',
  `titleTranslationKeyFormat` text,
  `titleFormat` varchar(255) DEFAULT NULL,
  `slugTranslationMethod` varchar(255) NOT NULL DEFAULT 'site',
  `slugTranslationKeyFormat` text,
  `showStatusField` tinyint(1) DEFAULT '1',
  `sortOrder` smallint(6) unsigned DEFAULT NULL,
  `dateCreated` datetime NOT NULL,
  `dateUpdated` datetime NOT NULL,
  `dateDeleted` datetime DEFAULT NULL,
  `uid` char(36) NOT NULL DEFAULT '0',
  PRIMARY KEY (`id`),
  KEY `craft_idx_krlzmgmydzvahclyaebarqdvoqvhnxhwkhsr` (`name`,`sectionId`),
  KEY `craft_idx_gmsxroftzwmyyjnfaigwsbrpnghzwcyphyjp` (`handle`,`sectionId`),
  KEY `craft_idx_laauembowvwsrzjwzworlncqcjqrbzqqecie` (`sectionId`),
  KEY `craft_idx_vbddcwolholvlgbwogwgwczqsyirwqyzotol` (`fieldLayoutId`),
  KEY `craft_idx_nsdcapjuxfcgqqgmnysudxqcxorqkfqscygb` (`dateDeleted`),
  CONSTRAINT `craft_fk_wapoeimxycalflgbehypxffwvpejhmirfjvq` FOREIGN KEY (`fieldLayoutId`) REFERENCES `craft_fieldlayouts` (`id`) ON DELETE SET NULL,
  CONSTRAINT `craft_fk_xsmjjwkwdoljjrwaewwtobnabxnociazikyu` FOREIGN KEY (`sectionId`) REFERENCES `craft_sections` (`id`) ON DELETE CASCADE
) ENGINE=InnoDB AUTO_INCREMENT=2 DEFAULT CHARSET=utf8;

--
-- Table structure for table `craft_fieldgroups`
--

CREATE TABLE `craft_fieldgroups` (
  `id` int(11) NOT NULL AUTO_INCREMENT,
  `name` varchar(255) NOT NULL,
  `dateCreated` datetime NOT NULL,
  `dateUpdated` datetime NOT NULL,
  `dateDeleted` datetime DEFAULT NULL,
  `uid` char(36) NOT NULL DEFAULT '0',
  PRIMARY KEY (`id`),
  KEY `craft_idx_wrhdwobwqgbjqacpsxfgquoyghkyburwoyob` (`name`),
  KEY `craft_idx_ffvdstgxvqolevvabsymzksdxhnpldonqerd` (`dateDeleted`,`name`)
) ENGINE=InnoDB AUTO_INCREMENT=5 DEFAULT CHARSET=utf8;

--
-- Table structure for table `craft_fieldlayoutfields`
--

CREATE TABLE `craft_fieldlayoutfields` (
  `id` int(11) NOT NULL AUTO_INCREMENT,
  `layoutId` int(11) NOT NULL,
  `tabId` int(11) NOT NULL,
  `fieldId` int(11) NOT NULL,
  `required` tinyint(1) NOT NULL DEFAULT '0',
  `sortOrder` smallint(6) unsigned DEFAULT NULL,
  `dateCreated` datetime NOT NULL,
  `dateUpdated` datetime NOT NULL,
  `uid` char(36) NOT NULL DEFAULT '0',
  PRIMARY KEY (`id`),
  UNIQUE KEY `craft_idx_yicpyfpnvpmwaesssokgfooeszduphxpegdq` (`layoutId`,`fieldId`),
  KEY `craft_idx_srkhqhsefildwwzgpcezwirnsdaluaxpybfq` (`sortOrder`),
  KEY `craft_idx_ogzgqqrzadqvyteecpjpbqyygxlkdhlnqthh` (`tabId`),
  KEY `craft_idx_gnljeovcstcomziuqyhhebpiipgmrqtntpxk` (`fieldId`),
  CONSTRAINT `craft_fk_owygjosbtfiybsvevmsgigoyjllbgkelkwch` FOREIGN KEY (`tabId`) REFERENCES `craft_fieldlayouttabs` (`id`) ON DELETE CASCADE,
  CONSTRAINT `craft_fk_xguvpupurhivxigaelztckzjpjhknuukidqa` FOREIGN KEY (`layoutId`) REFERENCES `craft_fieldlayouts` (`id`) ON DELETE CASCADE,
  CONSTRAINT `craft_fk_zkvbqvvkpmptlbbtfbwiapndbnzzaijiaysh` FOREIGN KEY (`fieldId`) REFERENCES `craft_fields` (`id`) ON DELETE CASCADE
) ENGINE=InnoDB AUTO_INCREMENT=69 DEFAULT CHARSET=utf8;

--
-- Table structure for table `craft_fieldlayouts`
--

CREATE TABLE `craft_fieldlayouts` (
  `id` int(11) NOT NULL AUTO_INCREMENT,
  `type` varchar(255) NOT NULL,
  `dateCreated` datetime NOT NULL,
  `dateUpdated` datetime NOT NULL,
  `dateDeleted` datetime DEFAULT NULL,
  `uid` char(36) NOT NULL DEFAULT '0',
  PRIMARY KEY (`id`),
  KEY `craft_idx_ukpdfdhtohtcbtxczxjmrcvbceqksxsofmzu` (`dateDeleted`),
  KEY `craft_idx_plavtvhltrsclovtfngxjsxaykcapnovnuvl` (`type`)
) ENGINE=InnoDB AUTO_INCREMENT=6 DEFAULT CHARSET=utf8;

--
-- Table structure for table `craft_fieldlayouttabs`
--

CREATE TABLE `craft_fieldlayouttabs` (
  `id` int(11) NOT NULL AUTO_INCREMENT,
  `layoutId` int(11) NOT NULL,
  `name` varchar(255) NOT NULL,
  `settings` text,
  `elements` text,
  `sortOrder` smallint(6) unsigned DEFAULT NULL,
  `dateCreated` datetime NOT NULL,
  `dateUpdated` datetime NOT NULL,
  `uid` char(36) NOT NULL DEFAULT '0',
  PRIMARY KEY (`id`),
  KEY `craft_idx_kpmbicgtwlthtzygkwtqjrmucmuzkwiswzyv` (`sortOrder`),
  KEY `craft_idx_shywvpnoamypsmouuoxbjuaiilvpsszwrinz` (`layoutId`),
  CONSTRAINT `craft_fk_jkjqkyfdbjmpaoztmzoppiehrsebodvrwqcu` FOREIGN KEY (`layoutId`) REFERENCES `craft_fieldlayouts` (`id`) ON DELETE CASCADE
) ENGINE=InnoDB AUTO_INCREMENT=31 DEFAULT CHARSET=utf8;

--
-- Table structure for table `craft_fields`
--

CREATE TABLE `craft_fields` (
  `id` int(11) NOT NULL AUTO_INCREMENT,
  `groupId` int(11) DEFAULT NULL,
  `name` varchar(255) NOT NULL,
  `handle` varchar(64) NOT NULL,
  `context` varchar(255) NOT NULL DEFAULT 'global',
  `columnSuffix` char(8) DEFAULT NULL,
  `instructions` text,
  `searchable` tinyint(1) NOT NULL DEFAULT '1',
  `translationMethod` varchar(255) NOT NULL DEFAULT 'none',
  `translationKeyFormat` text,
  `type` varchar(255) NOT NULL,
  `settings` text,
  `dateCreated` datetime NOT NULL,
  `dateUpdated` datetime NOT NULL,
  `uid` char(36) NOT NULL DEFAULT '0',
  PRIMARY KEY (`id`),
  KEY `craft_idx_opubkfmevimgjrjxabrxhjukrbvtpiryptjb` (`handle`,`context`),
  KEY `craft_idx_aybjofzswtwxgdufswjqjeitdviadaowioub` (`groupId`),
  KEY `craft_idx_vsjfkvpbbbaxvfelakboszwbuqozydmdikor` (`context`),
  CONSTRAINT `craft_fk_teivlvdjdupwahzipusmwdgqabyuwmosywsz` FOREIGN KEY (`groupId`) REFERENCES `craft_fieldgroups` (`id`) ON DELETE CASCADE
) ENGINE=InnoDB AUTO_INCREMENT=38 DEFAULT CHARSET=utf8;

--
-- Table structure for table `craft_globalsets`
--

CREATE TABLE `craft_globalsets` (
  `id` int(11) NOT NULL AUTO_INCREMENT,
  `name` varchar(255) NOT NULL,
  `handle` varchar(255) NOT NULL,
  `fieldLayoutId` int(11) DEFAULT NULL,
  `sortOrder` smallint(6) unsigned DEFAULT NULL,
  `dateCreated` datetime NOT NULL,
  `dateUpdated` datetime NOT NULL,
  `uid` char(36) NOT NULL DEFAULT '0',
  PRIMARY KEY (`id`),
  KEY `craft_idx_jqhywooutcoxphspqzyefkxjxepswssmjxtv` (`name`),
  KEY `craft_idx_lizaxqfkciqjjyqzhstcbaybgntlkrykepby` (`handle`),
  KEY `craft_idx_lglyqlzchacqnnqgebmthfkoryghcwolnqfk` (`fieldLayoutId`),
  KEY `craft_idx_bacaytoukyfiavfllohmmremvehoxqiqggrg` (`sortOrder`),
  CONSTRAINT `craft_fk_bjcpzrdbyhmnrgkxcrhmfqcwknjjmzqeqwah` FOREIGN KEY (`id`) REFERENCES `craft_elements` (`id`) ON DELETE CASCADE,
  CONSTRAINT `craft_fk_wwduopsbcbaelmwyfiyonujoklsybkatokpc` FOREIGN KEY (`fieldLayoutId`) REFERENCES `craft_fieldlayouts` (`id`) ON DELETE SET NULL
) ENGINE=InnoDB AUTO_INCREMENT=11 DEFAULT CHARSET=utf8;

--
-- Table structure for table `craft_gqlschemas`
--

CREATE TABLE `craft_gqlschemas` (
  `id` int(11) NOT NULL AUTO_INCREMENT,
  `name` varchar(255) NOT NULL,
  `scope` text,
  `isPublic` tinyint(1) NOT NULL DEFAULT '0',
  `dateCreated` datetime NOT NULL,
  `dateUpdated` datetime NOT NULL,
  `uid` char(36) NOT NULL DEFAULT '0',
  PRIMARY KEY (`id`)
) ENGINE=InnoDB DEFAULT CHARSET=utf8;

--
-- Table structure for table `craft_imagetransformindex`
--

CREATE TABLE `craft_imagetransformindex` (
  `id` int(11) NOT NULL AUTO_INCREMENT,
  `assetId` int(11) NOT NULL,
  `transformer` varchar(255) DEFAULT NULL,
  `filename` varchar(255) DEFAULT NULL,
  `format` varchar(255) DEFAULT NULL,
  `transformString` varchar(255) NOT NULL,
  `fileExists` tinyint(1) NOT NULL DEFAULT '0',
  `inProgress` tinyint(1) NOT NULL DEFAULT '0',
  `error` tinyint(1) NOT NULL DEFAULT '0',
  `dateIndexed` datetime DEFAULT NULL,
  `dateCreated` datetime NOT NULL,
  `dateUpdated` datetime NOT NULL,
  `uid` char(36) NOT NULL DEFAULT '0',
  PRIMARY KEY (`id`),
  KEY `craft_idx_dsjiqngsrztlhgootebjqeaxxtgpglviylhu` (`assetId`,`transformString`)
) ENGINE=InnoDB DEFAULT CHARSET=utf8;

--
-- Table structure for table `craft_imagetransforms`
--

CREATE TABLE `craft_imagetransforms` (
  `id` int(11) NOT NULL AUTO_INCREMENT,
  `name` varchar(255) NOT NULL,
  `handle` varchar(255) NOT NULL,
  `mode` enum('stretch','fit','crop','letterbox') NOT NULL DEFAULT 'crop',
  `position` enum('top-left','top-center','top-right','center-left','center-center','center-right','bottom-left','bottom-center','bottom-right') NOT NULL DEFAULT 'center-center',
  `width` int(11) unsigned DEFAULT NULL,
  `height` int(11) unsigned DEFAULT NULL,
  `format` varchar(255) DEFAULT NULL,
  `quality` int(11) DEFAULT NULL,
  `interlace` enum('none','line','plane','partition') NOT NULL DEFAULT 'none',
  `fill` varchar(11) DEFAULT NULL,
  `upscale` tinyint(1) NOT NULL DEFAULT '1',
  `parameterChangeTime` datetime DEFAULT NULL,
  `dateCreated` datetime NOT NULL,
  `dateUpdated` datetime NOT NULL,
  `uid` char(36) NOT NULL DEFAULT '0',
  PRIMARY KEY (`id`),
  KEY `craft_idx_hbykuxnxchmqjtxqbysdzgpixsjztthtiqov` (`name`),
  KEY `craft_idx_vxohxcntxkswyozheuaxthtisvhjinrfwuur` (`handle`)
) ENGINE=InnoDB DEFAULT CHARSET=utf8;

--
-- Table structure for table `craft_info`
--

CREATE TABLE `craft_info` (
  `id` int(11) NOT NULL AUTO_INCREMENT,
  `version` varchar(50) NOT NULL,
  `schemaVersion` varchar(15) NOT NULL,
  `maintenance` tinyint(1) NOT NULL DEFAULT '0',
  `configVersion` char(12) NOT NULL DEFAULT '000000000000',
  `fieldVersion` char(12) NOT NULL DEFAULT '000000000000',
  `dateCreated` datetime NOT NULL,
  `dateUpdated` datetime NOT NULL,
  `uid` char(36) NOT NULL DEFAULT '0',
  PRIMARY KEY (`id`)
) ENGINE=InnoDB AUTO_INCREMENT=2 DEFAULT CHARSET=utf8;

--
-- Table structure for table `craft_lenz_linkfield`
--

CREATE TABLE `craft_lenz_linkfield` (
  `id` int(11) NOT NULL AUTO_INCREMENT,
  `elementId` int(11) NOT NULL,
  `fieldId` int(11) NOT NULL,
  `siteId` int(11) NOT NULL,
  `type` varchar(63) DEFAULT NULL,
  `linkedUrl` text,
  `linkedId` int(11) DEFAULT NULL,
  `linkedSiteId` int(11) DEFAULT NULL,
  `linkedTitle` varchar(255) DEFAULT NULL,
  `payload` text,
  `dateCreated` datetime NOT NULL,
  `dateUpdated` datetime NOT NULL,
  `uid` char(36) NOT NULL DEFAULT '0',
  PRIMARY KEY (`id`),
  UNIQUE KEY `craft_idx_yjncdgkhtnxoyxvqylluwztbhvgqndqneshg` (`elementId`,`siteId`,`fieldId`),
  KEY `craft_idx_rpvnylrncgyhxllnaktwxnjeauaervtsthwp` (`fieldId`),
  KEY `craft_idx_tedgxuyafwkczxigoycdeoxkmcllqbgynrio` (`siteId`),
  KEY `craft_fk_dmdnzxconxyptxrvzmmjndjzekkrfhsufxad` (`linkedId`),
  KEY `craft_fk_wvdxabmftpbskndvjjhdzmybllygdtjhoilr` (`linkedSiteId`),
  CONSTRAINT `craft_fk_arwiyerfijdworvvrzvyyfnozryvwtdjbezl` FOREIGN KEY (`fieldId`) REFERENCES `craft_fields` (`id`) ON DELETE CASCADE,
  CONSTRAINT `craft_fk_dmdnzxconxyptxrvzmmjndjzekkrfhsufxad` FOREIGN KEY (`linkedId`) REFERENCES `craft_elements` (`id`) ON DELETE SET NULL ON UPDATE SET NULL,
  CONSTRAINT `craft_fk_ewvcxbwvcbakmwtbotmwsecgpilpfkisvnxw` FOREIGN KEY (`elementId`) REFERENCES `craft_elements` (`id`) ON DELETE CASCADE,
  CONSTRAINT `craft_fk_wvdxabmftpbskndvjjhdzmybllygdtjhoilr` FOREIGN KEY (`linkedSiteId`) REFERENCES `craft_sites` (`id`) ON DELETE SET NULL ON UPDATE SET NULL
) ENGINE=InnoDB DEFAULT CHARSET=utf8;

--
-- Table structure for table `craft_matrixblocks`
--

CREATE TABLE `craft_matrixblocks` (
  `id` int(11) NOT NULL,
  `primaryOwnerId` int(11) NOT NULL,
  `fieldId` int(11) NOT NULL,
  `typeId` int(11) NOT NULL,
  `deletedWithOwner` tinyint(1) DEFAULT NULL,
  `dateCreated` datetime NOT NULL,
  `dateUpdated` datetime NOT NULL,
  PRIMARY KEY (`id`),
  KEY `craft_idx_qxbtvxwgsdxzgnrlagxnfcutmfbvoilddqba` (`primaryOwnerId`),
  KEY `craft_idx_cpvifkhxntaishpkliesvdyndvczvuvtbpul` (`fieldId`),
  KEY `craft_idx_ffaoqbnobkrovgskgbktwdsvdxhysrkjpeai` (`typeId`),
  CONSTRAINT `craft_fk_ekvgnqmcgzpuslqgrcomcxxmrbbzdrkaoxih` FOREIGN KEY (`fieldId`) REFERENCES `craft_fields` (`id`) ON DELETE CASCADE,
  CONSTRAINT `craft_fk_myrjvkvjiyxbxlkgnqvfrdzlcncyjbykypqw` FOREIGN KEY (`primaryOwnerId`) REFERENCES `craft_elements` (`id`) ON DELETE CASCADE,
  CONSTRAINT `craft_fk_vxmvjxocakjiwbvwiivmrphtreaxdaliuxxl` FOREIGN KEY (`typeId`) REFERENCES `craft_matrixblocktypes` (`id`) ON DELETE CASCADE,
  CONSTRAINT `craft_fk_wnorhnkbxfpxcwzrysqtnrioohhawohkkfrs` FOREIGN KEY (`id`) REFERENCES `craft_elements` (`id`) ON DELETE CASCADE
) ENGINE=InnoDB DEFAULT CHARSET=utf8;

--
-- Table structure for table `craft_matrixblocks_owners`
--

CREATE TABLE `craft_matrixblocks_owners` (
  `blockId` int(11) NOT NULL,
  `ownerId` int(11) NOT NULL,
  `sortOrder` smallint(6) unsigned NOT NULL,
  PRIMARY KEY (`blockId`,`ownerId`),
  KEY `craft_fk_gpwzvxtxnxiooputzqgrzbuexafwfvpkonsw` (`ownerId`),
  CONSTRAINT `craft_fk_gpwzvxtxnxiooputzqgrzbuexafwfvpkonsw` FOREIGN KEY (`ownerId`) REFERENCES `craft_elements` (`id`) ON DELETE CASCADE,
  CONSTRAINT `craft_fk_sblqxqjgiymgwcpxpkxtqokmkjqdhklvsoea` FOREIGN KEY (`blockId`) REFERENCES `craft_matrixblocks` (`id`) ON DELETE CASCADE
) ENGINE=InnoDB DEFAULT CHARSET=utf8;

--
-- Table structure for table `craft_matrixblocktypes`
--

CREATE TABLE `craft_matrixblocktypes` (
  `id` int(11) NOT NULL AUTO_INCREMENT,
  `fieldId` int(11) NOT NULL,
  `fieldLayoutId` int(11) DEFAULT NULL,
  `name` varchar(255) NOT NULL,
  `handle` varchar(255) NOT NULL,
  `sortOrder` smallint(6) unsigned DEFAULT NULL,
  `dateCreated` datetime NOT NULL,
  `dateUpdated` datetime NOT NULL,
  `uid` char(36) NOT NULL DEFAULT '0',
  PRIMARY KEY (`id`),
  KEY `craft_idx_xlfcrvsuuydfryawdxoiixmctzffyxnbvpcn` (`name`,`fieldId`),
  KEY `craft_idx_quclnghnbhdqkynfnxmwltwlhuncluvqtzhb` (`handle`,`fieldId`),
  KEY `craft_idx_ikplvkgaxklmsawknqgytcewkfctrtkrjblp` (`fieldId`),
  KEY `craft_idx_mrekvgugiixxddwzvzflzoykijmmuwoizpmm` (`fieldLayoutId`),
  CONSTRAINT `craft_fk_qdfaypxxfscyonfpxmgtcmcujnxszszhmnbi` FOREIGN KEY (`fieldId`) REFERENCES `craft_fields` (`id`) ON DELETE CASCADE,
  CONSTRAINT `craft_fk_zviulkuqkayggwdtetmqnsophyueqrmdyegb` FOREIGN KEY (`fieldLayoutId`) REFERENCES `craft_fieldlayouts` (`id`) ON DELETE SET NULL
) ENGINE=InnoDB DEFAULT CHARSET=utf8;

--
-- Table structure for table `craft_migrations`
--

CREATE TABLE `craft_migrations` (
  `id` int(11) NOT NULL AUTO_INCREMENT,
  `track` varchar(255) NOT NULL,
  `name` varchar(255) NOT NULL,
  `applyTime` datetime NOT NULL,
  `dateCreated` datetime NOT NULL,
  `dateUpdated` datetime NOT NULL,
  `uid` char(36) NOT NULL DEFAULT '0',
  PRIMARY KEY (`id`),
  UNIQUE KEY `craft_idx_nrulrvetboyijqxakkgdvkfjxawcuhdwpnvg` (`track`,`name`)
) ENGINE=InnoDB AUTO_INCREMENT=43 DEFAULT CHARSET=utf8;

--
-- Table structure for table `craft_plugins`
--

CREATE TABLE `craft_plugins` (
  `id` int(11) NOT NULL AUTO_INCREMENT,
  `handle` varchar(255) NOT NULL,
  `version` varchar(255) NOT NULL,
  `schemaVersion` varchar(255) NOT NULL,
  `installDate` datetime NOT NULL,
  `dateCreated` datetime NOT NULL,
  `dateUpdated` datetime NOT NULL,
  `uid` char(36) NOT NULL DEFAULT '0',
  PRIMARY KEY (`id`),
  UNIQUE KEY `craft_idx_gengsauszlmrmpvdhotryhblzrjatjikftuj` (`handle`)
) ENGINE=InnoDB AUTO_INCREMENT=6 DEFAULT CHARSET=utf8;

--
-- Table structure for table `craft_projectconfig`
--

CREATE TABLE `craft_projectconfig` (
  `path` varchar(255) NOT NULL,
  `value` text NOT NULL,
  PRIMARY KEY (`path`)
) ENGINE=InnoDB DEFAULT CHARSET=utf8;

--
-- Table structure for table `craft_queue`
--

CREATE TABLE `craft_queue` (
  `id` int(11) NOT NULL AUTO_INCREMENT,
  `channel` varchar(255) NOT NULL DEFAULT 'queue',
  `job` longblob NOT NULL,
  `description` text,
  `timePushed` int(11) NOT NULL,
  `ttr` int(11) NOT NULL,
  `delay` int(11) NOT NULL DEFAULT '0',
  `priority` int(11) unsigned NOT NULL DEFAULT '1024',
  `dateReserved` datetime DEFAULT NULL,
  `timeUpdated` int(11) DEFAULT NULL,
  `progress` smallint(6) NOT NULL DEFAULT '0',
  `progressLabel` varchar(255) DEFAULT NULL,
  `attempt` int(11) DEFAULT NULL,
  `fail` tinyint(1) DEFAULT '0',
  `dateFailed` datetime DEFAULT NULL,
  `error` text,
  PRIMARY KEY (`id`),
  KEY `craft_idx_ypvpdgzaulfxrkfccmlsieistsfnrzjkbyjp` (`channel`,`fail`,`timeUpdated`,`timePushed`),
  KEY `craft_idx_dsjurckeodphybksmndyivotsumdbaaejuqc` (`channel`,`fail`,`timeUpdated`,`delay`)
) ENGINE=InnoDB DEFAULT CHARSET=utf8;

--
-- Table structure for table `craft_relations`
--

CREATE TABLE `craft_relations` (
  `id` int(11) NOT NULL AUTO_INCREMENT,
  `fieldId` int(11) NOT NULL,
  `sourceId` int(11) NOT NULL,
  `sourceSiteId` int(11) DEFAULT NULL,
  `targetId` int(11) NOT NULL,
  `sortOrder` smallint(6) unsigned DEFAULT NULL,
  `dateCreated` datetime NOT NULL,
  `dateUpdated` datetime NOT NULL,
  `uid` char(36) NOT NULL DEFAULT '0',
  PRIMARY KEY (`id`),
  UNIQUE KEY `craft_idx_sgplcjlsxcivgvpjetuhtxzdtqldueiowwky` (`fieldId`,`sourceId`,`sourceSiteId`,`targetId`),
  KEY `craft_idx_tccmezznmbgatztnjrjwurkbyfxusxpectdq` (`sourceId`),
  KEY `craft_idx_lbyygpoircfpbckgpwjgpmlpgchmjirixdof` (`targetId`),
  KEY `craft_idx_amsflontctmnmrcuhczbjhtqlrckevwnzowf` (`sourceSiteId`),
  CONSTRAINT `craft_fk_bjguufknbpmvakgvafdziccxcasiezoswfph` FOREIGN KEY (`fieldId`) REFERENCES `craft_fields` (`id`) ON DELETE CASCADE,
  CONSTRAINT `craft_fk_ivpnsweukovwbvvmefwciqjindawtpwniqaf` FOREIGN KEY (`sourceSiteId`) REFERENCES `craft_sites` (`id`) ON DELETE CASCADE ON UPDATE CASCADE,
  CONSTRAINT `craft_fk_kpatdneaaresuafifdpbvfaqtfotilwtmntg` FOREIGN KEY (`sourceId`) REFERENCES `craft_elements` (`id`) ON DELETE CASCADE
) ENGINE=InnoDB DEFAULT CHARSET=utf8;

--
-- Table structure for table `craft_revisions`
--

CREATE TABLE `craft_revisions` (
  `id` int(11) NOT NULL AUTO_INCREMENT,
  `canonicalId` int(11) NOT NULL,
  `creatorId` int(11) DEFAULT NULL,
  `num` int(11) NOT NULL,
  `notes` text,
  PRIMARY KEY (`id`),
  UNIQUE KEY `craft_idx_jkvgodbshxjxjgxyuqbpuxdfokroiorpdkrz` (`canonicalId`,`num`),
  KEY `craft_fk_bsrcdoghrvrvrzxbindpafawzzaeylfyelel` (`creatorId`),
  CONSTRAINT `craft_fk_bsrcdoghrvrvrzxbindpafawzzaeylfyelel` FOREIGN KEY (`creatorId`) REFERENCES `craft_users` (`id`) ON DELETE SET NULL,
  CONSTRAINT `craft_fk_zebhrhsfkxluxctvklhwjfrxgzqlqcyrujpd` FOREIGN KEY (`canonicalId`) REFERENCES `craft_elements` (`id`) ON DELETE CASCADE
) ENGINE=InnoDB AUTO_INCREMENT=6 DEFAULT CHARSET=utf8;

--
-- Table structure for table `craft_searchindex`
--

CREATE TABLE `craft_searchindex` (
  `elementId` int(11) NOT NULL,
  `attribute` varchar(25) NOT NULL,
  `fieldId` int(11) NOT NULL,
  `siteId` int(11) NOT NULL,
  `keywords` text NOT NULL,
  PRIMARY KEY (`elementId`,`attribute`,`fieldId`,`siteId`),
  FULLTEXT KEY `craft_idx_ddqgleaspltxsofeiyvggrktzphmbrseaxez` (`keywords`)
) ENGINE=InnoDB DEFAULT CHARSET=utf8;

--
-- Table structure for table `craft_sections`
--

CREATE TABLE `craft_sections` (
  `id` int(11) NOT NULL AUTO_INCREMENT,
  `structureId` int(11) DEFAULT NULL,
  `name` varchar(255) NOT NULL,
  `handle` varchar(255) NOT NULL,
  `type` enum('single','channel','structure') NOT NULL DEFAULT 'channel',
  `enableVersioning` tinyint(1) NOT NULL DEFAULT '0',
  `propagationMethod` varchar(255) NOT NULL DEFAULT 'all',
  `defaultPlacement` enum('beginning','end') NOT NULL DEFAULT 'end',
  `previewTargets` text,
  `dateCreated` datetime NOT NULL,
  `dateUpdated` datetime NOT NULL,
  `dateDeleted` datetime DEFAULT NULL,
  `uid` char(36) NOT NULL DEFAULT '0',
  PRIMARY KEY (`id`),
  KEY `craft_idx_edlqtefajvurafuwvglsqntygjudrfesbygt` (`handle`),
  KEY `craft_idx_bsakrxwaqjsezhenjbykntyqbwdtuiubveuz` (`name`),
  KEY `craft_idx_qrmrbuggmbnjanklpobwgjlwsetrwbkauapg` (`structureId`),
  KEY `craft_idx_vhmwgruzyoxsjnqseohcitalymksrkgikpgl` (`dateDeleted`),
  CONSTRAINT `craft_fk_kkasrlfzczazeuvezpkfzwworxrknyydpscn` FOREIGN KEY (`structureId`) REFERENCES `craft_structures` (`id`) ON DELETE SET NULL
) ENGINE=InnoDB AUTO_INCREMENT=2 DEFAULT CHARSET=utf8;

--
-- Table structure for table `craft_sections_sites`
--

CREATE TABLE `craft_sections_sites` (
  `id` int(11) NOT NULL AUTO_INCREMENT,
  `sectionId` int(11) NOT NULL,
  `siteId` int(11) NOT NULL,
  `hasUrls` tinyint(1) NOT NULL DEFAULT '1',
  `uriFormat` text,
  `template` varchar(500) DEFAULT NULL,
  `enabledByDefault` tinyint(1) NOT NULL DEFAULT '1',
  `dateCreated` datetime NOT NULL,
  `dateUpdated` datetime NOT NULL,
  `uid` char(36) NOT NULL DEFAULT '0',
  PRIMARY KEY (`id`),
  UNIQUE KEY `craft_idx_ueffljkuvtlufrqlddigxnukrnuwdxujodua` (`sectionId`,`siteId`),
  KEY `craft_idx_myheznjdukxisggjhoprosqxsodmtnbojzwa` (`siteId`),
  CONSTRAINT `craft_fk_sxkwpqdiqvhaknmonzepfyfcjjbctaddicxx` FOREIGN KEY (`sectionId`) REFERENCES `craft_sections` (`id`) ON DELETE CASCADE,
  CONSTRAINT `craft_fk_ulyysfwkabrtpqxmokfrjjermjerbrfktxaq` FOREIGN KEY (`siteId`) REFERENCES `craft_sites` (`id`) ON DELETE CASCADE ON UPDATE CASCADE
) ENGINE=InnoDB AUTO_INCREMENT=2 DEFAULT CHARSET=utf8;

--
-- Table structure for table `craft_sequences`
--

CREATE TABLE `craft_sequences` (
  `name` varchar(255) NOT NULL,
  `next` int(11) unsigned NOT NULL DEFAULT '1',
  PRIMARY KEY (`name`)
) ENGINE=InnoDB DEFAULT CHARSET=utf8;

--
-- Table structure for table `craft_shunnedmessages`
--

CREATE TABLE `craft_shunnedmessages` (
  `id` int(11) NOT NULL AUTO_INCREMENT,
  `userId` int(11) NOT NULL,
  `message` varchar(255) NOT NULL,
  `expiryDate` datetime DEFAULT NULL,
  `dateCreated` datetime NOT NULL,
  `dateUpdated` datetime NOT NULL,
  `uid` char(36) NOT NULL DEFAULT '0',
  PRIMARY KEY (`id`),
  UNIQUE KEY `craft_idx_fwtbswgryqogixiwyfmhunhdfszkxqejmatk` (`userId`,`message`),
  CONSTRAINT `craft_fk_idylqsnaailhfrubzugrqrzwnulykhdckoow` FOREIGN KEY (`userId`) REFERENCES `craft_users` (`id`) ON DELETE CASCADE
) ENGINE=InnoDB DEFAULT CHARSET=utf8;

--
-- Table structure for table `craft_sitegroups`
--

CREATE TABLE `craft_sitegroups` (
  `id` int(11) NOT NULL AUTO_INCREMENT,
  `name` varchar(255) NOT NULL,
  `dateCreated` datetime NOT NULL,
  `dateUpdated` datetime NOT NULL,
  `dateDeleted` datetime DEFAULT NULL,
  `uid` char(36) NOT NULL DEFAULT '0',
  PRIMARY KEY (`id`),
  KEY `craft_idx_wfiahpjxgvtxetlelbimsyhsgmhjaifejamk` (`name`)
) ENGINE=InnoDB AUTO_INCREMENT=2 DEFAULT CHARSET=utf8;

--
-- Table structure for table `craft_sites`
--

CREATE TABLE `craft_sites` (
  `id` int(11) NOT NULL AUTO_INCREMENT,
  `groupId` int(11) NOT NULL,
  `primary` tinyint(1) NOT NULL,
  `enabled` varchar(255) NOT NULL DEFAULT 'true',
  `name` varchar(255) NOT NULL,
  `handle` varchar(255) NOT NULL,
  `language` varchar(12) NOT NULL,
  `hasUrls` tinyint(1) NOT NULL DEFAULT '0',
  `baseUrl` varchar(255) DEFAULT NULL,
  `sortOrder` smallint(6) unsigned DEFAULT NULL,
  `dateCreated` datetime NOT NULL,
  `dateUpdated` datetime NOT NULL,
  `dateDeleted` datetime DEFAULT NULL,
  `uid` char(36) NOT NULL DEFAULT '0',
  PRIMARY KEY (`id`),
  KEY `craft_idx_eekzkrqbujimxelrloteixignntfntntyauk` (`dateDeleted`),
  KEY `craft_idx_vnhzgztbdpoyqoohwwpybxojwrjkzhkvaeqo` (`handle`),
  KEY `craft_idx_ilthocwsfwlrdusjkzsekrogmxixmxqfsfqp` (`sortOrder`),
  KEY `craft_fk_yzunypkbvwaikgiipwajhuprlzrkeicbxdvo` (`groupId`),
  CONSTRAINT `craft_fk_yzunypkbvwaikgiipwajhuprlzrkeicbxdvo` FOREIGN KEY (`groupId`) REFERENCES `craft_sitegroups` (`id`) ON DELETE CASCADE
) ENGINE=InnoDB AUTO_INCREMENT=2 DEFAULT CHARSET=utf8;

--
-- Table structure for table `craft_structureelements`
--

CREATE TABLE `craft_structureelements` (
  `id` int(11) NOT NULL AUTO_INCREMENT,
  `structureId` int(11) NOT NULL,
  `elementId` int(11) DEFAULT NULL,
  `root` int(11) unsigned DEFAULT NULL,
  `lft` int(11) unsigned NOT NULL,
  `rgt` int(11) unsigned NOT NULL,
  `level` smallint(6) unsigned NOT NULL,
  `dateCreated` datetime NOT NULL,
  `dateUpdated` datetime NOT NULL,
  `uid` char(36) NOT NULL DEFAULT '0',
  PRIMARY KEY (`id`),
  UNIQUE KEY `craft_idx_pztmcdxwetjufoclhgailqhvgddynyfompzk` (`structureId`,`elementId`),
  KEY `craft_idx_qqcovfofltfhvttevcywvaolhipzbcqoyltv` (`root`),
  KEY `craft_idx_gnssnqhshjqbnzzrejjhkyktexuvelvoouxh` (`lft`),
  KEY `craft_idx_dnrcbhsudtrhctzlfrylponltchvtixjldxr` (`rgt`),
  KEY `craft_idx_nhbniextbtncmuknkzjluozpegfytetfbcop` (`level`),
  KEY `craft_idx_rtkmfbzqcbqutbnujkrikxaewrxygxzqyqry` (`elementId`),
  CONSTRAINT `craft_fk_wzfwrfbtccchroonushwkekkslnemynntpds` FOREIGN KEY (`structureId`) REFERENCES `craft_structures` (`id`) ON DELETE CASCADE
) ENGINE=InnoDB DEFAULT CHARSET=utf8;

--
-- Table structure for table `craft_structures`
--

CREATE TABLE `craft_structures` (
  `id` int(11) NOT NULL AUTO_INCREMENT,
  `maxLevels` smallint(6) unsigned DEFAULT NULL,
  `dateCreated` datetime NOT NULL,
  `dateUpdated` datetime NOT NULL,
  `dateDeleted` datetime DEFAULT NULL,
  `uid` char(36) NOT NULL DEFAULT '0',
  PRIMARY KEY (`id`),
  KEY `craft_idx_gigqbenwqbgxkipckvzxlnxhbxymdddhhivs` (`dateDeleted`)
) ENGINE=InnoDB DEFAULT CHARSET=utf8;

--
-- Table structure for table `craft_supertableblocks`
--

CREATE TABLE `craft_supertableblocks` (
  `id` int(11) NOT NULL,
  `primaryOwnerId` int(11) NOT NULL,
  `fieldId` int(11) NOT NULL,
  `typeId` int(11) NOT NULL,
  `deletedWithOwner` tinyint(1) DEFAULT NULL,
  `dateCreated` datetime NOT NULL,
  `dateUpdated` datetime NOT NULL,
  PRIMARY KEY (`id`),
  KEY `craft_idx_hmoepwbofmjppmxqhhwpbydqcnxzkwleulnr` (`primaryOwnerId`),
  KEY `craft_idx_ecozcguxcppoqfuqejxmpavtwwefdwawurix` (`fieldId`),
  KEY `craft_idx_sdprwyyeldlpgtajpkuwvyeztamwlilfexrd` (`typeId`),
  CONSTRAINT `craft_fk_darlqtsainpiqmuaalmygpczfstyzpcrmnie` FOREIGN KEY (`id`) REFERENCES `craft_elements` (`id`) ON DELETE CASCADE,
  CONSTRAINT `craft_fk_jzhwjyhjjxezxbrzjnjqbwhysypvsqlktdaq` FOREIGN KEY (`typeId`) REFERENCES `craft_supertableblocktypes` (`id`) ON DELETE CASCADE,
  CONSTRAINT `craft_fk_vrozuliddfrlrxpvnezqxugqhvcmyuhsfkvp` FOREIGN KEY (`fieldId`) REFERENCES `craft_fields` (`id`) ON DELETE CASCADE,
  CONSTRAINT `craft_fk_wjlcpvlrcymlriflicaffhtqapiufaofoplv` FOREIGN KEY (`primaryOwnerId`) REFERENCES `craft_elements` (`id`) ON DELETE CASCADE
) ENGINE=InnoDB DEFAULT CHARSET=utf8;

--
-- Table structure for table `craft_supertableblocks_owners`
--

CREATE TABLE `craft_supertableblocks_owners` (
  `blockId` int(11) NOT NULL,
  `ownerId` int(11) NOT NULL,
  `sortOrder` smallint(6) unsigned NOT NULL,
  PRIMARY KEY (`blockId`,`ownerId`),
  KEY `craft_fk_toahethxddudbuukvlvsqqxbumhkoskbamsk` (`ownerId`),
  CONSTRAINT `craft_fk_pwplsxrwhbagkrhbwemvwhkjammosowauypx` FOREIGN KEY (`blockId`) REFERENCES `craft_supertableblocks` (`id`) ON DELETE CASCADE,
  CONSTRAINT `craft_fk_toahethxddudbuukvlvsqqxbumhkoskbamsk` FOREIGN KEY (`ownerId`) REFERENCES `craft_elements` (`id`) ON DELETE CASCADE
) ENGINE=InnoDB DEFAULT CHARSET=utf8;

--
-- Table structure for table `craft_supertableblocktypes`
--

CREATE TABLE `craft_supertableblocktypes` (
  `id` int(11) NOT NULL AUTO_INCREMENT,
  `fieldId` int(11) NOT NULL,
  `fieldLayoutId` int(11) DEFAULT NULL,
  `dateCreated` datetime NOT NULL,
  `dateUpdated` datetime NOT NULL,
  `uid` char(36) NOT NULL DEFAULT '0',
  PRIMARY KEY (`id`),
  KEY `craft_idx_jenarlmqtorojjcmovttxglaycycgxnnccer` (`fieldId`),
  KEY `craft_idx_lrhqnitobsaaylyrataqlathhfkwykraoezk` (`fieldLayoutId`),
  CONSTRAINT `craft_fk_blizvhosiaagsvkxmumotghxregwdncwiael` FOREIGN KEY (`fieldId`) REFERENCES `craft_fields` (`id`) ON DELETE CASCADE,
  CONSTRAINT `craft_fk_vyzjiudwlxsqmxkjyuvsahitiohnmsxxhkve` FOREIGN KEY (`fieldLayoutId`) REFERENCES `craft_fieldlayouts` (`id`) ON DELETE SET NULL
) ENGINE=InnoDB DEFAULT CHARSET=utf8;

--
-- Table structure for table `craft_taggroups`
--

CREATE TABLE `craft_taggroups` (
  `id` int(11) NOT NULL AUTO_INCREMENT,
  `name` varchar(255) NOT NULL,
  `handle` varchar(255) NOT NULL,
  `fieldLayoutId` int(11) DEFAULT NULL,
  `dateCreated` datetime NOT NULL,
  `dateUpdated` datetime NOT NULL,
  `dateDeleted` datetime DEFAULT NULL,
  `uid` char(36) NOT NULL DEFAULT '0',
  PRIMARY KEY (`id`),
  KEY `craft_idx_vglczdcelorkpynmrxsymmowafeevdyygbgu` (`name`),
  KEY `craft_idx_ohpmnoliyhktvwmqpuvgwxcmsqpyykpfedib` (`handle`),
  KEY `craft_idx_yyhvvzivpcjdjtsbwdqhceegfmfpphutbife` (`dateDeleted`),
  KEY `craft_fk_sokrajeyszjxpwwcoxdmuqgeyjfsczbrijeq` (`fieldLayoutId`),
  CONSTRAINT `craft_fk_sokrajeyszjxpwwcoxdmuqgeyjfsczbrijeq` FOREIGN KEY (`fieldLayoutId`) REFERENCES `craft_fieldlayouts` (`id`) ON DELETE SET NULL
) ENGINE=InnoDB DEFAULT CHARSET=utf8;

--
-- Table structure for table `craft_tags`
--

CREATE TABLE `craft_tags` (
  `id` int(11) NOT NULL,
  `groupId` int(11) NOT NULL,
  `deletedWithGroup` tinyint(1) DEFAULT NULL,
  `dateCreated` datetime NOT NULL,
  `dateUpdated` datetime NOT NULL,
  PRIMARY KEY (`id`),
  KEY `craft_idx_wswxevbtbzpkmmtexiumyughzsyjzsltktzt` (`groupId`),
  CONSTRAINT `craft_fk_czvmhfvkzfupmsvbsfpexvczwnbhthaccavn` FOREIGN KEY (`groupId`) REFERENCES `craft_taggroups` (`id`) ON DELETE CASCADE,
  CONSTRAINT `craft_fk_ttrtvhcafvotegjfbdqkzmehnegxdxqqiktk` FOREIGN KEY (`id`) REFERENCES `craft_elements` (`id`) ON DELETE CASCADE
) ENGINE=InnoDB DEFAULT CHARSET=utf8;

--
-- Table structure for table `craft_usergroups`
--

CREATE TABLE `craft_usergroups` (
  `id` int(11) NOT NULL AUTO_INCREMENT,
  `name` varchar(255) NOT NULL,
  `handle` varchar(255) NOT NULL,
  `description` text,
  `dateCreated` datetime NOT NULL,
  `dateUpdated` datetime NOT NULL,
  `uid` char(36) NOT NULL DEFAULT '0',
  PRIMARY KEY (`id`),
  KEY `craft_idx_clkhwmrkbmsidxnncgkemiprbevkykfjpahi` (`handle`),
  KEY `craft_idx_dpltrrdpccnjzsxjwqyeyrkgxrtudvlszsbk` (`name`)
) ENGINE=InnoDB AUTO_INCREMENT=2 DEFAULT CHARSET=utf8;

--
-- Table structure for table `craft_usergroups_users`
--

CREATE TABLE `craft_usergroups_users` (
  `id` int(11) NOT NULL AUTO_INCREMENT,
  `groupId` int(11) NOT NULL,
  `userId` int(11) NOT NULL,
  `dateCreated` datetime NOT NULL,
  `dateUpdated` datetime NOT NULL,
  `uid` char(36) NOT NULL DEFAULT '0',
  PRIMARY KEY (`id`),
  UNIQUE KEY `craft_idx_lmufehsrfotbnijgsbukgpmbwnfnjtrqmsrt` (`groupId`,`userId`),
  KEY `craft_idx_iowknyiginfogfztfuimhoclhzmpucovowpl` (`userId`),
  CONSTRAINT `craft_fk_iyagnmapaqiehtpxsmlhamsijqdvlwbzsoxg` FOREIGN KEY (`userId`) REFERENCES `craft_users` (`id`) ON DELETE CASCADE,
  CONSTRAINT `craft_fk_tsyghdpyfhsfhkvkidcvtyoiiljjgeyyiphw` FOREIGN KEY (`groupId`) REFERENCES `craft_usergroups` (`id`) ON DELETE CASCADE
) ENGINE=InnoDB AUTO_INCREMENT=2 DEFAULT CHARSET=utf8;

--
-- Table structure for table `craft_userpermissions`
--

CREATE TABLE `craft_userpermissions` (
  `id` int(11) NOT NULL AUTO_INCREMENT,
  `name` varchar(255) NOT NULL,
  `dateCreated` datetime NOT NULL,
  `dateUpdated` datetime NOT NULL,
  `uid` char(36) NOT NULL DEFAULT '0',
  PRIMARY KEY (`id`),
  UNIQUE KEY `craft_idx_wizhszalmqpsaphdinsbqgywanwurubklcqk` (`name`)
) ENGINE=InnoDB DEFAULT CHARSET=utf8;

--
-- Table structure for table `craft_userpermissions_usergroups`
--

CREATE TABLE `craft_userpermissions_usergroups` (
  `id` int(11) NOT NULL AUTO_INCREMENT,
  `permissionId` int(11) NOT NULL,
  `groupId` int(11) NOT NULL,
  `dateCreated` datetime NOT NULL,
  `dateUpdated` datetime NOT NULL,
  `uid` char(36) NOT NULL DEFAULT '0',
  PRIMARY KEY (`id`),
  UNIQUE KEY `craft_idx_ymqxnsmafwqowjcuaennfhtuxhkublddzysl` (`permissionId`,`groupId`),
  KEY `craft_idx_ndzhuupixxrpxmwxiljhjtnqgvlslmpkrker` (`groupId`),
  CONSTRAINT `craft_fk_miaagfzlzurakwbwpfbpwcgspwmdagxpnsby` FOREIGN KEY (`permissionId`) REFERENCES `craft_userpermissions` (`id`) ON DELETE CASCADE,
  CONSTRAINT `craft_fk_uakdzcnlitsspfmbvivwwiyxmrsfgxenrnrf` FOREIGN KEY (`groupId`) REFERENCES `craft_usergroups` (`id`) ON DELETE CASCADE
) ENGINE=InnoDB DEFAULT CHARSET=utf8;

--
-- Table structure for table `craft_userpermissions_users`
--

CREATE TABLE `craft_userpermissions_users` (
  `id` int(11) NOT NULL AUTO_INCREMENT,
  `permissionId` int(11) NOT NULL,
  `userId` int(11) NOT NULL,
  `dateCreated` datetime NOT NULL,
  `dateUpdated` datetime NOT NULL,
  `uid` char(36) NOT NULL DEFAULT '0',
  PRIMARY KEY (`id`),
  UNIQUE KEY `craft_idx_klryjeftpiwajknwwtocsptzczdffyiyuekq` (`permissionId`,`userId`),
  KEY `craft_idx_fuphoxxqugvsaijkcrvxhjggrivflbkjqvpn` (`userId`),
  CONSTRAINT `craft_fk_ifnshuprcxfmezormpzkwydrtnzeptsewrhq` FOREIGN KEY (`permissionId`) REFERENCES `craft_userpermissions` (`id`) ON DELETE CASCADE,
  CONSTRAINT `craft_fk_sczidwuwzvbijtidtvcjlyhqmqcvxohjzidk` FOREIGN KEY (`userId`) REFERENCES `craft_users` (`id`) ON DELETE CASCADE
) ENGINE=InnoDB DEFAULT CHARSET=utf8;

--
-- Table structure for table `craft_userpreferences`
--

CREATE TABLE `craft_userpreferences` (
  `userId` int(11) NOT NULL AUTO_INCREMENT,
  `preferences` text,
  PRIMARY KEY (`userId`),
  CONSTRAINT `craft_fk_disatfsnexxpyjjggvliskloqlskljcqlfrc` FOREIGN KEY (`userId`) REFERENCES `craft_users` (`id`) ON DELETE CASCADE
) ENGINE=InnoDB AUTO_INCREMENT=2 DEFAULT CHARSET=utf8;

--
-- Table structure for table `craft_volumefolders`
--

CREATE TABLE `craft_volumefolders` (
  `id` int(11) NOT NULL AUTO_INCREMENT,
  `parentId` int(11) DEFAULT NULL,
  `volumeId` int(11) DEFAULT NULL,
  `name` varchar(255) NOT NULL,
  `path` varchar(255) DEFAULT NULL,
  `dateCreated` datetime NOT NULL,
  `dateUpdated` datetime NOT NULL,
  `uid` char(36) NOT NULL DEFAULT '0',
  PRIMARY KEY (`id`),
  UNIQUE KEY `craft_idx_dmmcspgyjrtzdjhcktxzskzsamqbyjxterdc` (`name`,`parentId`,`volumeId`),
  KEY `craft_idx_yhxgdgmyvyhgvazkmmkleaiduwgmumlawfze` (`parentId`),
  KEY `craft_idx_akymotesmxkdoiujsakazplbeyshglcdcqlm` (`volumeId`),
  CONSTRAINT `craft_fk_hrxvlpwjxqplgrwphumcucgguyzkqgoaobyl` FOREIGN KEY (`volumeId`) REFERENCES `craft_volumes` (`id`) ON DELETE CASCADE,
  CONSTRAINT `craft_fk_sdcdofwhvdpnspnfsqkpngnuqobdhpvbphot` FOREIGN KEY (`parentId`) REFERENCES `craft_volumefolders` (`id`) ON DELETE CASCADE
) ENGINE=InnoDB AUTO_INCREMENT=2 DEFAULT CHARSET=utf8;

--
-- Table structure for table `craft_volumes`
--

CREATE TABLE `craft_volumes` (
  `id` int(11) NOT NULL AUTO_INCREMENT,
  `fieldLayoutId` int(11) DEFAULT NULL,
  `name` varchar(255) NOT NULL,
  `handle` varchar(255) NOT NULL,
  `fs` varchar(255) NOT NULL,
  `transformFs` varchar(255) DEFAULT NULL,
  `transformSubpath` varchar(255) DEFAULT NULL,
  `titleTranslationMethod` varchar(255) NOT NULL DEFAULT 'site',
  `titleTranslationKeyFormat` text,
  `sortOrder` smallint(6) unsigned DEFAULT NULL,
  `dateCreated` datetime NOT NULL,
  `dateUpdated` datetime NOT NULL,
  `dateDeleted` datetime DEFAULT NULL,
  `uid` char(36) NOT NULL DEFAULT '0',
  PRIMARY KEY (`id`),
  KEY `craft_idx_fpvruivwkldyikukvtstltntvemillohrwbv` (`name`),
  KEY `craft_idx_wsqallupgghfawxcsjgvblwrwehixoldirhs` (`handle`),
  KEY `craft_idx_djvifxgqckmahscsltlkzvxkqmdfrbimdpjt` (`fieldLayoutId`),
  KEY `craft_idx_oaeeoxglcppwxhwrnxhgkrvvuxsdjobbxwlk` (`dateDeleted`),
  CONSTRAINT `craft_fk_zpsfeuburmlkhtbzvnytvmnwcjakxqmvpjrx` FOREIGN KEY (`fieldLayoutId`) REFERENCES `craft_fieldlayouts` (`id`) ON DELETE SET NULL
) ENGINE=InnoDB AUTO_INCREMENT=2 DEFAULT CHARSET=utf8;

--
-- Table structure for table `craft_widgets`
--

CREATE TABLE `craft_widgets` (
  `id` int(11) NOT NULL AUTO_INCREMENT,
  `userId` int(11) NOT NULL,
  `type` varchar(255) NOT NULL,
  `sortOrder` smallint(6) unsigned DEFAULT NULL,
  `colspan` tinyint(3) DEFAULT NULL,
  `settings` text,
  `enabled` tinyint(1) NOT NULL DEFAULT '1',
  `dateCreated` datetime NOT NULL,
  `dateUpdated` datetime NOT NULL,
  `uid` char(36) NOT NULL DEFAULT '0',
  PRIMARY KEY (`id`),
  KEY `craft_idx_bcexitpbkkpyrvzsfypcukeqgcgxotbquzie` (`userId`),
  CONSTRAINT `craft_fk_wcoaxlsveazhweroxepuomyxexwwuocjnifq` FOREIGN KEY (`userId`) REFERENCES `craft_users` (`id`) ON DELETE CASCADE
) ENGINE=InnoDB AUTO_INCREMENT=5 DEFAULT CHARSET=utf8;

--
-- Dumping routines for database 'hjhs'
--


--
-- Host: 127.0.0.1    Database: hjhs
-- ------------------------------------------------------


--
-- Dumping data for table `craft_addresses`
--

set autocommit=0;
commit;

--
-- Dumping data for table `craft_announcements`
--

set autocommit=0;
commit;

--
-- Dumping data for table `craft_assetindexingsessions`
--

set autocommit=0;
commit;

--
-- Dumping data for table `craft_assets`
--

set autocommit=0;
commit;

--
-- Dumping data for table `craft_categories`
--

set autocommit=0;
commit;

--
-- Dumping data for table `craft_categorygroups`
--

set autocommit=0;
commit;

--
-- Dumping data for table `craft_categorygroups_sites`
--

set autocommit=0;
commit;

--
-- Dumping data for table `craft_changedattributes`
--

set autocommit=0;
INSERT INTO `craft_changedattributes` VALUES (1,1,'fieldLayoutId','2023-08-30 07:35:14',0,1),(1,1,'fullName','2023-08-31 00:07:13',0,1),(2,1,'title','2023-08-29 07:49:33',0,1);
commit;

--
-- Dumping data for table `craft_changedfields`
--

set autocommit=0;
INSERT INTO `craft_changedfields` VALUES (1,1,8,'2023-08-31 00:07:13',0,1),(2,1,1,'2023-08-29 07:49:33',0,1),(2,1,2,'2023-08-29 07:49:33',0,1);
commit;

--
-- Dumping data for table `craft_content`
--

set autocommit=0;
INSERT INTO `craft_content` VALUES (1,1,1,NULL,'2023-08-29 01:29:40','2023-08-31 00:07:13','3efc2041-dd52-495e-9e6c-41b7acdf56c0',NULL,NULL,NULL,NULL,NULL,NULL,NULL,1,NULL,NULL,NULL,NULL,NULL,NULL,NULL,NULL,NULL,NULL,NULL,NULL,NULL,NULL,NULL,NULL,NULL,NULL,NULL,NULL,NULL,NULL,NULL,NULL,NULL,NULL,NULL,NULL,NULL),(2,2,1,'Hemophilia Joint Health Score','2023-08-29 07:41:23','2023-08-29 07:49:33','76830de6-4c24-4532-a8a6-1acf630c33f1','Welcome to the Hemophilia Joint Health Score (HJHS)','<p>Descriptor text. Lorem Ipsum is simply dummy text of the printing and typesetting industry. Lorem Ipsum has been the industry\'s standard dummy text ever since the 1500s.</p>',NULL,NULL,NULL,NULL,NULL,NULL,NULL,NULL,NULL,NULL,NULL,NULL,NULL,NULL,NULL,NULL,NULL,NULL,NULL,NULL,NULL,NULL,NULL,NULL,NULL,NULL,NULL,NULL,NULL,NULL,NULL,NULL,NULL,NULL,NULL),(3,3,1,'Home','2023-08-29 07:41:23','2023-08-29 07:41:23','2740358f-fc15-4259-b5f1-102b00da0860',NULL,NULL,NULL,NULL,NULL,NULL,NULL,NULL,NULL,NULL,NULL,NULL,NULL,NULL,NULL,NULL,NULL,NULL,NULL,NULL,NULL,NULL,NULL,NULL,NULL,NULL,NULL,NULL,NULL,NULL,NULL,NULL,NULL,NULL,NULL,NULL,NULL),(4,4,1,'Home','2023-08-29 07:41:23','2023-08-29 07:41:23','fb9c2c69-ddd1-4e8e-a6be-e81e169f4099',NULL,NULL,NULL,NULL,NULL,NULL,NULL,NULL,NULL,NULL,NULL,NULL,NULL,NULL,NULL,NULL,NULL,NULL,NULL,NULL,NULL,NULL,NULL,NULL,NULL,NULL,NULL,NULL,NULL,NULL,NULL,NULL,NULL,NULL,NULL,NULL,NULL),(5,5,1,'Home','2023-08-29 07:44:20','2023-08-29 07:44:20','d6d1384d-61a1-4c4d-ac1b-263797cd4288',NULL,NULL,NULL,NULL,NULL,NULL,NULL,NULL,NULL,NULL,NULL,NULL,NULL,NULL,NULL,NULL,NULL,NULL,NULL,NULL,NULL,NULL,NULL,NULL,NULL,NULL,NULL,NULL,NULL,NULL,NULL,NULL,NULL,NULL,NULL,NULL,NULL),(6,6,1,'Home','2023-08-29 07:48:16','2023-08-29 07:48:16','c14664d4-3020-4cac-b113-6f5b5e143b6e',NULL,NULL,NULL,NULL,NULL,NULL,NULL,NULL,NULL,NULL,NULL,NULL,NULL,NULL,NULL,NULL,NULL,NULL,NULL,NULL,NULL,NULL,NULL,NULL,NULL,NULL,NULL,NULL,NULL,NULL,NULL,NULL,NULL,NULL,NULL,NULL,NULL),(8,8,1,'Hemophilia Joint Health Score','2023-08-29 07:49:33','2023-08-29 07:49:33','3282454f-2df5-4a0d-9c84-f5bb87964ff8','Welcome to the Hemophilia Joint Health Score (HJHS)','<p>Descriptor text. Lorem Ipsum is simply dummy text of the printing and typesetting industry. Lorem Ipsum has been the industry\'s standard dummy text ever since the 1500s.</p>',NULL,NULL,NULL,NULL,NULL,NULL,NULL,NULL,NULL,NULL,NULL,NULL,NULL,NULL,NULL,NULL,NULL,NULL,NULL,NULL,NULL,NULL,NULL,NULL,NULL,NULL,NULL,NULL,NULL,NULL,NULL,NULL,NULL,NULL,NULL),(9,9,1,NULL,'2023-08-30 05:34:02','2023-09-11 02:03:40','593ae4c2-a078-4579-93fb-566a0960102b',NULL,NULL,'Please note: this tool will not save your data','<p><strong>Your session data will be saved only temporarily in your browser if you close your window during the assessment without saving.</strong></p>\n<p>If you need to pause the assessment and resume later, make sure to save the your progress first by clicking the “Save Assessment” button and downloading a Spreadsheet (CSV) file. You will be able to reload this data into the tool once you are ready to resume the assessment.</p>','<p><strong><em>Why can’t this tool save my data?</em></strong></p>\n<p>We hope to get there one day! Privacy regulations around saving personal health information vary from country to country, and complying with all of those different sets of regulations is big challenge. For the time being at least, we’ve chosen to stay compliant by not saving any patient information on our servers at all.</p>','Don’t show this message again','Ok, got it.',NULL,'Has the patient experienced an acute joint or muscle bleed in the last 2 weeks?','<p>Following an acute joint or muscle bleed, we recommend that the HJHS not be performed until signs and symptoms of the bleed have subsided. <strong>Our recommendation is to NOT perform a full HJHS evaluation within at least 2 weeks of an acute bleed. </strong></p>\n<p>Please note that this period of time may need to be extended if a bleed was not recognized and treated promptly.</p>','Recent joint or muscle bleeds','Missing Scores','<p>The HJHS has been tested for reliability and validity in its integral, complete version. If any items are omitted or modified, we cannot ensure the reliability and validity of the modified score’s results.</p>\n<p>When <strong>non-evaluable</strong> items are introduced and calculated into the HJHS score, that item and the total HJHS score will be “modified” when compared to the original HJHS reliability and validity testing. As such it is recommended that any non-evaluable scores be clearly identified as such and not left incomplete.</p>',NULL,NULL,NULL,NULL,NULL,NULL,NULL,NULL,NULL,NULL,NULL,NULL,NULL,NULL,NULL,NULL,NULL,NULL,NULL,NULL,NULL,NULL,NULL,NULL),(10,10,1,NULL,'2023-09-12 05:19:38','2023-09-12 05:42:53','b57ac799-71fe-44fc-b6fb-a61d73fdb634',NULL,NULL,NULL,NULL,NULL,NULL,NULL,NULL,NULL,NULL,NULL,NULL,NULL,'Swelling','<p>Lorem ipsum dolor sit amet, consectetur adipiscing elit, sed do eiusmod tempor incididunt ut labore et dolore magna aliqua. Ut enim ad minim veniam, quis nostrud exercitation ullamco laboris nisi ut aliquip ex ea commodo consequat. Duis aute irure dolor in reprehenderit in voluptate velit esse cillum dolore eu fugiat nulla pariatur. Excepteur sint occaecat cupidatat non proident, sunt in culpa qui officia deserunt mollit anim id est laborum.</p>','<p>Lorem ipsum dolor sit amet, consectetur adipiscing elit, sed do eiusmod tempor incididunt ut labore et dolore magna aliqua. Ut enim ad minim veniam, quis nostrud exercitation ullamco laboris nisi ut aliquip ex ea commodo consequat. Duis aute irure dolor in reprehenderit in voluptate velit esse cillum dolore eu fugiat nulla pariatur. Excepteur sint occaecat cupidatat non proident, sunt in culpa qui officia deserunt mollit anim id est laborum.</p>','Lorem ipsum','<p>Lorem ipsum dolor sit amet, consectetur adipiscing elit, sed do eiusmod tempor incididunt ut labore et dolore magna aliqua. Ut enim ad minim veniam, quis nostrud exercitation ullamco laboris nisi ut aliquip ex ea commodo consequat. Duis aute irure dolor in reprehenderit in voluptate velit esse cillum dolore eu fugiat nulla pariatur. Excepteur sint occaecat cupidatat non proident, sunt in culpa qui officia deserunt mollit anim id est laborum.</p>','Lorem ipsum','<p>Lorem ipsum dolor sit amet, consectetur adipiscing elit, sed do eiusmod tempor incididunt ut labore et dolore magna aliqua. Ut enim ad minim veniam, quis nostrud exercitation ullamco laboris nisi ut aliquip ex ea commodo consequat. Duis aute irure dolor in reprehenderit in voluptate velit esse cillum dolore eu fugiat nulla pariatur. Excepteur sint occaecat cupidatat non proident, sunt in culpa qui officia deserunt mollit anim id est laborum.</p>','Lorem ipsum','<p>Lorem ipsum dolor sit amet, consectetur adipiscing elit, sed do eiusmod tempor incididunt ut labore et dolore magna aliqua. Ut enim ad minim veniam, quis nostrud exercitation ullamco laboris nisi ut aliquip ex ea commodo consequat. Duis aute irure dolor in reprehenderit in voluptate velit esse cillum dolore eu fugiat nulla pariatur. Excepteur sint occaecat cupidatat non proident, sunt in culpa qui officia deserunt mollit anim id est laborum.</p>','Lorem ipsum','<p>Strength will be assessed using the Daniels &amp; Worthingham’s 5-point scale. (Please refer to pages 12-20 of the HJHS Instruction Manual for a complete description of each grade.)</p>\n<p>Since it is practically impossible to get an accurate muscle test on a young patient and ther would be virtually no validity to the test, we are limited to trying to keep this part of the assessment very simple and base. In order to do this we have narrowed the muscle strength section to just 5 criteria. Each identified muscle group should be strength tested and recorded. Since the patient’s effort on the first test may be lessened to due to not completely understanding the instructions or the last test due to fatigue or boredom, it is recommended that each test be repeated 3 times and that the best effort be recorded.</p>\n<p>Since all the joints move in more than one direction, the direction that is given the WEAKEST grade is used to determine</p>','Assessing Strength','<p>Lorem ipsum dolor sit amet, consectetur adipiscing elit, sed do eiusmod tempor incididunt ut labore et dolore magna aliqua. Ut enim ad minim veniam, quis nostrud exercitation ullamco laboris nisi ut aliquip ex ea commodo consequat. Duis aute irure dolor in reprehenderit in voluptate velit esse cillum dolore eu fugiat nulla pariatur. Excepteur sint occaecat cupidatat non proident, sunt in culpa qui officia deserunt mollit anim id est laborum.</p>','Lorem ipsum','<p>Lorem ipsum dolor sit amet, consectetur adipiscing elit, sed do eiusmod tempor incididunt ut labore et dolore magna aliqua. Ut enim ad minim veniam, quis nostrud exercitation ullamco laboris nisi ut aliquip ex ea commodo consequat. Duis aute irure dolor in reprehenderit in voluptate velit esse cillum dolore eu fugiat nulla pariatur. Excepteur sint occaecat cupidatat non proident, sunt in culpa qui officia deserunt mollit anim id est laborum.</p>','Lorem ipsum',1,1,1,1,1,1,1,1);
commit;
set autocommit=0;
commit;
set autocommit=0;
commit;

--
-- Dumping data for table `craft_drafts`
--

set autocommit=0;
commit;

--
-- Dumping data for table `craft_elementactivity`
--

set autocommit=0;
commit;

--
-- Dumping data for table `craft_elements`
--

set autocommit=0;
INSERT INTO `craft_elements` VALUES (1,NULL,NULL,NULL,4,'craft\\elements\\User',1,0,'2023-08-29 01:29:40','2023-08-31 00:07:13',NULL,NULL,'ef41f438-cece-4d96-9b63-f52c89264f9c'),(2,NULL,NULL,NULL,1,'craft\\elements\\Entry',1,0,'2023-08-29 07:41:23','2023-08-29 07:49:33',NULL,NULL,'38316af3-9d6c-4c6b-8043-7747d6a36fd0'),(3,2,NULL,1,1,'craft\\elements\\Entry',1,0,'2023-08-29 07:41:23','2023-08-29 07:41:23',NULL,NULL,'b531ca1f-4f82-44b7-85e3-a6df4f8401dc'),(4,2,NULL,2,1,'craft\\elements\\Entry',1,0,'2023-08-29 07:41:23','2023-08-29 07:41:23',NULL,NULL,'2e7dda98-aacb-4d07-9c60-7f456941ca2c'),(5,2,NULL,3,1,'craft\\elements\\Entry',1,0,'2023-08-29 07:44:20','2023-08-29 07:44:20',NULL,NULL,'4a1c4dd7-79aa-4117-ad90-2a23ab01bc64'),(6,2,NULL,4,1,'craft\\elements\\Entry',1,0,'2023-08-29 07:48:16','2023-08-29 07:48:16',NULL,NULL,'15f6dc79-531a-44aa-9cf7-77b7fb622965'),(8,2,NULL,5,1,'craft\\elements\\Entry',1,0,'2023-08-29 07:49:33','2023-08-29 07:49:33',NULL,NULL,'d6f32796-23e4-478a-a6f0-aa2e964e3c2f'),(9,NULL,NULL,NULL,2,'craft\\elements\\GlobalSet',1,0,'2023-08-30 05:34:02','2023-09-11 02:03:40',NULL,NULL,'b22258ed-ca1d-4fc8-8cb4-80069f29c18e'),(10,NULL,NULL,NULL,5,'craft\\elements\\GlobalSet',1,0,'2023-09-12 05:19:38','2023-09-12 05:42:53',NULL,NULL,'6e37d80f-4f8c-408c-be18-00050d5f3b2c');
commit;

--
-- Dumping data for table `craft_elements_sites`
--

set autocommit=0;
INSERT INTO `craft_elements_sites` VALUES (1,1,1,NULL,NULL,1,'2023-08-29 01:29:40','2023-08-29 01:29:40','69a43d8f-3a30-41a6-a4e0-60b65b47c1ac'),(2,2,1,'home','__home__',1,'2023-08-29 07:41:23','2023-08-29 07:41:23','f2759513-c985-4640-bc05-24fc873a09c1'),(3,3,1,'home','__home__',1,'2023-08-29 07:41:23','2023-08-29 07:41:23','1a706251-8f0b-415f-aec4-73fcf91aaa99'),(4,4,1,'home','__home__',1,'2023-08-29 07:41:23','2023-08-29 07:41:23','90794780-0d99-4c01-afda-f066c97bbc5e'),(5,5,1,'home','__home__',1,'2023-08-29 07:44:20','2023-08-29 07:44:20','e7bb0f81-44b0-4cf9-8fe2-7e56336a1498'),(6,6,1,'home','__home__',1,'2023-08-29 07:48:16','2023-08-29 07:48:16','346f06da-bc37-471d-9937-dac1f13c096a'),(8,8,1,'home','__home__',1,'2023-08-29 07:49:33','2023-08-29 07:49:33','0d9ddf8f-a215-431a-8dd6-fa5ea9dd41de'),(9,9,1,NULL,NULL,1,'2023-08-30 05:34:02','2023-08-30 05:34:02','41b73070-2ef1-4b9a-935f-50e4f75fadbf'),(10,10,1,NULL,NULL,1,'2023-09-12 05:19:38','2023-09-12 05:19:38','9aa02a04-d5c5-4853-b6f7-750738f12760');
commit;

--
-- Dumping data for table `craft_entries`
--

set autocommit=0;
INSERT INTO `craft_entries` VALUES (2,1,NULL,1,NULL,'2023-08-29 07:41:00',NULL,NULL,'2023-08-29 07:41:23','2023-08-29 07:41:23'),(3,1,NULL,1,NULL,'2023-08-29 07:41:00',NULL,NULL,'2023-08-29 07:41:23','2023-08-29 07:41:23'),(4,1,NULL,1,NULL,'2023-08-29 07:41:00',NULL,NULL,'2023-08-29 07:41:23','2023-08-29 07:41:23'),(5,1,NULL,1,NULL,'2023-08-29 07:41:00',NULL,NULL,'2023-08-29 07:44:20','2023-08-29 07:44:20'),(6,1,NULL,1,NULL,'2023-08-29 07:41:00',NULL,NULL,'2023-08-29 07:48:16','2023-08-29 07:48:16'),(8,1,NULL,1,NULL,'2023-08-29 07:41:00',NULL,NULL,'2023-08-29 07:49:33','2023-08-29 07:49:33');
commit;

--
-- Dumping data for table `craft_entrytypes`
--

set autocommit=0;
INSERT INTO `craft_entrytypes` VALUES (1,1,1,'Home','home',1,'site',NULL,'{section.name|raw}','site',NULL,1,1,'2023-08-29 07:41:23','2023-08-29 07:44:20',NULL,'0c68a5e0-b3f9-4a33-aabe-3e5b73b28b1f');
commit;

--
-- Dumping data for table `craft_fieldgroups`
--

set autocommit=0;
INSERT INTO `craft_fieldgroups` VALUES (1,'Common','2023-08-29 01:29:40','2023-08-29 01:29:40',NULL,'796ebb32-1bb6-458e-8c7c-c7e90fd28ea0'),(2,'Modals','2023-08-30 05:34:11','2023-08-30 05:34:11',NULL,'a2984693-84aa-4038-aeab-1e1778f19950'),(3,'Users','2023-08-30 06:54:33','2023-08-30 06:54:33',NULL,'1207495d-4a2b-46de-958c-1c85f4805b46'),(4,'Info','2023-09-12 05:20:12','2023-09-12 05:20:12',NULL,'e6d1e6f8-0f0a-449d-ae1e-19e8a4ce5125');
commit;

--
-- Dumping data for table `craft_fieldlayoutfields`
--

set autocommit=0;
INSERT INTO `craft_fieldlayoutfields` VALUES (1,1,3,1,0,1,'2023-08-29 07:48:16','2023-08-29 07:48:16','509201d7-e7a2-4c44-894f-45c1f5963eb1'),(2,1,3,2,0,2,'2023-08-29 07:48:16','2023-08-29 07:48:16','d0dbbefc-c0ca-4d12-8607-3ef914dae58f'),(9,4,8,8,0,0,'2023-08-30 06:55:40','2023-08-30 06:55:40','8aba82d8-6133-48be-8c75-ed3ef17cf6a6'),(18,2,11,3,0,0,'2023-09-11 02:03:11','2023-09-11 02:03:11','37f21495-75b5-4422-b6ee-cde82c42ca0b'),(19,2,11,4,0,1,'2023-09-11 02:03:11','2023-09-11 02:03:11','498d479e-9225-4476-80ef-ee7c23b51b09'),(20,2,11,5,0,2,'2023-09-11 02:03:11','2023-09-11 02:03:11','091220d3-65e3-4644-983c-a0152c046d81'),(21,2,11,6,0,3,'2023-09-11 02:03:11','2023-09-11 02:03:11','8b673953-2c52-4c94-adc2-a114da4ebe50'),(22,2,11,7,0,4,'2023-09-11 02:03:11','2023-09-11 02:03:11','5e7b80db-3d1c-45b5-9c30-78f68953c00e'),(23,2,12,9,0,0,'2023-09-11 02:03:11','2023-09-11 02:03:11','54413f16-2d48-401e-ad9d-3cfba00ca2cb'),(24,2,12,11,0,1,'2023-09-11 02:03:11','2023-09-11 02:03:11','99498588-67f2-44cf-9c72-4b015e3e0126'),(25,2,12,10,0,2,'2023-09-11 02:03:11','2023-09-11 02:03:11','f47d110a-967a-4c4a-8ecf-3c17150c3a80'),(26,2,13,12,0,0,'2023-09-11 02:03:11','2023-09-11 02:03:11','b20ab397-8016-4fe2-a8c2-f328849d5794'),(27,2,13,13,0,1,'2023-09-11 02:03:11','2023-09-11 02:03:11','f4943148-cef2-49e6-aeb1-e2819126fd90'),(45,5,23,31,0,0,'2023-09-12 05:28:19','2023-09-12 05:28:19','a79d2485-516a-436b-bb96-74ccf4cefaa3'),(46,5,23,14,0,1,'2023-09-12 05:28:19','2023-09-12 05:28:19','ce6ba5f5-25a7-42ae-a35d-babf795178de'),(47,5,23,15,0,2,'2023-09-12 05:28:19','2023-09-12 05:28:19','9f40dd82-54ef-4eeb-81ab-0922aa8b83d4'),(48,5,24,32,0,0,'2023-09-12 05:28:19','2023-09-12 05:28:19','1b81b221-ea51-451a-9cfe-acd8650d8c17'),(49,5,24,17,0,1,'2023-09-12 05:28:19','2023-09-12 05:28:19','145c20d8-b6b9-4e78-b9d1-78c8ce3e559a'),(50,5,24,16,0,2,'2023-09-12 05:28:19','2023-09-12 05:28:19','d08f123c-9c77-49d0-8cad-8aac3a219072'),(51,5,25,33,0,0,'2023-09-12 05:28:19','2023-09-12 05:28:19','17d831ea-bee4-450d-bba5-2f3eb4831b9e'),(52,5,25,19,0,1,'2023-09-12 05:28:19','2023-09-12 05:28:19','86daee9c-4a9b-47fc-9546-a8fa509751bf'),(53,5,25,18,0,2,'2023-09-12 05:28:19','2023-09-12 05:28:19','3de58a41-de94-4497-97c6-bf61af8d22de'),(54,5,26,34,0,0,'2023-09-12 05:28:19','2023-09-12 05:28:19','a72e98c1-2b87-438e-bd20-416345b762dc'),(55,5,26,21,0,1,'2023-09-12 05:28:19','2023-09-12 05:28:19','465f2155-e6c7-4f7f-a2f8-1b82b0c0c8a3'),(56,5,26,20,0,2,'2023-09-12 05:28:19','2023-09-12 05:28:19','98e1ac66-a9a7-48f6-ac34-ed6b94952391'),(57,5,27,35,0,0,'2023-09-12 05:28:19','2023-09-12 05:28:19','30fb2398-762f-49f1-8c4a-0b04f038e5c1'),(58,5,27,23,0,1,'2023-09-12 05:28:19','2023-09-12 05:28:19','b77e7d63-8fdd-4f53-8583-99324149e580'),(59,5,27,22,0,2,'2023-09-12 05:28:19','2023-09-12 05:28:19','a850c463-aaf2-4d8c-83c8-5295e6a6df95'),(60,5,28,36,0,0,'2023-09-12 05:28:19','2023-09-12 05:28:19','425c4b1d-9f24-4d7a-a17c-036b12a145d4'),(61,5,28,25,0,1,'2023-09-12 05:28:19','2023-09-12 05:28:19','50060e3e-7c06-4ec2-b021-1f7741fe3062'),(62,5,28,24,0,2,'2023-09-12 05:28:19','2023-09-12 05:28:19','2e692618-5e42-4cec-afe9-6ee59fbddef9'),(63,5,29,37,0,0,'2023-09-12 05:28:19','2023-09-12 05:28:19','b9266d72-387e-4df9-85b5-c9ee122311c0'),(64,5,29,27,0,1,'2023-09-12 05:28:19','2023-09-12 05:28:19','bdfc9436-d92a-4cf9-a7ba-ef3e343112ab'),(65,5,29,26,0,2,'2023-09-12 05:28:19','2023-09-12 05:28:19','49e339eb-685e-42d9-800e-28285cb406a5'),(66,5,30,30,0,0,'2023-09-12 05:28:19','2023-09-12 05:28:19','aa321fa0-87cf-4ba9-b380-385d5a34bba6'),(67,5,30,29,0,1,'2023-09-12 05:28:19','2023-09-12 05:28:19','63f8b5fe-bba1-4cfa-8505-45932ee61282'),(68,5,30,28,0,2,'2023-09-12 05:28:19','2023-09-12 05:28:19','d47f52d2-cf0d-4556-abcd-ef3dc77e9a08');
commit;

--
-- Dumping data for table `craft_fieldlayouts`
--

set autocommit=0;
INSERT INTO `craft_fieldlayouts` VALUES (1,'craft\\elements\\Entry','2023-08-29 07:41:23','2023-08-29 07:41:23',NULL,'155a8a2d-a970-4944-9b1d-9eee31875d29'),(2,'craft\\elements\\GlobalSet','2023-08-30 05:34:02','2023-08-30 05:34:02',NULL,'5c2aae21-f1c9-45c0-8f03-cac014b9c28c'),(3,'craft\\elements\\Asset','2023-08-30 05:37:04','2023-08-30 05:37:04',NULL,'003ffde1-ce92-43fe-bc4e-2f0740a4be9f'),(4,'craft\\elements\\User','2023-08-30 06:55:40','2023-08-30 06:55:40',NULL,'dec5c26d-6fcb-4e12-9894-72c2383061f5'),(5,'craft\\elements\\GlobalSet','2023-09-12 05:21:22','2023-09-12 05:21:22',NULL,'10f36f24-d1d9-4984-ae8c-bbbb98cc3986');
commit;

--
-- Dumping data for table `craft_fieldlayouttabs`
--

set autocommit=0;
INSERT INTO `craft_fieldlayouttabs` VALUES (3,1,'Content','{\"userCondition\":null,\"elementCondition\":null}','[{\"type\":\"craft\\\\fieldlayoutelements\\\\entries\\\\EntryTitleField\",\"autocomplete\":false,\"class\":null,\"size\":null,\"name\":null,\"autocorrect\":true,\"autocapitalize\":true,\"disabled\":false,\"readonly\":false,\"title\":null,\"placeholder\":null,\"step\":null,\"min\":null,\"max\":null,\"requirable\":false,\"id\":null,\"containerAttributes\":[],\"inputContainerAttributes\":[],\"labelAttributes\":[],\"orientation\":null,\"label\":null,\"instructions\":null,\"tip\":null,\"warning\":null,\"width\":100,\"uid\":\"94f4ff7e-4f12-43d6-b073-d09bbcccc1cc\",\"userCondition\":null,\"elementCondition\":null},{\"type\":\"craft\\\\fieldlayoutelements\\\\CustomField\",\"label\":null,\"instructions\":null,\"tip\":null,\"warning\":null,\"required\":false,\"width\":100,\"uid\":\"92ef3bed-6158-4968-8218-c177743f4331\",\"userCondition\":null,\"elementCondition\":null,\"fieldUid\":\"d154cb46-0658-4a4d-b639-fc5d571b2068\"},{\"type\":\"craft\\\\fieldlayoutelements\\\\CustomField\",\"label\":null,\"instructions\":null,\"tip\":null,\"warning\":null,\"required\":false,\"width\":100,\"uid\":\"9a170ed9-ab1a-4697-80ac-c7ea1bc0fb81\",\"userCondition\":null,\"elementCondition\":null,\"fieldUid\":\"92611fbd-cd77-4a35-b6a0-16b739c62792\"}]',1,'2023-08-29 07:48:16','2023-08-29 07:48:16','19916304-f072-44a0-8e34-4e257dc2234d'),(6,3,'Content','{\"userCondition\":null,\"elementCondition\":null}','[{\"type\":\"craft\\\\fieldlayoutelements\\\\assets\\\\AssetTitleField\",\"autocomplete\":false,\"class\":null,\"size\":null,\"name\":null,\"autocorrect\":true,\"autocapitalize\":true,\"disabled\":false,\"readonly\":false,\"title\":null,\"placeholder\":null,\"step\":null,\"min\":null,\"max\":null,\"requirable\":false,\"id\":null,\"containerAttributes\":[],\"inputContainerAttributes\":[],\"labelAttributes\":[],\"orientation\":null,\"label\":null,\"instructions\":null,\"tip\":null,\"warning\":null,\"width\":100,\"uid\":\"59e216e6-235a-4c35-9553-0e62a627ab31\",\"userCondition\":null,\"elementCondition\":null}]',1,'2023-08-30 05:37:07','2023-08-30 05:37:07','92180a9a-8a14-423e-b25c-a7415221318a'),(8,4,'App Data','{\"userCondition\":null,\"elementCondition\":null}','[{\"type\":\"craft\\\\fieldlayoutelements\\\\CustomField\",\"label\":null,\"instructions\":null,\"tip\":null,\"warning\":null,\"required\":false,\"width\":100,\"uid\":\"c120dafa-94e7-44f9-a061-c0b9ff5f07f1\",\"userCondition\":null,\"elementCondition\":null,\"fieldUid\":\"c8ba6d40-0ea5-4fc1-867d-3323f782c0d9\"}]',1,'2023-08-30 06:55:40','2023-08-30 06:55:40','ac51df44-dbf4-4a9a-88ba-5a45cb6d4c31'),(11,2,'Post Login','{\"userCondition\":null,\"elementCondition\":null}','[{\"type\":\"craft\\\\fieldlayoutelements\\\\CustomField\",\"label\":null,\"instructions\":null,\"tip\":null,\"warning\":null,\"required\":false,\"width\":100,\"uid\":\"aaeeaa9c-f75f-4e13-a678-88d088bb099c\",\"userCondition\":null,\"elementCondition\":null,\"fieldUid\":\"bf3dce18-b80e-48ac-84f1-c2994cc67a38\"},{\"type\":\"craft\\\\fieldlayoutelements\\\\CustomField\",\"label\":null,\"instructions\":null,\"tip\":null,\"warning\":null,\"required\":false,\"width\":100,\"uid\":\"f695db36-8e11-4d1d-bcef-f0d5146d2426\",\"userCondition\":null,\"elementCondition\":null,\"fieldUid\":\"1264c252-45b8-4f18-b1a8-e7bb4eab4dc3\"},{\"type\":\"craft\\\\fieldlayoutelements\\\\CustomField\",\"label\":null,\"instructions\":null,\"tip\":null,\"warning\":null,\"required\":false,\"width\":100,\"uid\":\"6a94f12c-1e0e-49f9-9ab9-05fa2f967999\",\"userCondition\":null,\"elementCondition\":null,\"fieldUid\":\"3215de26-743e-4719-a5d0-faac6e96eabb\"},{\"type\":\"craft\\\\fieldlayoutelements\\\\CustomField\",\"label\":null,\"instructions\":null,\"tip\":null,\"warning\":null,\"required\":false,\"width\":100,\"uid\":\"7c34c767-f8a6-4ea6-afa1-3534a768f5cc\",\"userCondition\":null,\"elementCondition\":null,\"fieldUid\":\"a485c390-ceaf-43c7-9cbd-185137a466f1\"},{\"type\":\"craft\\\\fieldlayoutelements\\\\CustomField\",\"label\":null,\"instructions\":null,\"tip\":null,\"warning\":null,\"required\":false,\"width\":100,\"uid\":\"c57a4b82-4c24-4762-ac0c-024bcaeb7cc5\",\"userCondition\":null,\"elementCondition\":null,\"fieldUid\":\"03c591e0-825b-4b65-b2a0-32f42af07c57\"}]',1,'2023-09-11 02:03:11','2023-09-11 02:03:11','c2fd1e26-c255-4e8f-a355-880dc89e8ad2'),(12,2,'Recent joint or muscle bleeds','{\"userCondition\":null,\"elementCondition\":null}','[{\"type\":\"craft\\\\fieldlayoutelements\\\\CustomField\",\"label\":null,\"instructions\":null,\"tip\":null,\"warning\":null,\"required\":false,\"width\":100,\"uid\":\"6263c687-8b4d-402d-8bdb-8f499b5956d4\",\"userCondition\":null,\"elementCondition\":null,\"fieldUid\":\"f7e0e3b8-43e7-4119-a34e-878dafa7bdc4\"},{\"type\":\"craft\\\\fieldlayoutelements\\\\CustomField\",\"label\":null,\"instructions\":null,\"tip\":null,\"warning\":null,\"required\":false,\"width\":100,\"uid\":\"220cd29d-91b2-459c-af15-894516805971\",\"userCondition\":null,\"elementCondition\":null,\"fieldUid\":\"3fd1bcfb-4269-41b5-8a99-19a93a5af0dc\"},{\"type\":\"craft\\\\fieldlayoutelements\\\\CustomField\",\"label\":null,\"instructions\":null,\"tip\":null,\"warning\":null,\"required\":false,\"width\":100,\"uid\":\"ed11a1e0-387b-484b-aaaa-573419c8ae26\",\"userCondition\":null,\"elementCondition\":null,\"fieldUid\":\"1ec3ffb8-452d-42fe-939a-6f54560be253\"}]',2,'2023-09-11 02:03:11','2023-09-11 02:03:11','1cc0f39f-2ea6-4cda-92cd-668a3a2ba15f'),(13,2,'Missing scores','{\"userCondition\":null,\"elementCondition\":null}','[{\"type\":\"craft\\\\fieldlayoutelements\\\\CustomField\",\"label\":null,\"instructions\":null,\"tip\":null,\"warning\":null,\"required\":false,\"width\":100,\"uid\":\"dd07266a-f652-46e7-921a-d23e169ddea5\",\"userCondition\":null,\"elementCondition\":null,\"fieldUid\":\"d9b3d89a-f274-41f8-bc45-a1eb7154cdb3\"},{\"type\":\"craft\\\\fieldlayoutelements\\\\CustomField\",\"label\":null,\"instructions\":null,\"tip\":null,\"warning\":null,\"required\":false,\"width\":100,\"uid\":\"34acf92d-73d3-41af-8a39-032cbf886708\",\"userCondition\":null,\"elementCondition\":null,\"fieldUid\":\"9509b28c-ecdf-407c-bd86-b93405d8bf49\"}]',3,'2023-09-11 02:03:11','2023-09-11 02:03:11','dbb21675-0dc7-4f78-a7e8-b51dd3b514c8'),(23,5,'Swelling','{\"userCondition\":null,\"elementCondition\":null}','[{\"type\":\"craft\\\\fieldlayoutelements\\\\CustomField\",\"label\":null,\"instructions\":null,\"tip\":null,\"warning\":null,\"required\":false,\"width\":100,\"uid\":\"debfb4ec-86a7-42f2-ba56-c9c9d60253ca\",\"userCondition\":null,\"elementCondition\":null,\"fieldUid\":\"0365e712-05f5-4a76-bc8a-9d16a7f3cd0b\"},{\"type\":\"craft\\\\fieldlayoutelements\\\\CustomField\",\"label\":null,\"instructions\":null,\"tip\":null,\"warning\":null,\"required\":false,\"width\":100,\"uid\":\"928842a5-c2de-4cbe-961f-fa2ca84e4a78\",\"userCondition\":null,\"elementCondition\":null,\"fieldUid\":\"273ca334-f1c3-4962-9aa5-394036547f8b\"},{\"type\":\"craft\\\\fieldlayoutelements\\\\CustomField\",\"label\":null,\"instructions\":null,\"tip\":null,\"warning\":null,\"required\":false,\"width\":100,\"uid\":\"188d3d77-51ba-4cc9-bb7e-297f167ac0da\",\"userCondition\":null,\"elementCondition\":null,\"fieldUid\":\"683abb40-6094-456c-a2c3-a7a253e7ec34\"}]',1,'2023-09-12 05:28:19','2023-09-12 05:28:19','f6c78ac4-635f-44f2-8893-45036160170f'),(24,5,'Muscle Atrophy','{\"userCondition\":null,\"elementCondition\":null}','[{\"type\":\"craft\\\\fieldlayoutelements\\\\CustomField\",\"label\":null,\"instructions\":null,\"tip\":null,\"warning\":null,\"required\":false,\"width\":100,\"uid\":\"f94ed9e0-7372-4eca-8f93-c34a757fb583\",\"userCondition\":null,\"elementCondition\":null,\"fieldUid\":\"e57f8be3-f97c-4a25-8b8f-157d7a70ddd1\"},{\"type\":\"craft\\\\fieldlayoutelements\\\\CustomField\",\"label\":null,\"instructions\":null,\"tip\":null,\"warning\":null,\"required\":false,\"width\":100,\"uid\":\"fed6f992-6aee-4776-9a63-e51291fc257a\",\"userCondition\":null,\"elementCondition\":null,\"fieldUid\":\"133d564a-a85c-42f4-8b92-53bb341708eb\"},{\"type\":\"craft\\\\fieldlayoutelements\\\\CustomField\",\"label\":null,\"instructions\":null,\"tip\":null,\"warning\":null,\"required\":false,\"width\":100,\"uid\":\"fae6acf3-4000-4ed3-9c51-e752914cca0d\",\"userCondition\":null,\"elementCondition\":null,\"fieldUid\":\"026d0eae-5afb-4069-9cd5-bf1d32f5a50d\"}]',2,'2023-09-12 05:28:19','2023-09-12 05:28:19','ae5ab078-81ba-4844-9883-b4875a2c1ca0'),(25,5,'Crepitus on Motion','{\"userCondition\":null,\"elementCondition\":null}','[{\"type\":\"craft\\\\fieldlayoutelements\\\\CustomField\",\"label\":null,\"instructions\":null,\"tip\":null,\"warning\":null,\"required\":false,\"width\":100,\"uid\":\"604d3654-0cf1-4046-a194-bfd475ef6490\",\"userCondition\":null,\"elementCondition\":null,\"fieldUid\":\"2e3620ac-34f9-4a55-a693-9306091e82d3\"},{\"type\":\"craft\\\\fieldlayoutelements\\\\CustomField\",\"label\":null,\"instructions\":null,\"tip\":null,\"warning\":null,\"required\":false,\"width\":100,\"uid\":\"b84d626e-7061-4e86-a93d-bacabeaea99e\",\"userCondition\":null,\"elementCondition\":null,\"fieldUid\":\"0eeb101b-81d9-4178-8623-129a53ff4f4f\"},{\"type\":\"craft\\\\fieldlayoutelements\\\\CustomField\",\"label\":null,\"instructions\":null,\"tip\":null,\"warning\":null,\"required\":false,\"width\":100,\"uid\":\"71889bb5-3327-48b2-bff2-d3dded9911ae\",\"userCondition\":null,\"elementCondition\":null,\"fieldUid\":\"73ad925b-eea4-47b4-8d92-963f816c2676\"}]',3,'2023-09-12 05:28:19','2023-09-12 05:28:19','d7c69555-bcd2-4c2f-8494-7a76a76d3bf5'),(26,5,'Range of Motion','{\"userCondition\":null,\"elementCondition\":null}','[{\"type\":\"craft\\\\fieldlayoutelements\\\\CustomField\",\"label\":null,\"instructions\":null,\"tip\":null,\"warning\":null,\"required\":false,\"width\":100,\"uid\":\"55ffbf58-862d-413d-9ae2-7a4226527d20\",\"userCondition\":null,\"elementCondition\":null,\"fieldUid\":\"770305c7-e79e-4b26-b720-4c34cbd36bcb\"},{\"type\":\"craft\\\\fieldlayoutelements\\\\CustomField\",\"label\":null,\"instructions\":null,\"tip\":null,\"warning\":null,\"required\":false,\"width\":100,\"uid\":\"d5813015-af0d-45e0-9435-92d481fde526\",\"userCondition\":null,\"elementCondition\":null,\"fieldUid\":\"9b29fb0c-f60b-49fb-b905-6cf72af1a622\"},{\"type\":\"craft\\\\fieldlayoutelements\\\\CustomField\",\"label\":null,\"instructions\":null,\"tip\":null,\"warning\":null,\"required\":false,\"width\":100,\"uid\":\"97eccb93-b5e2-4037-927d-6c10ff278ca7\",\"userCondition\":null,\"elementCondition\":null,\"fieldUid\":\"0b6163ba-b9ed-4ca8-9991-e3c31f286fcc\"}]',4,'2023-09-12 05:28:19','2023-09-12 05:28:19','2e79f4c0-f2ae-4aa4-89f9-0dfa9cd93f61'),(27,5,'Joint Pain','{\"userCondition\":null,\"elementCondition\":null}','[{\"type\":\"craft\\\\fieldlayoutelements\\\\CustomField\",\"label\":null,\"instructions\":null,\"tip\":null,\"warning\":null,\"required\":false,\"width\":100,\"uid\":\"90580b41-497b-429d-8afd-6592b006650d\",\"userCondition\":null,\"elementCondition\":null,\"fieldUid\":\"e0e901b0-c261-4650-bc43-99b2c6877115\"},{\"type\":\"craft\\\\fieldlayoutelements\\\\CustomField\",\"label\":null,\"instructions\":null,\"tip\":null,\"warning\":null,\"required\":false,\"width\":100,\"uid\":\"04fba39a-adb0-4da7-bc21-ea9d733bca4d\",\"userCondition\":null,\"elementCondition\":null,\"fieldUid\":\"8118220f-79de-45e3-8397-176578797cfc\"},{\"type\":\"craft\\\\fieldlayoutelements\\\\CustomField\",\"label\":null,\"instructions\":null,\"tip\":null,\"warning\":null,\"required\":false,\"width\":100,\"uid\":\"9a0a6bc5-bc57-4510-87f1-74b694002757\",\"userCondition\":null,\"elementCondition\":null,\"fieldUid\":\"2b4e047a-13e2-48c8-a637-c7552fade561\"}]',5,'2023-09-12 05:28:19','2023-09-12 05:28:19','ceea24fd-c877-4e5e-8106-47439802f5f5'),(28,5,'Strength','{\"userCondition\":null,\"elementCondition\":null}','[{\"type\":\"craft\\\\fieldlayoutelements\\\\CustomField\",\"label\":null,\"instructions\":null,\"tip\":null,\"warning\":null,\"required\":false,\"width\":100,\"uid\":\"7785833b-279e-413a-b50f-f5987dafcf26\",\"userCondition\":null,\"elementCondition\":null,\"fieldUid\":\"34f0bfc1-1f77-4c77-a115-c5250035b51d\"},{\"type\":\"craft\\\\fieldlayoutelements\\\\CustomField\",\"label\":null,\"instructions\":null,\"tip\":null,\"warning\":null,\"required\":false,\"width\":100,\"uid\":\"013484ab-5d7c-4c86-bdff-a40298324a0b\",\"userCondition\":null,\"elementCondition\":null,\"fieldUid\":\"9d65b99f-67e3-4a9e-a4b3-f871beebd8fa\"},{\"type\":\"craft\\\\fieldlayoutelements\\\\CustomField\",\"label\":null,\"instructions\":null,\"tip\":null,\"warning\":null,\"required\":false,\"width\":100,\"uid\":\"ca8067b6-af3a-4696-9a39-5107ca4e7b2f\",\"userCondition\":null,\"elementCondition\":null,\"fieldUid\":\"89a23dae-c228-4367-9afe-eff920874d3d\"}]',6,'2023-09-12 05:28:19','2023-09-12 05:28:19','9e3c879d-94d7-45f2-b19d-dc6d5d4e26b1'),(29,5,'Gait','{\"userCondition\":null,\"elementCondition\":null}','[{\"type\":\"craft\\\\fieldlayoutelements\\\\CustomField\",\"label\":null,\"instructions\":null,\"tip\":null,\"warning\":null,\"required\":false,\"width\":100,\"uid\":\"b92a2006-2492-4a46-a01c-8a46dd243fcc\",\"userCondition\":null,\"elementCondition\":null,\"fieldUid\":\"edef9055-6673-4bf1-8b1d-b0e6fd09f683\"},{\"type\":\"craft\\\\fieldlayoutelements\\\\CustomField\",\"label\":null,\"instructions\":null,\"tip\":null,\"warning\":null,\"required\":false,\"width\":100,\"uid\":\"75373323-79d0-4f83-b700-da2dfda0644e\",\"userCondition\":null,\"elementCondition\":null,\"fieldUid\":\"34d023e5-7d1b-42da-8953-e26bee2a4e23\"},{\"type\":\"craft\\\\fieldlayoutelements\\\\CustomField\",\"label\":null,\"instructions\":null,\"tip\":null,\"warning\":null,\"required\":false,\"width\":100,\"uid\":\"3504e8f2-c89c-493d-9570-bfd35891ed90\",\"userCondition\":null,\"elementCondition\":null,\"fieldUid\":\"6b91b3de-b9c1-4155-82ac-630a6ee86823\"}]',7,'2023-09-12 05:28:19','2023-09-12 05:28:19','80d40d9c-4c86-4fd3-b7a0-21a04d89a180'),(30,5,'Axial Alignment','{\"userCondition\":null,\"elementCondition\":null}','[{\"type\":\"craft\\\\fieldlayoutelements\\\\CustomField\",\"label\":null,\"instructions\":null,\"tip\":null,\"warning\":null,\"required\":false,\"width\":100,\"uid\":\"55ddc0ca-bb1d-44b1-aba1-1580087419b4\",\"userCondition\":null,\"elementCondition\":null,\"fieldUid\":\"4d0b8774-39a5-42e6-9664-b1228cb41253\"},{\"type\":\"craft\\\\fieldlayoutelements\\\\CustomField\",\"label\":null,\"instructions\":null,\"tip\":null,\"warning\":null,\"required\":false,\"width\":100,\"uid\":\"e045cacb-0673-43b4-8454-6e08e61c404c\",\"userCondition\":null,\"elementCondition\":null,\"fieldUid\":\"894b3be5-509e-4d23-b1c6-f7038dbf4d60\"},{\"type\":\"craft\\\\fieldlayoutelements\\\\CustomField\",\"label\":null,\"instructions\":null,\"tip\":null,\"warning\":null,\"required\":false,\"width\":100,\"uid\":\"30311f79-a33d-411e-b18d-6ecb03bf96e7\",\"userCondition\":null,\"elementCondition\":null,\"fieldUid\":\"4c4244ad-585a-410c-b92d-2230232bb91f\"}]',8,'2023-09-12 05:28:19','2023-09-12 05:28:19','0920ea04-f421-4061-b0b4-7e3e45b4183c');
commit;

--
-- Dumping data for table `craft_fields`
--

set autocommit=0;
INSERT INTO `craft_fields` VALUES (1,1,'Intro Heading','introHeading','global','qvfhvcwh',NULL,0,'none',NULL,'craft\\fields\\PlainText','{\"byteLimit\":null,\"charLimit\":null,\"code\":false,\"columnType\":null,\"initialRows\":4,\"multiline\":false,\"placeholder\":null,\"uiMode\":\"normal\"}','2023-08-29 07:45:25','2023-08-29 07:45:25','d154cb46-0658-4a4d-b639-fc5d571b2068'),(2,1,'Intro Body','introBody','global','oxsbemfk',NULL,0,'none',NULL,'craft\\redactor\\Field','{\"availableTransforms\":\"\",\"availableVolumes\":\"\",\"columnType\":\"text\",\"configSelectionMode\":\"choose\",\"defaultTransform\":\"\",\"manualConfig\":\"\",\"purifierConfig\":null,\"purifyHtml\":true,\"redactorConfig\":\"SimpleULLink.json\",\"removeEmptyTags\":false,\"removeInlineStyles\":false,\"removeNbsp\":false,\"showHtmlButtonForNonAdmins\":false,\"showUnpermittedFiles\":false,\"showUnpermittedVolumes\":false,\"uiMode\":\"enlarged\"}','2023-08-29 07:45:48','2023-08-29 07:47:54','92611fbd-cd77-4a35-b6a0-16b739c62792'),(3,2,'Post Login Heading','postLoginHeading','global','xlfasorj',NULL,0,'none',NULL,'craft\\fields\\PlainText','{\"byteLimit\":null,\"charLimit\":null,\"code\":false,\"columnType\":null,\"initialRows\":4,\"multiline\":false,\"placeholder\":null,\"uiMode\":\"normal\"}','2023-08-30 05:34:25','2023-08-30 05:34:25','bf3dce18-b80e-48ac-84f1-c2994cc67a38'),(4,2,'Post Login Body','postLoginBody','global','ydvergik',NULL,0,'none',NULL,'craft\\redactor\\Field','{\"availableTransforms\":\"\",\"availableVolumes\":\"\",\"columnType\":\"text\",\"configSelectionMode\":\"choose\",\"defaultTransform\":\"\",\"manualConfig\":\"\",\"purifierConfig\":null,\"purifyHtml\":true,\"redactorConfig\":\"SimpleULLink.json\",\"removeEmptyTags\":false,\"removeInlineStyles\":false,\"removeNbsp\":false,\"showHtmlButtonForNonAdmins\":false,\"showUnpermittedFiles\":false,\"showUnpermittedVolumes\":false,\"uiMode\":\"enlarged\"}','2023-08-30 05:34:45','2023-08-30 05:34:45','1264c252-45b8-4f18-b1a8-e7bb4eab4dc3'),(5,2,'Post Login Box Body','postLoginBoxBody','global','xxezziby',NULL,0,'none',NULL,'craft\\redactor\\Field','{\"availableTransforms\":\"\",\"availableVolumes\":\"\",\"columnType\":\"text\",\"configSelectionMode\":\"choose\",\"defaultTransform\":\"\",\"manualConfig\":\"\",\"purifierConfig\":null,\"purifyHtml\":true,\"redactorConfig\":\"SimpleULLink.json\",\"removeEmptyTags\":false,\"removeInlineStyles\":false,\"removeNbsp\":false,\"showHtmlButtonForNonAdmins\":false,\"showUnpermittedFiles\":false,\"showUnpermittedVolumes\":false,\"uiMode\":\"enlarged\"}','2023-08-30 05:38:08','2023-08-30 05:38:08','3215de26-743e-4719-a5d0-faac6e96eabb'),(6,2,'Post Login Don\'t Show Modal Label','postLoginDontShowModalLabel','global','xmxcvkpc',NULL,0,'none',NULL,'craft\\fields\\PlainText','{\"byteLimit\":null,\"charLimit\":null,\"code\":false,\"columnType\":null,\"initialRows\":4,\"multiline\":false,\"placeholder\":null,\"uiMode\":\"normal\"}','2023-08-30 05:39:31','2023-08-30 05:42:34','a485c390-ceaf-43c7-9cbd-185137a466f1'),(7,2,'Post Login Done Button Label','postLoginDoneButtonLabel','global','nhxidvzk',NULL,0,'none',NULL,'craft\\fields\\PlainText','{\"byteLimit\":null,\"charLimit\":null,\"code\":false,\"columnType\":null,\"initialRows\":4,\"multiline\":false,\"placeholder\":null,\"uiMode\":\"normal\"}','2023-08-30 05:40:11','2023-08-30 05:42:30','03c591e0-825b-4b65-b2a0-32f42af07c57'),(8,3,'Don\'t Show Post Login Modal','dontShowPostLoginModal','global','vnknfwmb',NULL,0,'none',NULL,'craft\\fields\\Lightswitch','{\"default\":false,\"offLabel\":null,\"onLabel\":null}','2023-08-30 06:55:12','2023-08-30 06:55:12','c8ba6d40-0ea5-4fc1-867d-3323f782c0d9'),(9,2,'Recent joint or muscle bleeds Link Label','recentJointOrMuscleBleedsLinkLabel','global','azvvyurb',NULL,0,'none',NULL,'craft\\fields\\PlainText','{\"byteLimit\":null,\"charLimit\":null,\"code\":false,\"columnType\":null,\"initialRows\":4,\"multiline\":false,\"placeholder\":null,\"uiMode\":\"normal\"}','2023-08-30 11:06:49','2023-08-30 11:06:49','f7e0e3b8-43e7-4119-a34e-878dafa7bdc4'),(10,2,'Recent joint or muscle bleeds Body','recentJointOrMuscleBleedsBody','global','jklccfev',NULL,0,'none',NULL,'craft\\redactor\\Field','{\"availableTransforms\":\"\",\"availableVolumes\":\"\",\"columnType\":\"text\",\"configSelectionMode\":\"choose\",\"defaultTransform\":\"\",\"manualConfig\":\"\",\"purifierConfig\":null,\"purifyHtml\":true,\"redactorConfig\":\"SimpleULLink.json\",\"removeEmptyTags\":false,\"removeInlineStyles\":false,\"removeNbsp\":false,\"showHtmlButtonForNonAdmins\":false,\"showUnpermittedFiles\":false,\"showUnpermittedVolumes\":false,\"uiMode\":\"enlarged\"}','2023-08-30 11:07:19','2023-08-30 11:07:19','1ec3ffb8-452d-42fe-939a-6f54560be253'),(11,2,'Recent joint or muscle bleeds Heading','recentJointOrMuscleBleedsHeading','global','ufthhcgv',NULL,0,'none',NULL,'craft\\fields\\PlainText','{\"byteLimit\":null,\"charLimit\":null,\"code\":false,\"columnType\":null,\"initialRows\":4,\"multiline\":false,\"placeholder\":null,\"uiMode\":\"normal\"}','2023-08-30 11:07:29','2023-08-30 11:07:29','3fd1bcfb-4269-41b5-8a99-19a93a5af0dc'),(12,2,'Missing scores Heading','missingScoresHeading','global','nbwejzsm',NULL,0,'none',NULL,'craft\\fields\\PlainText','{\"byteLimit\":null,\"charLimit\":null,\"code\":false,\"columnType\":null,\"initialRows\":4,\"multiline\":false,\"placeholder\":null,\"uiMode\":\"normal\"}','2023-09-11 02:02:44','2023-09-11 02:02:44','d9b3d89a-f274-41f8-bc45-a1eb7154cdb3'),(13,2,'Missing scores Body','missingScoresBody','global','vfccrbbi',NULL,0,'none',NULL,'craft\\redactor\\Field','{\"availableTransforms\":\"\",\"availableVolumes\":\"\",\"columnType\":\"text\",\"configSelectionMode\":\"choose\",\"defaultTransform\":\"\",\"manualConfig\":\"\",\"purifierConfig\":null,\"purifyHtml\":true,\"redactorConfig\":\"SimpleULLink.json\",\"removeEmptyTags\":false,\"removeInlineStyles\":false,\"removeNbsp\":false,\"showHtmlButtonForNonAdmins\":false,\"showUnpermittedFiles\":false,\"showUnpermittedVolumes\":false,\"uiMode\":\"enlarged\"}','2023-09-11 02:02:55','2023-09-11 02:02:55','9509b28c-ecdf-407c-bd86-b93405d8bf49'),(14,4,'Swelling Heading ','swellingHeading','global',NULL,NULL,0,'none',NULL,'craft\\fields\\PlainText','{\"byteLimit\":null,\"charLimit\":null,\"code\":false,\"columnType\":null,\"initialRows\":4,\"multiline\":false,\"placeholder\":null,\"uiMode\":\"normal\"}','2023-09-12 05:20:44','2023-09-12 05:22:25','273ca334-f1c3-4962-9aa5-394036547f8b'),(15,4,'Swelling Body','swellingBody','global',NULL,NULL,0,'none',NULL,'craft\\redactor\\Field','{\"availableTransforms\":\"\",\"availableVolumes\":\"\",\"columnType\":\"text\",\"configSelectionMode\":\"choose\",\"defaultTransform\":\"\",\"manualConfig\":\"\",\"purifierConfig\":null,\"purifyHtml\":true,\"redactorConfig\":\"SimpleULLink.json\",\"removeEmptyTags\":false,\"removeInlineStyles\":false,\"removeNbsp\":false,\"showHtmlButtonForNonAdmins\":false,\"showUnpermittedFiles\":false,\"showUnpermittedVolumes\":false,\"uiMode\":\"enlarged\"}','2023-09-12 05:21:04','2023-09-12 05:22:20','683abb40-6094-456c-a2c3-a7a253e7ec34'),(16,4,'Muscle Atrophy Body','muscleAtrophyBody','global','wbasblra',NULL,0,'none',NULL,'craft\\redactor\\Field','{\"availableTransforms\":\"\",\"availableVolumes\":\"\",\"columnType\":\"text\",\"configSelectionMode\":\"choose\",\"defaultTransform\":\"\",\"manualConfig\":\"\",\"purifierConfig\":null,\"purifyHtml\":true,\"redactorConfig\":\"SimpleULLink.json\",\"removeEmptyTags\":false,\"removeInlineStyles\":false,\"removeNbsp\":false,\"showHtmlButtonForNonAdmins\":false,\"showUnpermittedFiles\":false,\"showUnpermittedVolumes\":false,\"uiMode\":\"enlarged\"}','2023-09-12 05:22:11','2023-09-12 05:22:11','026d0eae-5afb-4069-9cd5-bf1d32f5a50d'),(17,4,'Muscle Atrophy Heading ','muscleAtrophyHeading','global','uixrmrpu',NULL,0,'none',NULL,'craft\\fields\\PlainText','{\"byteLimit\":null,\"charLimit\":null,\"code\":false,\"columnType\":null,\"initialRows\":4,\"multiline\":false,\"placeholder\":null,\"uiMode\":\"normal\"}','2023-09-12 05:22:38','2023-09-12 05:22:38','133d564a-a85c-42f4-8b92-53bb341708eb'),(18,4,'Crepitus on Motion Body','crepitusOnMotionBody','global','gtlufzyh',NULL,0,'none',NULL,'craft\\redactor\\Field','{\"availableTransforms\":\"\",\"availableVolumes\":\"\",\"columnType\":\"text\",\"configSelectionMode\":\"choose\",\"defaultTransform\":\"\",\"manualConfig\":\"\",\"purifierConfig\":null,\"purifyHtml\":true,\"redactorConfig\":\"SimpleULLink.json\",\"removeEmptyTags\":false,\"removeInlineStyles\":false,\"removeNbsp\":false,\"showHtmlButtonForNonAdmins\":false,\"showUnpermittedFiles\":false,\"showUnpermittedVolumes\":false,\"uiMode\":\"enlarged\"}','2023-09-12 05:22:47','2023-09-12 05:22:47','73ad925b-eea4-47b4-8d92-963f816c2676'),(19,4,'Crepitus on Motion Heading ','crepitusOnMotionHeading','global','egrrprlz',NULL,0,'none',NULL,'craft\\fields\\PlainText','{\"byteLimit\":null,\"charLimit\":null,\"code\":false,\"columnType\":null,\"initialRows\":4,\"multiline\":false,\"placeholder\":null,\"uiMode\":\"normal\"}','2023-09-12 05:22:58','2023-09-12 05:22:58','0eeb101b-81d9-4178-8623-129a53ff4f4f'),(20,4,'Range of Motion Body','rangeOfMotionBody','global','vjtkxklh',NULL,0,'none',NULL,'craft\\redactor\\Field','{\"availableTransforms\":\"\",\"availableVolumes\":\"\",\"columnType\":\"text\",\"configSelectionMode\":\"choose\",\"defaultTransform\":\"\",\"manualConfig\":\"\",\"purifierConfig\":null,\"purifyHtml\":true,\"redactorConfig\":\"SimpleULLink.json\",\"removeEmptyTags\":false,\"removeInlineStyles\":false,\"removeNbsp\":false,\"showHtmlButtonForNonAdmins\":false,\"showUnpermittedFiles\":false,\"showUnpermittedVolumes\":false,\"uiMode\":\"enlarged\"}','2023-09-12 05:23:06','2023-09-12 05:23:06','0b6163ba-b9ed-4ca8-9991-e3c31f286fcc'),(21,4,'Range of Motion Heading ','rangeOfMotionHeading','global','kkwofnjr',NULL,0,'none',NULL,'craft\\fields\\PlainText','{\"byteLimit\":null,\"charLimit\":null,\"code\":false,\"columnType\":null,\"initialRows\":4,\"multiline\":false,\"placeholder\":null,\"uiMode\":\"normal\"}','2023-09-12 05:23:12','2023-09-12 05:23:12','9b29fb0c-f60b-49fb-b905-6cf72af1a622'),(22,4,'Joint Pain Body','jointPainBody','global','xrsjlmjb',NULL,0,'none',NULL,'craft\\redactor\\Field','{\"availableTransforms\":\"\",\"availableVolumes\":\"\",\"columnType\":\"text\",\"configSelectionMode\":\"choose\",\"defaultTransform\":\"\",\"manualConfig\":\"\",\"purifierConfig\":null,\"purifyHtml\":true,\"redactorConfig\":\"SimpleULLink.json\",\"removeEmptyTags\":false,\"removeInlineStyles\":false,\"removeNbsp\":false,\"showHtmlButtonForNonAdmins\":false,\"showUnpermittedFiles\":false,\"showUnpermittedVolumes\":false,\"uiMode\":\"enlarged\"}','2023-09-12 05:23:20','2023-09-12 05:23:20','2b4e047a-13e2-48c8-a637-c7552fade561'),(23,4,'Joint Pain Heading ','jointPainHeading','global','srzqerjk',NULL,0,'none',NULL,'craft\\fields\\PlainText','{\"byteLimit\":null,\"charLimit\":null,\"code\":false,\"columnType\":null,\"initialRows\":4,\"multiline\":false,\"placeholder\":null,\"uiMode\":\"normal\"}','2023-09-12 05:23:26','2023-09-12 05:23:26','8118220f-79de-45e3-8397-176578797cfc'),(24,4,'Strength Body','strengthBody','global','rcvhxrbt',NULL,0,'none',NULL,'craft\\redactor\\Field','{\"availableTransforms\":\"\",\"availableVolumes\":\"\",\"columnType\":\"text\",\"configSelectionMode\":\"choose\",\"defaultTransform\":\"\",\"manualConfig\":\"\",\"purifierConfig\":null,\"purifyHtml\":true,\"redactorConfig\":\"SimpleULLink.json\",\"removeEmptyTags\":false,\"removeInlineStyles\":false,\"removeNbsp\":false,\"showHtmlButtonForNonAdmins\":false,\"showUnpermittedFiles\":false,\"showUnpermittedVolumes\":false,\"uiMode\":\"enlarged\"}','2023-09-12 05:23:32','2023-09-12 05:23:32','89a23dae-c228-4367-9afe-eff920874d3d'),(25,4,'Strength Heading ','strengthHeading','global','qzyyefdk',NULL,0,'none',NULL,'craft\\fields\\PlainText','{\"byteLimit\":null,\"charLimit\":null,\"code\":false,\"columnType\":null,\"initialRows\":4,\"multiline\":false,\"placeholder\":null,\"uiMode\":\"normal\"}','2023-09-12 05:23:37','2023-09-12 05:23:37','9d65b99f-67e3-4a9e-a4b3-f871beebd8fa'),(26,4,'Gait Body','gaitBody','global','isqynljt',NULL,0,'none',NULL,'craft\\redactor\\Field','{\"availableTransforms\":\"\",\"availableVolumes\":\"\",\"columnType\":\"text\",\"configSelectionMode\":\"choose\",\"defaultTransform\":\"\",\"manualConfig\":\"\",\"purifierConfig\":null,\"purifyHtml\":true,\"redactorConfig\":\"SimpleULLink.json\",\"removeEmptyTags\":false,\"removeInlineStyles\":false,\"removeNbsp\":false,\"showHtmlButtonForNonAdmins\":false,\"showUnpermittedFiles\":false,\"showUnpermittedVolumes\":false,\"uiMode\":\"enlarged\"}','2023-09-12 05:23:45','2023-09-12 05:23:45','6b91b3de-b9c1-4155-82ac-630a6ee86823'),(27,4,'Gait Heading ','gaitHeading','global','ydfpgjgw',NULL,0,'none',NULL,'craft\\fields\\PlainText','{\"byteLimit\":null,\"charLimit\":null,\"code\":false,\"columnType\":null,\"initialRows\":4,\"multiline\":false,\"placeholder\":null,\"uiMode\":\"normal\"}','2023-09-12 05:23:53','2023-09-12 05:23:53','34d023e5-7d1b-42da-8953-e26bee2a4e23'),(28,4,'Axial Alignment Body','axialAlignmentBody','global','jkifwgye',NULL,0,'none',NULL,'craft\\redactor\\Field','{\"availableTransforms\":\"\",\"availableVolumes\":\"\",\"columnType\":\"text\",\"configSelectionMode\":\"choose\",\"defaultTransform\":\"\",\"manualConfig\":\"\",\"purifierConfig\":null,\"purifyHtml\":true,\"redactorConfig\":\"SimpleULLink.json\",\"removeEmptyTags\":false,\"removeInlineStyles\":false,\"removeNbsp\":false,\"showHtmlButtonForNonAdmins\":false,\"showUnpermittedFiles\":false,\"showUnpermittedVolumes\":false,\"uiMode\":\"enlarged\"}','2023-09-12 05:24:01','2023-09-12 05:24:01','4c4244ad-585a-410c-b92d-2230232bb91f'),(29,4,'Axial Alignment Heading ','axialAlignmentHeading','global','tbzlvudi',NULL,0,'none',NULL,'craft\\fields\\PlainText','{\"byteLimit\":null,\"charLimit\":null,\"code\":false,\"columnType\":null,\"initialRows\":4,\"multiline\":false,\"placeholder\":null,\"uiMode\":\"normal\"}','2023-09-12 05:26:30','2023-09-12 05:26:30','894b3be5-509e-4d23-b1c6-f7038dbf4d60'),(30,4,'Axial Alignment Enabled ','axialAlignmentEnabled','global','bgdflhae',NULL,0,'none',NULL,'craft\\fields\\Lightswitch','{\"default\":true,\"offLabel\":null,\"onLabel\":null}','2023-09-12 05:26:45','2023-09-12 05:26:45','4d0b8774-39a5-42e6-9664-b1228cb41253'),(31,4,'Swelling Enabled ','swellingEnabled','global','kzapbbiu',NULL,0,'none',NULL,'craft\\fields\\Lightswitch','{\"default\":true,\"offLabel\":null,\"onLabel\":null}','2023-09-12 05:26:56','2023-09-12 05:26:56','0365e712-05f5-4a76-bc8a-9d16a7f3cd0b'),(32,4,'Muscle Atrophy Enabled ','muscleAtrophyEnabled','global','hpufumml',NULL,0,'none',NULL,'craft\\fields\\Lightswitch','{\"default\":true,\"offLabel\":null,\"onLabel\":null}','2023-09-12 05:27:04','2023-09-12 05:27:04','e57f8be3-f97c-4a25-8b8f-157d7a70ddd1'),(33,4,'Crepitus on Motion Enabled ','crepitusOnMotionEnabled','global','udkjautv',NULL,0,'none',NULL,'craft\\fields\\Lightswitch','{\"default\":true,\"offLabel\":null,\"onLabel\":null}','2023-09-12 05:27:13','2023-09-12 05:27:13','2e3620ac-34f9-4a55-a693-9306091e82d3'),(34,4,'Range of Motion Enabled ','rangeOfMotionEnabled','global','hcnkvvsj',NULL,0,'none',NULL,'craft\\fields\\Lightswitch','{\"default\":true,\"offLabel\":null,\"onLabel\":null}','2023-09-12 05:27:20','2023-09-12 05:27:20','770305c7-e79e-4b26-b720-4c34cbd36bcb'),(35,4,'Joint Pain Enabled ','jointPainEnabled','global','ihfcrvsm',NULL,0,'none',NULL,'craft\\fields\\Lightswitch','{\"default\":true,\"offLabel\":null,\"onLabel\":null}','2023-09-12 05:27:28','2023-09-12 05:27:28','e0e901b0-c261-4650-bc43-99b2c6877115'),(36,4,'Strength Enabled ','strengthEnabled','global','klbgcvbv',NULL,0,'none',NULL,'craft\\fields\\Lightswitch','{\"default\":true,\"offLabel\":null,\"onLabel\":null}','2023-09-12 05:27:34','2023-09-12 05:27:34','34f0bfc1-1f77-4c77-a115-c5250035b51d'),(37,4,'Gait Enabled ','gaitEnabled','global','dqowtzgz',NULL,0,'none',NULL,'craft\\fields\\Lightswitch','{\"default\":true,\"offLabel\":null,\"onLabel\":null}','2023-09-12 05:27:42','2023-09-12 05:27:42','edef9055-6673-4bf1-8b1d-b0e6fd09f683');
commit;

--
-- Dumping data for table `craft_globalsets`
--

set autocommit=0;
INSERT INTO `craft_globalsets` VALUES (9,'Modals ','modals',2,1,'2023-08-30 05:34:02','2023-08-30 05:34:02','b22258ed-ca1d-4fc8-8cb4-80069f29c18e'),(10,'Info','info',5,2,'2023-09-12 05:19:38','2023-09-12 05:21:22','6e37d80f-4f8c-408c-be18-00050d5f3b2c');
commit;

--
-- Dumping data for table `craft_gqlschemas`
--

set autocommit=0;
commit;
set autocommit=0;
commit;

--
-- Dumping data for table `craft_imagetransforms`
--

set autocommit=0;
commit;

--
-- Dumping data for table `craft_info`
--

set autocommit=0;
INSERT INTO `craft_info` VALUES (1,'4.5.2','4.5.0.3',1,'bruatwmumqjh','3@cqkhokjare','2023-08-29 01:29:40','2023-09-19 06:40:50','1d0bfe9c-1b85-4296-85ec-871f867c4363');
commit;

--
-- Dumping data for table `craft_lenz_linkfield`
--

set autocommit=0;
commit;

--
-- Dumping data for table `craft_matrixblocks`
--

set autocommit=0;
commit;

--
-- Dumping data for table `craft_matrixblocks_owners`
--

set autocommit=0;
commit;

--
-- Dumping data for table `craft_matrixblocktypes`
--

set autocommit=0;
commit;

--
-- Dumping data for table `craft_migrations`
--

set autocommit=0;
INSERT INTO `craft_migrations` VALUES (1,'craft','Install','2023-08-29 01:29:41','2023-08-29 01:29:41','2023-08-29 01:29:41','07d68ccd-5c16-4efb-95c6-4304fb248826'),(2,'craft','m210121_145800_asset_indexing_changes','2023-08-29 01:29:41','2023-08-29 01:29:41','2023-08-29 01:29:41','d29e62be-4134-43f7-86ec-fafd5253c2e4'),(3,'craft','m210624_222934_drop_deprecated_tables','2023-08-29 01:29:41','2023-08-29 01:29:41','2023-08-29 01:29:41','4dd51e00-efe9-4e21-b03e-cae8ba74ee02'),(4,'craft','m210724_180756_rename_source_cols','2023-08-29 01:29:41','2023-08-29 01:29:41','2023-08-29 01:29:41','93253122-38d4-4b83-a28c-3feffac2e83e'),(5,'craft','m210809_124211_remove_superfluous_uids','2023-08-29 01:29:41','2023-08-29 01:29:41','2023-08-29 01:29:41','ec409566-1acb-46c0-97aa-88939deccc0d'),(6,'craft','m210817_014201_universal_users','2023-08-29 01:29:41','2023-08-29 01:29:41','2023-08-29 01:29:41','2f5945d3-484e-4be8-9bdd-cf6b9c7f0404'),(7,'craft','m210904_132612_store_element_source_settings_in_project_config','2023-08-29 01:29:41','2023-08-29 01:29:41','2023-08-29 01:29:41','5357b25f-e021-4b50-840b-616f0e26ae67'),(8,'craft','m211115_135500_image_transformers','2023-08-29 01:29:41','2023-08-29 01:29:41','2023-08-29 01:29:41','2316fb50-7d11-4313-b88e-f1304f68f557'),(9,'craft','m211201_131000_filesystems','2023-08-29 01:29:41','2023-08-29 01:29:41','2023-08-29 01:29:41','7de9adad-5547-4e18-a70d-3dac2942542d'),(10,'craft','m220103_043103_tab_conditions','2023-08-29 01:29:41','2023-08-29 01:29:41','2023-08-29 01:29:41','9162e670-ef9b-4431-ab28-26312ae0dd3d'),(11,'craft','m220104_003433_asset_alt_text','2023-08-29 01:29:41','2023-08-29 01:29:41','2023-08-29 01:29:41','d7acb68f-fe4d-40ef-962c-934335bf618f'),(12,'craft','m220123_213619_update_permissions','2023-08-29 01:29:41','2023-08-29 01:29:41','2023-08-29 01:29:41','67f67e14-e16f-4777-b832-d263215905cc'),(13,'craft','m220126_003432_addresses','2023-08-29 01:29:41','2023-08-29 01:29:41','2023-08-29 01:29:41','9d8246f5-3874-4e15-a091-6aa42c03e35d'),(14,'craft','m220209_095604_add_indexes','2023-08-29 01:29:41','2023-08-29 01:29:41','2023-08-29 01:29:41','70e2890c-ea1b-4d6c-ba31-c6e3a8be767b'),(15,'craft','m220213_015220_matrixblocks_owners_table','2023-08-29 01:29:41','2023-08-29 01:29:41','2023-08-29 01:29:41','aaf6fe8f-a5b9-4dca-9db5-f1b3f0ceaf6b'),(16,'craft','m220214_000000_truncate_sessions','2023-08-29 01:29:41','2023-08-29 01:29:41','2023-08-29 01:29:41','e3be15f9-5be6-4fe7-9ce0-c08ef6ba154e'),(17,'craft','m220222_122159_full_names','2023-08-29 01:29:41','2023-08-29 01:29:41','2023-08-29 01:29:41','11e2a08d-a321-43f8-8876-60f2336cee62'),(18,'craft','m220223_180559_nullable_address_owner','2023-08-29 01:29:41','2023-08-29 01:29:41','2023-08-29 01:29:41','b607abdf-9cda-4577-959c-c14eda4cd48e'),(19,'craft','m220225_165000_transform_filesystems','2023-08-29 01:29:41','2023-08-29 01:29:41','2023-08-29 01:29:41','bfec34e2-a70c-435b-b274-2b315b33ceca'),(20,'craft','m220309_152006_rename_field_layout_elements','2023-08-29 01:29:41','2023-08-29 01:29:41','2023-08-29 01:29:41','3aa5b782-b014-4b03-8132-f6279bb5fff1'),(21,'craft','m220314_211928_field_layout_element_uids','2023-08-29 01:29:41','2023-08-29 01:29:41','2023-08-29 01:29:41','35dfb2c2-5dc2-4817-87c1-af8888ad4c20'),(22,'craft','m220316_123800_transform_fs_subpath','2023-08-29 01:29:41','2023-08-29 01:29:41','2023-08-29 01:29:41','26e9e6d0-b563-4cb6-be32-54b55a42e741'),(23,'craft','m220317_174250_release_all_jobs','2023-08-29 01:29:41','2023-08-29 01:29:41','2023-08-29 01:29:41','e193003c-c8ee-47d5-991b-87ec2a700cc8'),(24,'craft','m220330_150000_add_site_gql_schema_components','2023-08-29 01:29:41','2023-08-29 01:29:41','2023-08-29 01:29:41','b41b38a2-c323-44bf-a6d9-22ebeb592286'),(25,'craft','m220413_024536_site_enabled_string','2023-08-29 01:29:41','2023-08-29 01:29:41','2023-08-29 01:29:41','b0e759a1-3773-4a7c-8a34-05c58cafe017'),(26,'craft','m221027_160703_add_image_transform_fill','2023-08-29 01:29:41','2023-08-29 01:29:41','2023-08-29 01:29:41','dac95991-0548-48ef-98a2-556e6f183d1c'),(27,'craft','m221028_130548_add_canonical_id_index','2023-08-29 01:29:41','2023-08-29 01:29:41','2023-08-29 01:29:41','f42cac89-bac4-45f2-aa44-aa75836ea9c9'),(28,'craft','m221118_003031_drop_element_fks','2023-08-29 01:29:41','2023-08-29 01:29:41','2023-08-29 01:29:41','85c0a5dd-c70e-4d2b-9d30-9eab7a68670b'),(29,'craft','m230131_120713_asset_indexing_session_new_options','2023-08-29 01:29:41','2023-08-29 01:29:41','2023-08-29 01:29:41','25497f2a-57da-40ba-b001-9c1dfd8fd42c'),(30,'craft','m230226_013114_drop_plugin_license_columns','2023-08-29 01:29:41','2023-08-29 01:29:41','2023-08-29 01:29:41','2d98ed25-084b-4511-8aea-a8f0d1e26f65'),(31,'craft','m230531_123004_add_entry_type_show_status_field','2023-08-29 01:29:41','2023-08-29 01:29:41','2023-08-29 01:29:41','4438cabf-a513-4e55-b400-f4ae8823223d'),(32,'craft','m230607_102049_add_entrytype_slug_translation_columns','2023-08-29 01:29:41','2023-08-29 01:29:41','2023-08-29 01:29:41','17d16c2e-2353-4d9f-aced-392fbfb449b9'),(33,'craft','m230710_162700_element_activity','2023-08-29 01:29:41','2023-08-29 01:29:41','2023-08-29 01:29:41','2584eb15-79e8-4837-9dbd-7383b4df8c4f'),(34,'craft','m230820_162023_fix_cache_id_type','2023-08-29 01:29:41','2023-08-29 01:29:41','2023-08-29 01:29:41','eedc41cc-a3e3-4882-bae9-0568541681ee'),(35,'plugin:redactor','m180430_204710_remove_old_plugins','2023-08-29 05:36:05','2023-08-29 05:36:05','2023-08-29 05:36:05','ef651463-40e8-47fe-9bbe-da49d566c6bf'),(36,'plugin:redactor','Install','2023-08-29 05:36:05','2023-08-29 05:36:05','2023-08-29 05:36:05','a5585a7e-d513-4202-a717-cffb06d4e6e0'),(37,'plugin:redactor','m190225_003922_split_cleanup_html_settings','2023-08-29 05:36:05','2023-08-29 05:36:05','2023-08-29 05:36:05','a7a9796f-2212-4fa7-ba4f-4cb2f13f0c09'),(38,'plugin:super-table','Install','2023-08-29 05:36:08','2023-08-29 05:36:08','2023-08-29 05:36:08','90213bb7-0c08-467d-bffa-8be9f9fcfff6'),(39,'plugin:super-table','m220308_000000_remove_superfluous_uids','2023-08-29 05:36:08','2023-08-29 05:36:08','2023-08-29 05:36:08','86940cdd-7485-4d32-ab0a-4bddd221174a'),(40,'plugin:super-table','m220308_100000_owners_table','2023-08-29 05:36:08','2023-08-29 05:36:08','2023-08-29 05:36:08','8b6fe2d9-9fbd-489f-8ad4-5fdde5fe575c'),(41,'plugin:typedlinkfield','Install','2023-08-29 05:36:10','2023-08-29 05:36:10','2023-08-29 05:36:10','06b676c9-a481-4e65-9d0c-1d47f2c1ed1d'),(42,'plugin:typedlinkfield','m190417_202153_migrateDataToTable','2023-08-29 05:36:10','2023-08-29 05:36:10','2023-08-29 05:36:10','e3ed2116-3c2b-4d72-aaff-3f69fae6b922');
commit;

--
-- Dumping data for table `craft_plugins`
--

set autocommit=0;
INSERT INTO `craft_plugins` VALUES (1,'element-api','3.0.1.1','1.0.0','2023-08-29 05:36:00','2023-08-29 05:36:00','2023-08-29 05:36:00','106af909-7e63-4f09-ae6b-3734e429b81c'),(2,'field-manager','3.0.7','1.0.0','2023-08-29 05:36:03','2023-08-29 05:36:03','2023-08-29 05:36:03','347badc5-46c6-45a1-9a6e-266b2f431bd4'),(3,'redactor','3.0.4','2.3.0','2023-08-29 05:36:05','2023-08-29 05:36:05','2023-08-29 05:36:05','2a571f39-1aa6-4ff8-8066-5c07b2441636'),(4,'super-table','3.0.9','3.0.0','2023-08-29 05:36:07','2023-08-29 05:36:07','2023-08-29 05:36:07','f57cddaa-65af-4e76-9f49-b5c185196eaa'),(5,'typedlinkfield','2.1.5','2.0.0','2023-08-29 05:36:10','2023-08-29 05:36:10','2023-08-29 05:36:10','eb0c2062-879e-40d9-a6a9-aae4b68ebbbd');
commit;

--
-- Dumping data for table `craft_projectconfig`
--

set autocommit=0;
INSERT INTO `craft_projectconfig` VALUES ('dateModified','1694496499'),('email.fromEmail','\"melvyn@controlnocontrol.com\"'),('email.fromName','\"HJHS\"'),('email.transportType','\"craft\\\\mail\\\\transportadapters\\\\Sendmail\"'),('entryTypes.0c68a5e0-b3f9-4a33-aabe-3e5b73b28b1f.fieldLayouts.155a8a2d-a970-4944-9b1d-9eee31875d29.tabs.0.elementCondition','null'),('entryTypes.0c68a5e0-b3f9-4a33-aabe-3e5b73b28b1f.fieldLayouts.155a8a2d-a970-4944-9b1d-9eee31875d29.tabs.0.elements.0.autocapitalize','true'),('entryTypes.0c68a5e0-b3f9-4a33-aabe-3e5b73b28b1f.fieldLayouts.155a8a2d-a970-4944-9b1d-9eee31875d29.tabs.0.elements.0.autocomplete','false'),('entryTypes.0c68a5e0-b3f9-4a33-aabe-3e5b73b28b1f.fieldLayouts.155a8a2d-a970-4944-9b1d-9eee31875d29.tabs.0.elements.0.autocorrect','true'),('entryTypes.0c68a5e0-b3f9-4a33-aabe-3e5b73b28b1f.fieldLayouts.155a8a2d-a970-4944-9b1d-9eee31875d29.tabs.0.elements.0.class','null'),('entryTypes.0c68a5e0-b3f9-4a33-aabe-3e5b73b28b1f.fieldLayouts.155a8a2d-a970-4944-9b1d-9eee31875d29.tabs.0.elements.0.disabled','false'),('entryTypes.0c68a5e0-b3f9-4a33-aabe-3e5b73b28b1f.fieldLayouts.155a8a2d-a970-4944-9b1d-9eee31875d29.tabs.0.elements.0.elementCondition','null'),('entryTypes.0c68a5e0-b3f9-4a33-aabe-3e5b73b28b1f.fieldLayouts.155a8a2d-a970-4944-9b1d-9eee31875d29.tabs.0.elements.0.id','null'),('entryTypes.0c68a5e0-b3f9-4a33-aabe-3e5b73b28b1f.fieldLayouts.155a8a2d-a970-4944-9b1d-9eee31875d29.tabs.0.elements.0.instructions','null'),('entryTypes.0c68a5e0-b3f9-4a33-aabe-3e5b73b28b1f.fieldLayouts.155a8a2d-a970-4944-9b1d-9eee31875d29.tabs.0.elements.0.label','null'),('entryTypes.0c68a5e0-b3f9-4a33-aabe-3e5b73b28b1f.fieldLayouts.155a8a2d-a970-4944-9b1d-9eee31875d29.tabs.0.elements.0.max','null'),('entryTypes.0c68a5e0-b3f9-4a33-aabe-3e5b73b28b1f.fieldLayouts.155a8a2d-a970-4944-9b1d-9eee31875d29.tabs.0.elements.0.min','null'),('entryTypes.0c68a5e0-b3f9-4a33-aabe-3e5b73b28b1f.fieldLayouts.155a8a2d-a970-4944-9b1d-9eee31875d29.tabs.0.elements.0.name','null'),('entryTypes.0c68a5e0-b3f9-4a33-aabe-3e5b73b28b1f.fieldLayouts.155a8a2d-a970-4944-9b1d-9eee31875d29.tabs.0.elements.0.orientation','null'),('entryTypes.0c68a5e0-b3f9-4a33-aabe-3e5b73b28b1f.fieldLayouts.155a8a2d-a970-4944-9b1d-9eee31875d29.tabs.0.elements.0.placeholder','null'),('entryTypes.0c68a5e0-b3f9-4a33-aabe-3e5b73b28b1f.fieldLayouts.155a8a2d-a970-4944-9b1d-9eee31875d29.tabs.0.elements.0.readonly','false'),('entryTypes.0c68a5e0-b3f9-4a33-aabe-3e5b73b28b1f.fieldLayouts.155a8a2d-a970-4944-9b1d-9eee31875d29.tabs.0.elements.0.requirable','false'),('entryTypes.0c68a5e0-b3f9-4a33-aabe-3e5b73b28b1f.fieldLayouts.155a8a2d-a970-4944-9b1d-9eee31875d29.tabs.0.elements.0.size','null'),('entryTypes.0c68a5e0-b3f9-4a33-aabe-3e5b73b28b1f.fieldLayouts.155a8a2d-a970-4944-9b1d-9eee31875d29.tabs.0.elements.0.step','null'),('entryTypes.0c68a5e0-b3f9-4a33-aabe-3e5b73b28b1f.fieldLayouts.155a8a2d-a970-4944-9b1d-9eee31875d29.tabs.0.elements.0.tip','null'),('entryTypes.0c68a5e0-b3f9-4a33-aabe-3e5b73b28b1f.fieldLayouts.155a8a2d-a970-4944-9b1d-9eee31875d29.tabs.0.elements.0.title','null'),('entryTypes.0c68a5e0-b3f9-4a33-aabe-3e5b73b28b1f.fieldLayouts.155a8a2d-a970-4944-9b1d-9eee31875d29.tabs.0.elements.0.type','\"craft\\\\fieldlayoutelements\\\\entries\\\\EntryTitleField\"'),('entryTypes.0c68a5e0-b3f9-4a33-aabe-3e5b73b28b1f.fieldLayouts.155a8a2d-a970-4944-9b1d-9eee31875d29.tabs.0.elements.0.uid','\"94f4ff7e-4f12-43d6-b073-d09bbcccc1cc\"'),('entryTypes.0c68a5e0-b3f9-4a33-aabe-3e5b73b28b1f.fieldLayouts.155a8a2d-a970-4944-9b1d-9eee31875d29.tabs.0.elements.0.userCondition','null'),('entryTypes.0c68a5e0-b3f9-4a33-aabe-3e5b73b28b1f.fieldLayouts.155a8a2d-a970-4944-9b1d-9eee31875d29.tabs.0.elements.0.warning','null'),('entryTypes.0c68a5e0-b3f9-4a33-aabe-3e5b73b28b1f.fieldLayouts.155a8a2d-a970-4944-9b1d-9eee31875d29.tabs.0.elements.0.width','100'),('entryTypes.0c68a5e0-b3f9-4a33-aabe-3e5b73b28b1f.fieldLayouts.155a8a2d-a970-4944-9b1d-9eee31875d29.tabs.0.elements.1.elementCondition','null'),('entryTypes.0c68a5e0-b3f9-4a33-aabe-3e5b73b28b1f.fieldLayouts.155a8a2d-a970-4944-9b1d-9eee31875d29.tabs.0.elements.1.fieldUid','\"d154cb46-0658-4a4d-b639-fc5d571b2068\"'),('entryTypes.0c68a5e0-b3f9-4a33-aabe-3e5b73b28b1f.fieldLayouts.155a8a2d-a970-4944-9b1d-9eee31875d29.tabs.0.elements.1.instructions','null'),('entryTypes.0c68a5e0-b3f9-4a33-aabe-3e5b73b28b1f.fieldLayouts.155a8a2d-a970-4944-9b1d-9eee31875d29.tabs.0.elements.1.label','null'),('entryTypes.0c68a5e0-b3f9-4a33-aabe-3e5b73b28b1f.fieldLayouts.155a8a2d-a970-4944-9b1d-9eee31875d29.tabs.0.elements.1.required','false'),('entryTypes.0c68a5e0-b3f9-4a33-aabe-3e5b73b28b1f.fieldLayouts.155a8a2d-a970-4944-9b1d-9eee31875d29.tabs.0.elements.1.tip','null'),('entryTypes.0c68a5e0-b3f9-4a33-aabe-3e5b73b28b1f.fieldLayouts.155a8a2d-a970-4944-9b1d-9eee31875d29.tabs.0.elements.1.type','\"craft\\\\fieldlayoutelements\\\\CustomField\"'),('entryTypes.0c68a5e0-b3f9-4a33-aabe-3e5b73b28b1f.fieldLayouts.155a8a2d-a970-4944-9b1d-9eee31875d29.tabs.0.elements.1.uid','\"92ef3bed-6158-4968-8218-c177743f4331\"'),('entryTypes.0c68a5e0-b3f9-4a33-aabe-3e5b73b28b1f.fieldLayouts.155a8a2d-a970-4944-9b1d-9eee31875d29.tabs.0.elements.1.userCondition','null'),('entryTypes.0c68a5e0-b3f9-4a33-aabe-3e5b73b28b1f.fieldLayouts.155a8a2d-a970-4944-9b1d-9eee31875d29.tabs.0.elements.1.warning','null'),('entryTypes.0c68a5e0-b3f9-4a33-aabe-3e5b73b28b1f.fieldLayouts.155a8a2d-a970-4944-9b1d-9eee31875d29.tabs.0.elements.1.width','100'),('entryTypes.0c68a5e0-b3f9-4a33-aabe-3e5b73b28b1f.fieldLayouts.155a8a2d-a970-4944-9b1d-9eee31875d29.tabs.0.elements.2.elementCondition','null'),('entryTypes.0c68a5e0-b3f9-4a33-aabe-3e5b73b28b1f.fieldLayouts.155a8a2d-a970-4944-9b1d-9eee31875d29.tabs.0.elements.2.fieldUid','\"92611fbd-cd77-4a35-b6a0-16b739c62792\"'),('entryTypes.0c68a5e0-b3f9-4a33-aabe-3e5b73b28b1f.fieldLayouts.155a8a2d-a970-4944-9b1d-9eee31875d29.tabs.0.elements.2.instructions','null'),('entryTypes.0c68a5e0-b3f9-4a33-aabe-3e5b73b28b1f.fieldLayouts.155a8a2d-a970-4944-9b1d-9eee31875d29.tabs.0.elements.2.label','null'),('entryTypes.0c68a5e0-b3f9-4a33-aabe-3e5b73b28b1f.fieldLayouts.155a8a2d-a970-4944-9b1d-9eee31875d29.tabs.0.elements.2.required','false'),('entryTypes.0c68a5e0-b3f9-4a33-aabe-3e5b73b28b1f.fieldLayouts.155a8a2d-a970-4944-9b1d-9eee31875d29.tabs.0.elements.2.tip','null'),('entryTypes.0c68a5e0-b3f9-4a33-aabe-3e5b73b28b1f.fieldLayouts.155a8a2d-a970-4944-9b1d-9eee31875d29.tabs.0.elements.2.type','\"craft\\\\fieldlayoutelements\\\\CustomField\"'),('entryTypes.0c68a5e0-b3f9-4a33-aabe-3e5b73b28b1f.fieldLayouts.155a8a2d-a970-4944-9b1d-9eee31875d29.tabs.0.elements.2.uid','\"9a170ed9-ab1a-4697-80ac-c7ea1bc0fb81\"'),('entryTypes.0c68a5e0-b3f9-4a33-aabe-3e5b73b28b1f.fieldLayouts.155a8a2d-a970-4944-9b1d-9eee31875d29.tabs.0.elements.2.userCondition','null'),('entryTypes.0c68a5e0-b3f9-4a33-aabe-3e5b73b28b1f.fieldLayouts.155a8a2d-a970-4944-9b1d-9eee31875d29.tabs.0.elements.2.warning','null'),('entryTypes.0c68a5e0-b3f9-4a33-aabe-3e5b73b28b1f.fieldLayouts.155a8a2d-a970-4944-9b1d-9eee31875d29.tabs.0.elements.2.width','100'),('entryTypes.0c68a5e0-b3f9-4a33-aabe-3e5b73b28b1f.fieldLayouts.155a8a2d-a970-4944-9b1d-9eee31875d29.tabs.0.name','\"Content\"'),('entryTypes.0c68a5e0-b3f9-4a33-aabe-3e5b73b28b1f.fieldLayouts.155a8a2d-a970-4944-9b1d-9eee31875d29.tabs.0.uid','\"19916304-f072-44a0-8e34-4e257dc2234d\"'),('entryTypes.0c68a5e0-b3f9-4a33-aabe-3e5b73b28b1f.fieldLayouts.155a8a2d-a970-4944-9b1d-9eee31875d29.tabs.0.userCondition','null'),('entryTypes.0c68a5e0-b3f9-4a33-aabe-3e5b73b28b1f.handle','\"home\"'),('entryTypes.0c68a5e0-b3f9-4a33-aabe-3e5b73b28b1f.hasTitleField','true'),('entryTypes.0c68a5e0-b3f9-4a33-aabe-3e5b73b28b1f.name','\"Home\"'),('entryTypes.0c68a5e0-b3f9-4a33-aabe-3e5b73b28b1f.section','\"1f5fb23e-b966-45c3-8e34-56c5b736cb54\"'),('entryTypes.0c68a5e0-b3f9-4a33-aabe-3e5b73b28b1f.showStatusField','true'),('entryTypes.0c68a5e0-b3f9-4a33-aabe-3e5b73b28b1f.slugTranslationKeyFormat','null'),('entryTypes.0c68a5e0-b3f9-4a33-aabe-3e5b73b28b1f.slugTranslationMethod','\"site\"'),('entryTypes.0c68a5e0-b3f9-4a33-aabe-3e5b73b28b1f.sortOrder','1'),('entryTypes.0c68a5e0-b3f9-4a33-aabe-3e5b73b28b1f.titleFormat','\"{section.name|raw}\"'),('entryTypes.0c68a5e0-b3f9-4a33-aabe-3e5b73b28b1f.titleTranslationKeyFormat','null'),('entryTypes.0c68a5e0-b3f9-4a33-aabe-3e5b73b28b1f.titleTranslationMethod','\"site\"'),('fieldGroups.1207495d-4a2b-46de-958c-1c85f4805b46.name','\"Users\"'),('fieldGroups.796ebb32-1bb6-458e-8c7c-c7e90fd28ea0.name','\"Common\"'),('fieldGroups.a2984693-84aa-4038-aeab-1e1778f19950.name','\"Modals\"'),('fieldGroups.e6d1e6f8-0f0a-449d-ae1e-19e8a4ce5125.name','\"Info\"'),('fields.026d0eae-5afb-4069-9cd5-bf1d32f5a50d.columnSuffix','\"wbasblra\"'),('fields.026d0eae-5afb-4069-9cd5-bf1d32f5a50d.contentColumnType','\"text\"'),('fields.026d0eae-5afb-4069-9cd5-bf1d32f5a50d.fieldGroup','\"e6d1e6f8-0f0a-449d-ae1e-19e8a4ce5125\"'),('fields.026d0eae-5afb-4069-9cd5-bf1d32f5a50d.handle','\"muscleAtrophyBody\"'),('fields.026d0eae-5afb-4069-9cd5-bf1d32f5a50d.instructions','null'),('fields.026d0eae-5afb-4069-9cd5-bf1d32f5a50d.name','\"Muscle Atrophy Body\"'),('fields.026d0eae-5afb-4069-9cd5-bf1d32f5a50d.searchable','false'),('fields.026d0eae-5afb-4069-9cd5-bf1d32f5a50d.settings.availableTransforms','\"\"'),('fields.026d0eae-5afb-4069-9cd5-bf1d32f5a50d.settings.availableVolumes','\"\"'),('fields.026d0eae-5afb-4069-9cd5-bf1d32f5a50d.settings.columnType','\"text\"'),('fields.026d0eae-5afb-4069-9cd5-bf1d32f5a50d.settings.configSelectionMode','\"choose\"'),('fields.026d0eae-5afb-4069-9cd5-bf1d32f5a50d.settings.defaultTransform','\"\"'),('fields.026d0eae-5afb-4069-9cd5-bf1d32f5a50d.settings.manualConfig','\"\"'),('fields.026d0eae-5afb-4069-9cd5-bf1d32f5a50d.settings.purifierConfig','null'),('fields.026d0eae-5afb-4069-9cd5-bf1d32f5a50d.settings.purifyHtml','true'),('fields.026d0eae-5afb-4069-9cd5-bf1d32f5a50d.settings.redactorConfig','\"SimpleULLink.json\"'),('fields.026d0eae-5afb-4069-9cd5-bf1d32f5a50d.settings.removeEmptyTags','false'),('fields.026d0eae-5afb-4069-9cd5-bf1d32f5a50d.settings.removeInlineStyles','false'),('fields.026d0eae-5afb-4069-9cd5-bf1d32f5a50d.settings.removeNbsp','false'),('fields.026d0eae-5afb-4069-9cd5-bf1d32f5a50d.settings.showHtmlButtonForNonAdmins','false'),('fields.026d0eae-5afb-4069-9cd5-bf1d32f5a50d.settings.showUnpermittedFiles','false'),('fields.026d0eae-5afb-4069-9cd5-bf1d32f5a50d.settings.showUnpermittedVolumes','false'),('fields.026d0eae-5afb-4069-9cd5-bf1d32f5a50d.settings.uiMode','\"enlarged\"'),('fields.026d0eae-5afb-4069-9cd5-bf1d32f5a50d.translationKeyFormat','null'),('fields.026d0eae-5afb-4069-9cd5-bf1d32f5a50d.translationMethod','\"none\"'),('fields.026d0eae-5afb-4069-9cd5-bf1d32f5a50d.type','\"craft\\\\redactor\\\\Field\"'),('fields.0365e712-05f5-4a76-bc8a-9d16a7f3cd0b.columnSuffix','\"kzapbbiu\"'),('fields.0365e712-05f5-4a76-bc8a-9d16a7f3cd0b.contentColumnType','\"boolean\"'),('fields.0365e712-05f5-4a76-bc8a-9d16a7f3cd0b.fieldGroup','\"e6d1e6f8-0f0a-449d-ae1e-19e8a4ce5125\"'),('fields.0365e712-05f5-4a76-bc8a-9d16a7f3cd0b.handle','\"swellingEnabled\"'),('fields.0365e712-05f5-4a76-bc8a-9d16a7f3cd0b.instructions','null'),('fields.0365e712-05f5-4a76-bc8a-9d16a7f3cd0b.name','\"Swelling Enabled \"'),('fields.0365e712-05f5-4a76-bc8a-9d16a7f3cd0b.searchable','false'),('fields.0365e712-05f5-4a76-bc8a-9d16a7f3cd0b.settings.default','true'),('fields.0365e712-05f5-4a76-bc8a-9d16a7f3cd0b.settings.offLabel','null'),('fields.0365e712-05f5-4a76-bc8a-9d16a7f3cd0b.settings.onLabel','null'),('fields.0365e712-05f5-4a76-bc8a-9d16a7f3cd0b.translationKeyFormat','null'),('fields.0365e712-05f5-4a76-bc8a-9d16a7f3cd0b.translationMethod','\"none\"'),('fields.0365e712-05f5-4a76-bc8a-9d16a7f3cd0b.type','\"craft\\\\fields\\\\Lightswitch\"'),('fields.03c591e0-825b-4b65-b2a0-32f42af07c57.columnSuffix','\"nhxidvzk\"'),('fields.03c591e0-825b-4b65-b2a0-32f42af07c57.contentColumnType','\"text\"'),('fields.03c591e0-825b-4b65-b2a0-32f42af07c57.fieldGroup','\"a2984693-84aa-4038-aeab-1e1778f19950\"'),('fields.03c591e0-825b-4b65-b2a0-32f42af07c57.handle','\"postLoginDoneButtonLabel\"'),('fields.03c591e0-825b-4b65-b2a0-32f42af07c57.instructions','null'),('fields.03c591e0-825b-4b65-b2a0-32f42af07c57.name','\"Post Login Done Button Label\"'),('fields.03c591e0-825b-4b65-b2a0-32f42af07c57.searchable','false'),('fields.03c591e0-825b-4b65-b2a0-32f42af07c57.settings.byteLimit','null'),('fields.03c591e0-825b-4b65-b2a0-32f42af07c57.settings.charLimit','null'),('fields.03c591e0-825b-4b65-b2a0-32f42af07c57.settings.code','false'),('fields.03c591e0-825b-4b65-b2a0-32f42af07c57.settings.columnType','null'),('fields.03c591e0-825b-4b65-b2a0-32f42af07c57.settings.initialRows','4'),('fields.03c591e0-825b-4b65-b2a0-32f42af07c57.settings.multiline','false'),('fields.03c591e0-825b-4b65-b2a0-32f42af07c57.settings.placeholder','null'),('fields.03c591e0-825b-4b65-b2a0-32f42af07c57.settings.uiMode','\"normal\"'),('fields.03c591e0-825b-4b65-b2a0-32f42af07c57.translationKeyFormat','null'),('fields.03c591e0-825b-4b65-b2a0-32f42af07c57.translationMethod','\"none\"'),('fields.03c591e0-825b-4b65-b2a0-32f42af07c57.type','\"craft\\\\fields\\\\PlainText\"'),('fields.0b6163ba-b9ed-4ca8-9991-e3c31f286fcc.columnSuffix','\"vjtkxklh\"'),('fields.0b6163ba-b9ed-4ca8-9991-e3c31f286fcc.contentColumnType','\"text\"'),('fields.0b6163ba-b9ed-4ca8-9991-e3c31f286fcc.fieldGroup','\"e6d1e6f8-0f0a-449d-ae1e-19e8a4ce5125\"'),('fields.0b6163ba-b9ed-4ca8-9991-e3c31f286fcc.handle','\"rangeOfMotionBody\"'),('fields.0b6163ba-b9ed-4ca8-9991-e3c31f286fcc.instructions','null'),('fields.0b6163ba-b9ed-4ca8-9991-e3c31f286fcc.name','\"Range of Motion Body\"'),('fields.0b6163ba-b9ed-4ca8-9991-e3c31f286fcc.searchable','false'),('fields.0b6163ba-b9ed-4ca8-9991-e3c31f286fcc.settings.availableTransforms','\"\"'),('fields.0b6163ba-b9ed-4ca8-9991-e3c31f286fcc.settings.availableVolumes','\"\"'),('fields.0b6163ba-b9ed-4ca8-9991-e3c31f286fcc.settings.columnType','\"text\"'),('fields.0b6163ba-b9ed-4ca8-9991-e3c31f286fcc.settings.configSelectionMode','\"choose\"'),('fields.0b6163ba-b9ed-4ca8-9991-e3c31f286fcc.settings.defaultTransform','\"\"'),('fields.0b6163ba-b9ed-4ca8-9991-e3c31f286fcc.settings.manualConfig','\"\"'),('fields.0b6163ba-b9ed-4ca8-9991-e3c31f286fcc.settings.purifierConfig','null'),('fields.0b6163ba-b9ed-4ca8-9991-e3c31f286fcc.settings.purifyHtml','true'),('fields.0b6163ba-b9ed-4ca8-9991-e3c31f286fcc.settings.redactorConfig','\"SimpleULLink.json\"'),('fields.0b6163ba-b9ed-4ca8-9991-e3c31f286fcc.settings.removeEmptyTags','false'),('fields.0b6163ba-b9ed-4ca8-9991-e3c31f286fcc.settings.removeInlineStyles','false'),('fields.0b6163ba-b9ed-4ca8-9991-e3c31f286fcc.settings.removeNbsp','false'),('fields.0b6163ba-b9ed-4ca8-9991-e3c31f286fcc.settings.showHtmlButtonForNonAdmins','false'),('fields.0b6163ba-b9ed-4ca8-9991-e3c31f286fcc.settings.showUnpermittedFiles','false'),('fields.0b6163ba-b9ed-4ca8-9991-e3c31f286fcc.settings.showUnpermittedVolumes','false'),('fields.0b6163ba-b9ed-4ca8-9991-e3c31f286fcc.settings.uiMode','\"enlarged\"'),('fields.0b6163ba-b9ed-4ca8-9991-e3c31f286fcc.translationKeyFormat','null'),('fields.0b6163ba-b9ed-4ca8-9991-e3c31f286fcc.translationMethod','\"none\"'),('fields.0b6163ba-b9ed-4ca8-9991-e3c31f286fcc.type','\"craft\\\\redactor\\\\Field\"'),('fields.0eeb101b-81d9-4178-8623-129a53ff4f4f.columnSuffix','\"egrrprlz\"'),('fields.0eeb101b-81d9-4178-8623-129a53ff4f4f.contentColumnType','\"text\"'),('fields.0eeb101b-81d9-4178-8623-129a53ff4f4f.fieldGroup','\"e6d1e6f8-0f0a-449d-ae1e-19e8a4ce5125\"'),('fields.0eeb101b-81d9-4178-8623-129a53ff4f4f.handle','\"crepitusOnMotionHeading\"'),('fields.0eeb101b-81d9-4178-8623-129a53ff4f4f.instructions','null'),('fields.0eeb101b-81d9-4178-8623-129a53ff4f4f.name','\"Crepitus on Motion Heading \"'),('fields.0eeb101b-81d9-4178-8623-129a53ff4f4f.searchable','false'),('fields.0eeb101b-81d9-4178-8623-129a53ff4f4f.settings.byteLimit','null'),('fields.0eeb101b-81d9-4178-8623-129a53ff4f4f.settings.charLimit','null'),('fields.0eeb101b-81d9-4178-8623-129a53ff4f4f.settings.code','false'),('fields.0eeb101b-81d9-4178-8623-129a53ff4f4f.settings.columnType','null'),('fields.0eeb101b-81d9-4178-8623-129a53ff4f4f.settings.initialRows','4'),('fields.0eeb101b-81d9-4178-8623-129a53ff4f4f.settings.multiline','false'),('fields.0eeb101b-81d9-4178-8623-129a53ff4f4f.settings.placeholder','null'),('fields.0eeb101b-81d9-4178-8623-129a53ff4f4f.settings.uiMode','\"normal\"'),('fields.0eeb101b-81d9-4178-8623-129a53ff4f4f.translationKeyFormat','null'),('fields.0eeb101b-81d9-4178-8623-129a53ff4f4f.translationMethod','\"none\"'),('fields.0eeb101b-81d9-4178-8623-129a53ff4f4f.type','\"craft\\\\fields\\\\PlainText\"'),('fields.1264c252-45b8-4f18-b1a8-e7bb4eab4dc3.columnSuffix','\"ydvergik\"'),('fields.1264c252-45b8-4f18-b1a8-e7bb4eab4dc3.contentColumnType','\"text\"'),('fields.1264c252-45b8-4f18-b1a8-e7bb4eab4dc3.fieldGroup','\"a2984693-84aa-4038-aeab-1e1778f19950\"'),('fields.1264c252-45b8-4f18-b1a8-e7bb4eab4dc3.handle','\"postLoginBody\"'),('fields.1264c252-45b8-4f18-b1a8-e7bb4eab4dc3.instructions','null'),('fields.1264c252-45b8-4f18-b1a8-e7bb4eab4dc3.name','\"Post Login Body\"'),('fields.1264c252-45b8-4f18-b1a8-e7bb4eab4dc3.searchable','false'),('fields.1264c252-45b8-4f18-b1a8-e7bb4eab4dc3.settings.availableTransforms','\"\"'),('fields.1264c252-45b8-4f18-b1a8-e7bb4eab4dc3.settings.availableVolumes','\"\"'),('fields.1264c252-45b8-4f18-b1a8-e7bb4eab4dc3.settings.columnType','\"text\"'),('fields.1264c252-45b8-4f18-b1a8-e7bb4eab4dc3.settings.configSelectionMode','\"choose\"'),('fields.1264c252-45b8-4f18-b1a8-e7bb4eab4dc3.settings.defaultTransform','\"\"'),('fields.1264c252-45b8-4f18-b1a8-e7bb4eab4dc3.settings.manualConfig','\"\"'),('fields.1264c252-45b8-4f18-b1a8-e7bb4eab4dc3.settings.purifierConfig','null'),('fields.1264c252-45b8-4f18-b1a8-e7bb4eab4dc3.settings.purifyHtml','true'),('fields.1264c252-45b8-4f18-b1a8-e7bb4eab4dc3.settings.redactorConfig','\"SimpleULLink.json\"'),('fields.1264c252-45b8-4f18-b1a8-e7bb4eab4dc3.settings.removeEmptyTags','false'),('fields.1264c252-45b8-4f18-b1a8-e7bb4eab4dc3.settings.removeInlineStyles','false'),('fields.1264c252-45b8-4f18-b1a8-e7bb4eab4dc3.settings.removeNbsp','false'),('fields.1264c252-45b8-4f18-b1a8-e7bb4eab4dc3.settings.showHtmlButtonForNonAdmins','false'),('fields.1264c252-45b8-4f18-b1a8-e7bb4eab4dc3.settings.showUnpermittedFiles','false'),('fields.1264c252-45b8-4f18-b1a8-e7bb4eab4dc3.settings.showUnpermittedVolumes','false'),('fields.1264c252-45b8-4f18-b1a8-e7bb4eab4dc3.settings.uiMode','\"enlarged\"'),('fields.1264c252-45b8-4f18-b1a8-e7bb4eab4dc3.translationKeyFormat','null'),('fields.1264c252-45b8-4f18-b1a8-e7bb4eab4dc3.translationMethod','\"none\"'),('fields.1264c252-45b8-4f18-b1a8-e7bb4eab4dc3.type','\"craft\\\\redactor\\\\Field\"'),('fields.133d564a-a85c-42f4-8b92-53bb341708eb.columnSuffix','\"uixrmrpu\"'),('fields.133d564a-a85c-42f4-8b92-53bb341708eb.contentColumnType','\"text\"'),('fields.133d564a-a85c-42f4-8b92-53bb341708eb.fieldGroup','\"e6d1e6f8-0f0a-449d-ae1e-19e8a4ce5125\"'),('fields.133d564a-a85c-42f4-8b92-53bb341708eb.handle','\"muscleAtrophyHeading\"'),('fields.133d564a-a85c-42f4-8b92-53bb341708eb.instructions','null'),('fields.133d564a-a85c-42f4-8b92-53bb341708eb.name','\"Muscle Atrophy Heading \"'),('fields.133d564a-a85c-42f4-8b92-53bb341708eb.searchable','false'),('fields.133d564a-a85c-42f4-8b92-53bb341708eb.settings.byteLimit','null'),('fields.133d564a-a85c-42f4-8b92-53bb341708eb.settings.charLimit','null'),('fields.133d564a-a85c-42f4-8b92-53bb341708eb.settings.code','false'),('fields.133d564a-a85c-42f4-8b92-53bb341708eb.settings.columnType','null'),('fields.133d564a-a85c-42f4-8b92-53bb341708eb.settings.initialRows','4'),('fields.133d564a-a85c-42f4-8b92-53bb341708eb.settings.multiline','false'),('fields.133d564a-a85c-42f4-8b92-53bb341708eb.settings.placeholder','null'),('fields.133d564a-a85c-42f4-8b92-53bb341708eb.settings.uiMode','\"normal\"'),('fields.133d564a-a85c-42f4-8b92-53bb341708eb.translationKeyFormat','null'),('fields.133d564a-a85c-42f4-8b92-53bb341708eb.translationMethod','\"none\"'),('fields.133d564a-a85c-42f4-8b92-53bb341708eb.type','\"craft\\\\fields\\\\PlainText\"'),('fields.1ec3ffb8-452d-42fe-939a-6f54560be253.columnSuffix','\"jklccfev\"'),('fields.1ec3ffb8-452d-42fe-939a-6f54560be253.contentColumnType','\"text\"'),('fields.1ec3ffb8-452d-42fe-939a-6f54560be253.fieldGroup','\"a2984693-84aa-4038-aeab-1e1778f19950\"'),('fields.1ec3ffb8-452d-42fe-939a-6f54560be253.handle','\"recentJointOrMuscleBleedsBody\"'),('fields.1ec3ffb8-452d-42fe-939a-6f54560be253.instructions','null'),('fields.1ec3ffb8-452d-42fe-939a-6f54560be253.name','\"Recent joint or muscle bleeds Body\"'),('fields.1ec3ffb8-452d-42fe-939a-6f54560be253.searchable','false'),('fields.1ec3ffb8-452d-42fe-939a-6f54560be253.settings.availableTransforms','\"\"'),('fields.1ec3ffb8-452d-42fe-939a-6f54560be253.settings.availableVolumes','\"\"'),('fields.1ec3ffb8-452d-42fe-939a-6f54560be253.settings.columnType','\"text\"'),('fields.1ec3ffb8-452d-42fe-939a-6f54560be253.settings.configSelectionMode','\"choose\"'),('fields.1ec3ffb8-452d-42fe-939a-6f54560be253.settings.defaultTransform','\"\"'),('fields.1ec3ffb8-452d-42fe-939a-6f54560be253.settings.manualConfig','\"\"'),('fields.1ec3ffb8-452d-42fe-939a-6f54560be253.settings.purifierConfig','null'),('fields.1ec3ffb8-452d-42fe-939a-6f54560be253.settings.purifyHtml','true'),('fields.1ec3ffb8-452d-42fe-939a-6f54560be253.settings.redactorConfig','\"SimpleULLink.json\"'),('fields.1ec3ffb8-452d-42fe-939a-6f54560be253.settings.removeEmptyTags','false'),('fields.1ec3ffb8-452d-42fe-939a-6f54560be253.settings.removeInlineStyles','false'),('fields.1ec3ffb8-452d-42fe-939a-6f54560be253.settings.removeNbsp','false'),('fields.1ec3ffb8-452d-42fe-939a-6f54560be253.settings.showHtmlButtonForNonAdmins','false'),('fields.1ec3ffb8-452d-42fe-939a-6f54560be253.settings.showUnpermittedFiles','false'),('fields.1ec3ffb8-452d-42fe-939a-6f54560be253.settings.showUnpermittedVolumes','false'),('fields.1ec3ffb8-452d-42fe-939a-6f54560be253.settings.uiMode','\"enlarged\"'),('fields.1ec3ffb8-452d-42fe-939a-6f54560be253.translationKeyFormat','null'),('fields.1ec3ffb8-452d-42fe-939a-6f54560be253.translationMethod','\"none\"'),('fields.1ec3ffb8-452d-42fe-939a-6f54560be253.type','\"craft\\\\redactor\\\\Field\"'),('fields.273ca334-f1c3-4962-9aa5-394036547f8b.columnSuffix','null'),('fields.273ca334-f1c3-4962-9aa5-394036547f8b.contentColumnType','\"text\"'),('fields.273ca334-f1c3-4962-9aa5-394036547f8b.fieldGroup','\"e6d1e6f8-0f0a-449d-ae1e-19e8a4ce5125\"'),('fields.273ca334-f1c3-4962-9aa5-394036547f8b.handle','\"swellingHeading\"'),('fields.273ca334-f1c3-4962-9aa5-394036547f8b.instructions','null'),('fields.273ca334-f1c3-4962-9aa5-394036547f8b.name','\"Swelling Heading \"'),('fields.273ca334-f1c3-4962-9aa5-394036547f8b.searchable','false'),('fields.273ca334-f1c3-4962-9aa5-394036547f8b.settings.byteLimit','null'),('fields.273ca334-f1c3-4962-9aa5-394036547f8b.settings.charLimit','null'),('fields.273ca334-f1c3-4962-9aa5-394036547f8b.settings.code','false'),('fields.273ca334-f1c3-4962-9aa5-394036547f8b.settings.columnType','null'),('fields.273ca334-f1c3-4962-9aa5-394036547f8b.settings.initialRows','4'),('fields.273ca334-f1c3-4962-9aa5-394036547f8b.settings.multiline','false'),('fields.273ca334-f1c3-4962-9aa5-394036547f8b.settings.placeholder','null'),('fields.273ca334-f1c3-4962-9aa5-394036547f8b.settings.uiMode','\"normal\"'),('fields.273ca334-f1c3-4962-9aa5-394036547f8b.translationKeyFormat','null'),('fields.273ca334-f1c3-4962-9aa5-394036547f8b.translationMethod','\"none\"'),('fields.273ca334-f1c3-4962-9aa5-394036547f8b.type','\"craft\\\\fields\\\\PlainText\"'),('fields.2b4e047a-13e2-48c8-a637-c7552fade561.columnSuffix','\"xrsjlmjb\"'),('fields.2b4e047a-13e2-48c8-a637-c7552fade561.contentColumnType','\"text\"'),('fields.2b4e047a-13e2-48c8-a637-c7552fade561.fieldGroup','\"e6d1e6f8-0f0a-449d-ae1e-19e8a4ce5125\"'),('fields.2b4e047a-13e2-48c8-a637-c7552fade561.handle','\"jointPainBody\"'),('fields.2b4e047a-13e2-48c8-a637-c7552fade561.instructions','null'),('fields.2b4e047a-13e2-48c8-a637-c7552fade561.name','\"Joint Pain Body\"'),('fields.2b4e047a-13e2-48c8-a637-c7552fade561.searchable','false'),('fields.2b4e047a-13e2-48c8-a637-c7552fade561.settings.availableTransforms','\"\"'),('fields.2b4e047a-13e2-48c8-a637-c7552fade561.settings.availableVolumes','\"\"'),('fields.2b4e047a-13e2-48c8-a637-c7552fade561.settings.columnType','\"text\"'),('fields.2b4e047a-13e2-48c8-a637-c7552fade561.settings.configSelectionMode','\"choose\"'),('fields.2b4e047a-13e2-48c8-a637-c7552fade561.settings.defaultTransform','\"\"'),('fields.2b4e047a-13e2-48c8-a637-c7552fade561.settings.manualConfig','\"\"'),('fields.2b4e047a-13e2-48c8-a637-c7552fade561.settings.purifierConfig','null'),('fields.2b4e047a-13e2-48c8-a637-c7552fade561.settings.purifyHtml','true'),('fields.2b4e047a-13e2-48c8-a637-c7552fade561.settings.redactorConfig','\"SimpleULLink.json\"'),('fields.2b4e047a-13e2-48c8-a637-c7552fade561.settings.removeEmptyTags','false'),('fields.2b4e047a-13e2-48c8-a637-c7552fade561.settings.removeInlineStyles','false'),('fields.2b4e047a-13e2-48c8-a637-c7552fade561.settings.removeNbsp','false'),('fields.2b4e047a-13e2-48c8-a637-c7552fade561.settings.showHtmlButtonForNonAdmins','false'),('fields.2b4e047a-13e2-48c8-a637-c7552fade561.settings.showUnpermittedFiles','false'),('fields.2b4e047a-13e2-48c8-a637-c7552fade561.settings.showUnpermittedVolumes','false'),('fields.2b4e047a-13e2-48c8-a637-c7552fade561.settings.uiMode','\"enlarged\"'),('fields.2b4e047a-13e2-48c8-a637-c7552fade561.translationKeyFormat','null'),('fields.2b4e047a-13e2-48c8-a637-c7552fade561.translationMethod','\"none\"'),('fields.2b4e047a-13e2-48c8-a637-c7552fade561.type','\"craft\\\\redactor\\\\Field\"'),('fields.2e3620ac-34f9-4a55-a693-9306091e82d3.columnSuffix','\"udkjautv\"'),('fields.2e3620ac-34f9-4a55-a693-9306091e82d3.contentColumnType','\"boolean\"'),('fields.2e3620ac-34f9-4a55-a693-9306091e82d3.fieldGroup','\"e6d1e6f8-0f0a-449d-ae1e-19e8a4ce5125\"'),('fields.2e3620ac-34f9-4a55-a693-9306091e82d3.handle','\"crepitusOnMotionEnabled\"'),('fields.2e3620ac-34f9-4a55-a693-9306091e82d3.instructions','null'),('fields.2e3620ac-34f9-4a55-a693-9306091e82d3.name','\"Crepitus on Motion Enabled \"'),('fields.2e3620ac-34f9-4a55-a693-9306091e82d3.searchable','false'),('fields.2e3620ac-34f9-4a55-a693-9306091e82d3.settings.default','true'),('fields.2e3620ac-34f9-4a55-a693-9306091e82d3.settings.offLabel','null'),('fields.2e3620ac-34f9-4a55-a693-9306091e82d3.settings.onLabel','null'),('fields.2e3620ac-34f9-4a55-a693-9306091e82d3.translationKeyFormat','null'),('fields.2e3620ac-34f9-4a55-a693-9306091e82d3.translationMethod','\"none\"'),('fields.2e3620ac-34f9-4a55-a693-9306091e82d3.type','\"craft\\\\fields\\\\Lightswitch\"'),('fields.3215de26-743e-4719-a5d0-faac6e96eabb.columnSuffix','\"xxezziby\"'),('fields.3215de26-743e-4719-a5d0-faac6e96eabb.contentColumnType','\"text\"'),('fields.3215de26-743e-4719-a5d0-faac6e96eabb.fieldGroup','\"a2984693-84aa-4038-aeab-1e1778f19950\"'),('fields.3215de26-743e-4719-a5d0-faac6e96eabb.handle','\"postLoginBoxBody\"'),('fields.3215de26-743e-4719-a5d0-faac6e96eabb.instructions','null'),('fields.3215de26-743e-4719-a5d0-faac6e96eabb.name','\"Post Login Box Body\"'),('fields.3215de26-743e-4719-a5d0-faac6e96eabb.searchable','false'),('fields.3215de26-743e-4719-a5d0-faac6e96eabb.settings.availableTransforms','\"\"'),('fields.3215de26-743e-4719-a5d0-faac6e96eabb.settings.availableVolumes','\"\"'),('fields.3215de26-743e-4719-a5d0-faac6e96eabb.settings.columnType','\"text\"'),('fields.3215de26-743e-4719-a5d0-faac6e96eabb.settings.configSelectionMode','\"choose\"'),('fields.3215de26-743e-4719-a5d0-faac6e96eabb.settings.defaultTransform','\"\"'),('fields.3215de26-743e-4719-a5d0-faac6e96eabb.settings.manualConfig','\"\"'),('fields.3215de26-743e-4719-a5d0-faac6e96eabb.settings.purifierConfig','null'),('fields.3215de26-743e-4719-a5d0-faac6e96eabb.settings.purifyHtml','true'),('fields.3215de26-743e-4719-a5d0-faac6e96eabb.settings.redactorConfig','\"SimpleULLink.json\"'),('fields.3215de26-743e-4719-a5d0-faac6e96eabb.settings.removeEmptyTags','false'),('fields.3215de26-743e-4719-a5d0-faac6e96eabb.settings.removeInlineStyles','false'),('fields.3215de26-743e-4719-a5d0-faac6e96eabb.settings.removeNbsp','false'),('fields.3215de26-743e-4719-a5d0-faac6e96eabb.settings.showHtmlButtonForNonAdmins','false'),('fields.3215de26-743e-4719-a5d0-faac6e96eabb.settings.showUnpermittedFiles','false'),('fields.3215de26-743e-4719-a5d0-faac6e96eabb.settings.showUnpermittedVolumes','false'),('fields.3215de26-743e-4719-a5d0-faac6e96eabb.settings.uiMode','\"enlarged\"'),('fields.3215de26-743e-4719-a5d0-faac6e96eabb.translationKeyFormat','null'),('fields.3215de26-743e-4719-a5d0-faac6e96eabb.translationMethod','\"none\"'),('fields.3215de26-743e-4719-a5d0-faac6e96eabb.type','\"craft\\\\redactor\\\\Field\"'),('fields.34d023e5-7d1b-42da-8953-e26bee2a4e23.columnSuffix','\"ydfpgjgw\"'),('fields.34d023e5-7d1b-42da-8953-e26bee2a4e23.contentColumnType','\"text\"'),('fields.34d023e5-7d1b-42da-8953-e26bee2a4e23.fieldGroup','\"e6d1e6f8-0f0a-449d-ae1e-19e8a4ce5125\"'),('fields.34d023e5-7d1b-42da-8953-e26bee2a4e23.handle','\"gaitHeading\"'),('fields.34d023e5-7d1b-42da-8953-e26bee2a4e23.instructions','null'),('fields.34d023e5-7d1b-42da-8953-e26bee2a4e23.name','\"Gait Heading \"'),('fields.34d023e5-7d1b-42da-8953-e26bee2a4e23.searchable','false'),('fields.34d023e5-7d1b-42da-8953-e26bee2a4e23.settings.byteLimit','null'),('fields.34d023e5-7d1b-42da-8953-e26bee2a4e23.settings.charLimit','null'),('fields.34d023e5-7d1b-42da-8953-e26bee2a4e23.settings.code','false'),('fields.34d023e5-7d1b-42da-8953-e26bee2a4e23.settings.columnType','null'),('fields.34d023e5-7d1b-42da-8953-e26bee2a4e23.settings.initialRows','4'),('fields.34d023e5-7d1b-42da-8953-e26bee2a4e23.settings.multiline','false'),('fields.34d023e5-7d1b-42da-8953-e26bee2a4e23.settings.placeholder','null'),('fields.34d023e5-7d1b-42da-8953-e26bee2a4e23.settings.uiMode','\"normal\"'),('fields.34d023e5-7d1b-42da-8953-e26bee2a4e23.translationKeyFormat','null'),('fields.34d023e5-7d1b-42da-8953-e26bee2a4e23.translationMethod','\"none\"'),('fields.34d023e5-7d1b-42da-8953-e26bee2a4e23.type','\"craft\\\\fields\\\\PlainText\"'),('fields.34f0bfc1-1f77-4c77-a115-c5250035b51d.columnSuffix','\"klbgcvbv\"'),('fields.34f0bfc1-1f77-4c77-a115-c5250035b51d.contentColumnType','\"boolean\"'),('fields.34f0bfc1-1f77-4c77-a115-c5250035b51d.fieldGroup','\"e6d1e6f8-0f0a-449d-ae1e-19e8a4ce5125\"'),('fields.34f0bfc1-1f77-4c77-a115-c5250035b51d.handle','\"strengthEnabled\"'),('fields.34f0bfc1-1f77-4c77-a115-c5250035b51d.instructions','null'),('fields.34f0bfc1-1f77-4c77-a115-c5250035b51d.name','\"Strength Enabled \"'),('fields.34f0bfc1-1f77-4c77-a115-c5250035b51d.searchable','false'),('fields.34f0bfc1-1f77-4c77-a115-c5250035b51d.settings.default','true'),('fields.34f0bfc1-1f77-4c77-a115-c5250035b51d.settings.offLabel','null'),('fields.34f0bfc1-1f77-4c77-a115-c5250035b51d.settings.onLabel','null'),('fields.34f0bfc1-1f77-4c77-a115-c5250035b51d.translationKeyFormat','null'),('fields.34f0bfc1-1f77-4c77-a115-c5250035b51d.translationMethod','\"none\"'),('fields.34f0bfc1-1f77-4c77-a115-c5250035b51d.type','\"craft\\\\fields\\\\Lightswitch\"'),('fields.3fd1bcfb-4269-41b5-8a99-19a93a5af0dc.columnSuffix','\"ufthhcgv\"'),('fields.3fd1bcfb-4269-41b5-8a99-19a93a5af0dc.contentColumnType','\"text\"'),('fields.3fd1bcfb-4269-41b5-8a99-19a93a5af0dc.fieldGroup','\"a2984693-84aa-4038-aeab-1e1778f19950\"'),('fields.3fd1bcfb-4269-41b5-8a99-19a93a5af0dc.handle','\"recentJointOrMuscleBleedsHeading\"'),('fields.3fd1bcfb-4269-41b5-8a99-19a93a5af0dc.instructions','null'),('fields.3fd1bcfb-4269-41b5-8a99-19a93a5af0dc.name','\"Recent joint or muscle bleeds Heading\"'),('fields.3fd1bcfb-4269-41b5-8a99-19a93a5af0dc.searchable','false'),('fields.3fd1bcfb-4269-41b5-8a99-19a93a5af0dc.settings.byteLimit','null'),('fields.3fd1bcfb-4269-41b5-8a99-19a93a5af0dc.settings.charLimit','null'),('fields.3fd1bcfb-4269-41b5-8a99-19a93a5af0dc.settings.code','false'),('fields.3fd1bcfb-4269-41b5-8a99-19a93a5af0dc.settings.columnType','null'),('fields.3fd1bcfb-4269-41b5-8a99-19a93a5af0dc.settings.initialRows','4'),('fields.3fd1bcfb-4269-41b5-8a99-19a93a5af0dc.settings.multiline','false'),('fields.3fd1bcfb-4269-41b5-8a99-19a93a5af0dc.settings.placeholder','null'),('fields.3fd1bcfb-4269-41b5-8a99-19a93a5af0dc.settings.uiMode','\"normal\"'),('fields.3fd1bcfb-4269-41b5-8a99-19a93a5af0dc.translationKeyFormat','null'),('fields.3fd1bcfb-4269-41b5-8a99-19a93a5af0dc.translationMethod','\"none\"'),('fields.3fd1bcfb-4269-41b5-8a99-19a93a5af0dc.type','\"craft\\\\fields\\\\PlainText\"'),('fields.4c4244ad-585a-410c-b92d-2230232bb91f.columnSuffix','\"jkifwgye\"'),('fields.4c4244ad-585a-410c-b92d-2230232bb91f.contentColumnType','\"text\"'),('fields.4c4244ad-585a-410c-b92d-2230232bb91f.fieldGroup','\"e6d1e6f8-0f0a-449d-ae1e-19e8a4ce5125\"'),('fields.4c4244ad-585a-410c-b92d-2230232bb91f.handle','\"axialAlignmentBody\"'),('fields.4c4244ad-585a-410c-b92d-2230232bb91f.instructions','null'),('fields.4c4244ad-585a-410c-b92d-2230232bb91f.name','\"Axial Alignment Body\"'),('fields.4c4244ad-585a-410c-b92d-2230232bb91f.searchable','false'),('fields.4c4244ad-585a-410c-b92d-2230232bb91f.settings.availableTransforms','\"\"'),('fields.4c4244ad-585a-410c-b92d-2230232bb91f.settings.availableVolumes','\"\"'),('fields.4c4244ad-585a-410c-b92d-2230232bb91f.settings.columnType','\"text\"'),('fields.4c4244ad-585a-410c-b92d-2230232bb91f.settings.configSelectionMode','\"choose\"'),('fields.4c4244ad-585a-410c-b92d-2230232bb91f.settings.defaultTransform','\"\"'),('fields.4c4244ad-585a-410c-b92d-2230232bb91f.settings.manualConfig','\"\"'),('fields.4c4244ad-585a-410c-b92d-2230232bb91f.settings.purifierConfig','null'),('fields.4c4244ad-585a-410c-b92d-2230232bb91f.settings.purifyHtml','true'),('fields.4c4244ad-585a-410c-b92d-2230232bb91f.settings.redactorConfig','\"SimpleULLink.json\"'),('fields.4c4244ad-585a-410c-b92d-2230232bb91f.settings.removeEmptyTags','false'),('fields.4c4244ad-585a-410c-b92d-2230232bb91f.settings.removeInlineStyles','false'),('fields.4c4244ad-585a-410c-b92d-2230232bb91f.settings.removeNbsp','false'),('fields.4c4244ad-585a-410c-b92d-2230232bb91f.settings.showHtmlButtonForNonAdmins','false'),('fields.4c4244ad-585a-410c-b92d-2230232bb91f.settings.showUnpermittedFiles','false'),('fields.4c4244ad-585a-410c-b92d-2230232bb91f.settings.showUnpermittedVolumes','false'),('fields.4c4244ad-585a-410c-b92d-2230232bb91f.settings.uiMode','\"enlarged\"'),('fields.4c4244ad-585a-410c-b92d-2230232bb91f.translationKeyFormat','null'),('fields.4c4244ad-585a-410c-b92d-2230232bb91f.translationMethod','\"none\"'),('fields.4c4244ad-585a-410c-b92d-2230232bb91f.type','\"craft\\\\redactor\\\\Field\"'),('fields.4d0b8774-39a5-42e6-9664-b1228cb41253.columnSuffix','\"bgdflhae\"'),('fields.4d0b8774-39a5-42e6-9664-b1228cb41253.contentColumnType','\"boolean\"'),('fields.4d0b8774-39a5-42e6-9664-b1228cb41253.fieldGroup','\"e6d1e6f8-0f0a-449d-ae1e-19e8a4ce5125\"'),('fields.4d0b8774-39a5-42e6-9664-b1228cb41253.handle','\"axialAlignmentEnabled\"'),('fields.4d0b8774-39a5-42e6-9664-b1228cb41253.instructions','null'),('fields.4d0b8774-39a5-42e6-9664-b1228cb41253.name','\"Axial Alignment Enabled \"'),('fields.4d0b8774-39a5-42e6-9664-b1228cb41253.searchable','false'),('fields.4d0b8774-39a5-42e6-9664-b1228cb41253.settings.default','true'),('fields.4d0b8774-39a5-42e6-9664-b1228cb41253.settings.offLabel','null'),('fields.4d0b8774-39a5-42e6-9664-b1228cb41253.settings.onLabel','null'),('fields.4d0b8774-39a5-42e6-9664-b1228cb41253.translationKeyFormat','null'),('fields.4d0b8774-39a5-42e6-9664-b1228cb41253.translationMethod','\"none\"'),('fields.4d0b8774-39a5-42e6-9664-b1228cb41253.type','\"craft\\\\fields\\\\Lightswitch\"'),('fields.683abb40-6094-456c-a2c3-a7a253e7ec34.columnSuffix','null'),('fields.683abb40-6094-456c-a2c3-a7a253e7ec34.contentColumnType','\"text\"'),('fields.683abb40-6094-456c-a2c3-a7a253e7ec34.fieldGroup','\"e6d1e6f8-0f0a-449d-ae1e-19e8a4ce5125\"'),('fields.683abb40-6094-456c-a2c3-a7a253e7ec34.handle','\"swellingBody\"'),('fields.683abb40-6094-456c-a2c3-a7a253e7ec34.instructions','null'),('fields.683abb40-6094-456c-a2c3-a7a253e7ec34.name','\"Swelling Body\"'),('fields.683abb40-6094-456c-a2c3-a7a253e7ec34.searchable','false'),('fields.683abb40-6094-456c-a2c3-a7a253e7ec34.settings.availableTransforms','\"\"'),('fields.683abb40-6094-456c-a2c3-a7a253e7ec34.settings.availableVolumes','\"\"'),('fields.683abb40-6094-456c-a2c3-a7a253e7ec34.settings.columnType','\"text\"'),('fields.683abb40-6094-456c-a2c3-a7a253e7ec34.settings.configSelectionMode','\"choose\"'),('fields.683abb40-6094-456c-a2c3-a7a253e7ec34.settings.defaultTransform','\"\"'),('fields.683abb40-6094-456c-a2c3-a7a253e7ec34.settings.manualConfig','\"\"'),('fields.683abb40-6094-456c-a2c3-a7a253e7ec34.settings.purifierConfig','null'),('fields.683abb40-6094-456c-a2c3-a7a253e7ec34.settings.purifyHtml','true'),('fields.683abb40-6094-456c-a2c3-a7a253e7ec34.settings.redactorConfig','\"SimpleULLink.json\"'),('fields.683abb40-6094-456c-a2c3-a7a253e7ec34.settings.removeEmptyTags','false'),('fields.683abb40-6094-456c-a2c3-a7a253e7ec34.settings.removeInlineStyles','false'),('fields.683abb40-6094-456c-a2c3-a7a253e7ec34.settings.removeNbsp','false'),('fields.683abb40-6094-456c-a2c3-a7a253e7ec34.settings.showHtmlButtonForNonAdmins','false'),('fields.683abb40-6094-456c-a2c3-a7a253e7ec34.settings.showUnpermittedFiles','false'),('fields.683abb40-6094-456c-a2c3-a7a253e7ec34.settings.showUnpermittedVolumes','false'),('fields.683abb40-6094-456c-a2c3-a7a253e7ec34.settings.uiMode','\"enlarged\"'),('fields.683abb40-6094-456c-a2c3-a7a253e7ec34.translationKeyFormat','null'),('fields.683abb40-6094-456c-a2c3-a7a253e7ec34.translationMethod','\"none\"'),('fields.683abb40-6094-456c-a2c3-a7a253e7ec34.type','\"craft\\\\redactor\\\\Field\"'),('fields.6b91b3de-b9c1-4155-82ac-630a6ee86823.columnSuffix','\"isqynljt\"'),('fields.6b91b3de-b9c1-4155-82ac-630a6ee86823.contentColumnType','\"text\"'),('fields.6b91b3de-b9c1-4155-82ac-630a6ee86823.fieldGroup','\"e6d1e6f8-0f0a-449d-ae1e-19e8a4ce5125\"'),('fields.6b91b3de-b9c1-4155-82ac-630a6ee86823.handle','\"gaitBody\"'),('fields.6b91b3de-b9c1-4155-82ac-630a6ee86823.instructions','null'),('fields.6b91b3de-b9c1-4155-82ac-630a6ee86823.name','\"Gait Body\"'),('fields.6b91b3de-b9c1-4155-82ac-630a6ee86823.searchable','false'),('fields.6b91b3de-b9c1-4155-82ac-630a6ee86823.settings.availableTransforms','\"\"'),('fields.6b91b3de-b9c1-4155-82ac-630a6ee86823.settings.availableVolumes','\"\"'),('fields.6b91b3de-b9c1-4155-82ac-630a6ee86823.settings.columnType','\"text\"'),('fields.6b91b3de-b9c1-4155-82ac-630a6ee86823.settings.configSelectionMode','\"choose\"'),('fields.6b91b3de-b9c1-4155-82ac-630a6ee86823.settings.defaultTransform','\"\"'),('fields.6b91b3de-b9c1-4155-82ac-630a6ee86823.settings.manualConfig','\"\"'),('fields.6b91b3de-b9c1-4155-82ac-630a6ee86823.settings.purifierConfig','null'),('fields.6b91b3de-b9c1-4155-82ac-630a6ee86823.settings.purifyHtml','true'),('fields.6b91b3de-b9c1-4155-82ac-630a6ee86823.settings.redactorConfig','\"SimpleULLink.json\"'),('fields.6b91b3de-b9c1-4155-82ac-630a6ee86823.settings.removeEmptyTags','false'),('fields.6b91b3de-b9c1-4155-82ac-630a6ee86823.settings.removeInlineStyles','false'),('fields.6b91b3de-b9c1-4155-82ac-630a6ee86823.settings.removeNbsp','false'),('fields.6b91b3de-b9c1-4155-82ac-630a6ee86823.settings.showHtmlButtonForNonAdmins','false'),('fields.6b91b3de-b9c1-4155-82ac-630a6ee86823.settings.showUnpermittedFiles','false'),('fields.6b91b3de-b9c1-4155-82ac-630a6ee86823.settings.showUnpermittedVolumes','false'),('fields.6b91b3de-b9c1-4155-82ac-630a6ee86823.settings.uiMode','\"enlarged\"'),('fields.6b91b3de-b9c1-4155-82ac-630a6ee86823.translationKeyFormat','null'),('fields.6b91b3de-b9c1-4155-82ac-630a6ee86823.translationMethod','\"none\"'),('fields.6b91b3de-b9c1-4155-82ac-630a6ee86823.type','\"craft\\\\redactor\\\\Field\"'),('fields.73ad925b-eea4-47b4-8d92-963f816c2676.columnSuffix','\"gtlufzyh\"'),('fields.73ad925b-eea4-47b4-8d92-963f816c2676.contentColumnType','\"text\"'),('fields.73ad925b-eea4-47b4-8d92-963f816c2676.fieldGroup','\"e6d1e6f8-0f0a-449d-ae1e-19e8a4ce5125\"'),('fields.73ad925b-eea4-47b4-8d92-963f816c2676.handle','\"crepitusOnMotionBody\"'),('fields.73ad925b-eea4-47b4-8d92-963f816c2676.instructions','null'),('fields.73ad925b-eea4-47b4-8d92-963f816c2676.name','\"Crepitus on Motion Body\"'),('fields.73ad925b-eea4-47b4-8d92-963f816c2676.searchable','false'),('fields.73ad925b-eea4-47b4-8d92-963f816c2676.settings.availableTransforms','\"\"'),('fields.73ad925b-eea4-47b4-8d92-963f816c2676.settings.availableVolumes','\"\"'),('fields.73ad925b-eea4-47b4-8d92-963f816c2676.settings.columnType','\"text\"'),('fields.73ad925b-eea4-47b4-8d92-963f816c2676.settings.configSelectionMode','\"choose\"'),('fields.73ad925b-eea4-47b4-8d92-963f816c2676.settings.defaultTransform','\"\"'),('fields.73ad925b-eea4-47b4-8d92-963f816c2676.settings.manualConfig','\"\"'),('fields.73ad925b-eea4-47b4-8d92-963f816c2676.settings.purifierConfig','null'),('fields.73ad925b-eea4-47b4-8d92-963f816c2676.settings.purifyHtml','true'),('fields.73ad925b-eea4-47b4-8d92-963f816c2676.settings.redactorConfig','\"SimpleULLink.json\"'),('fields.73ad925b-eea4-47b4-8d92-963f816c2676.settings.removeEmptyTags','false'),('fields.73ad925b-eea4-47b4-8d92-963f816c2676.settings.removeInlineStyles','false'),('fields.73ad925b-eea4-47b4-8d92-963f816c2676.settings.removeNbsp','false'),('fields.73ad925b-eea4-47b4-8d92-963f816c2676.settings.showHtmlButtonForNonAdmins','false'),('fields.73ad925b-eea4-47b4-8d92-963f816c2676.settings.showUnpermittedFiles','false'),('fields.73ad925b-eea4-47b4-8d92-963f816c2676.settings.showUnpermittedVolumes','false'),('fields.73ad925b-eea4-47b4-8d92-963f816c2676.settings.uiMode','\"enlarged\"'),('fields.73ad925b-eea4-47b4-8d92-963f816c2676.translationKeyFormat','null'),('fields.73ad925b-eea4-47b4-8d92-963f816c2676.translationMethod','\"none\"'),('fields.73ad925b-eea4-47b4-8d92-963f816c2676.type','\"craft\\\\redactor\\\\Field\"'),('fields.770305c7-e79e-4b26-b720-4c34cbd36bcb.columnSuffix','\"hcnkvvsj\"'),('fields.770305c7-e79e-4b26-b720-4c34cbd36bcb.contentColumnType','\"boolean\"'),('fields.770305c7-e79e-4b26-b720-4c34cbd36bcb.fieldGroup','\"e6d1e6f8-0f0a-449d-ae1e-19e8a4ce5125\"'),('fields.770305c7-e79e-4b26-b720-4c34cbd36bcb.handle','\"rangeOfMotionEnabled\"'),('fields.770305c7-e79e-4b26-b720-4c34cbd36bcb.instructions','null'),('fields.770305c7-e79e-4b26-b720-4c34cbd36bcb.name','\"Range of Motion Enabled \"'),('fields.770305c7-e79e-4b26-b720-4c34cbd36bcb.searchable','false'),('fields.770305c7-e79e-4b26-b720-4c34cbd36bcb.settings.default','true'),('fields.770305c7-e79e-4b26-b720-4c34cbd36bcb.settings.offLabel','null'),('fields.770305c7-e79e-4b26-b720-4c34cbd36bcb.settings.onLabel','null'),('fields.770305c7-e79e-4b26-b720-4c34cbd36bcb.translationKeyFormat','null'),('fields.770305c7-e79e-4b26-b720-4c34cbd36bcb.translationMethod','\"none\"'),('fields.770305c7-e79e-4b26-b720-4c34cbd36bcb.type','\"craft\\\\fields\\\\Lightswitch\"'),('fields.8118220f-79de-45e3-8397-176578797cfc.columnSuffix','\"srzqerjk\"'),('fields.8118220f-79de-45e3-8397-176578797cfc.contentColumnType','\"text\"'),('fields.8118220f-79de-45e3-8397-176578797cfc.fieldGroup','\"e6d1e6f8-0f0a-449d-ae1e-19e8a4ce5125\"'),('fields.8118220f-79de-45e3-8397-176578797cfc.handle','\"jointPainHeading\"'),('fields.8118220f-79de-45e3-8397-176578797cfc.instructions','null'),('fields.8118220f-79de-45e3-8397-176578797cfc.name','\"Joint Pain Heading \"'),('fields.8118220f-79de-45e3-8397-176578797cfc.searchable','false'),('fields.8118220f-79de-45e3-8397-176578797cfc.settings.byteLimit','null'),('fields.8118220f-79de-45e3-8397-176578797cfc.settings.charLimit','null'),('fields.8118220f-79de-45e3-8397-176578797cfc.settings.code','false'),('fields.8118220f-79de-45e3-8397-176578797cfc.settings.columnType','null'),('fields.8118220f-79de-45e3-8397-176578797cfc.settings.initialRows','4'),('fields.8118220f-79de-45e3-8397-176578797cfc.settings.multiline','false'),('fields.8118220f-79de-45e3-8397-176578797cfc.settings.placeholder','null'),('fields.8118220f-79de-45e3-8397-176578797cfc.settings.uiMode','\"normal\"'),('fields.8118220f-79de-45e3-8397-176578797cfc.translationKeyFormat','null'),('fields.8118220f-79de-45e3-8397-176578797cfc.translationMethod','\"none\"'),('fields.8118220f-79de-45e3-8397-176578797cfc.type','\"craft\\\\fields\\\\PlainText\"'),('fields.894b3be5-509e-4d23-b1c6-f7038dbf4d60.columnSuffix','\"tbzlvudi\"'),('fields.894b3be5-509e-4d23-b1c6-f7038dbf4d60.contentColumnType','\"text\"'),('fields.894b3be5-509e-4d23-b1c6-f7038dbf4d60.fieldGroup','\"e6d1e6f8-0f0a-449d-ae1e-19e8a4ce5125\"'),('fields.894b3be5-509e-4d23-b1c6-f7038dbf4d60.handle','\"axialAlignmentHeading\"'),('fields.894b3be5-509e-4d23-b1c6-f7038dbf4d60.instructions','null'),('fields.894b3be5-509e-4d23-b1c6-f7038dbf4d60.name','\"Axial Alignment Heading \"'),('fields.894b3be5-509e-4d23-b1c6-f7038dbf4d60.searchable','false'),('fields.894b3be5-509e-4d23-b1c6-f7038dbf4d60.settings.byteLimit','null'),('fields.894b3be5-509e-4d23-b1c6-f7038dbf4d60.settings.charLimit','null'),('fields.894b3be5-509e-4d23-b1c6-f7038dbf4d60.settings.code','false'),('fields.894b3be5-509e-4d23-b1c6-f7038dbf4d60.settings.columnType','null'),('fields.894b3be5-509e-4d23-b1c6-f7038dbf4d60.settings.initialRows','4'),('fields.894b3be5-509e-4d23-b1c6-f7038dbf4d60.settings.multiline','false'),('fields.894b3be5-509e-4d23-b1c6-f7038dbf4d60.settings.placeholder','null'),('fields.894b3be5-509e-4d23-b1c6-f7038dbf4d60.settings.uiMode','\"normal\"'),('fields.894b3be5-509e-4d23-b1c6-f7038dbf4d60.translationKeyFormat','null'),('fields.894b3be5-509e-4d23-b1c6-f7038dbf4d60.translationMethod','\"none\"'),('fields.894b3be5-509e-4d23-b1c6-f7038dbf4d60.type','\"craft\\\\fields\\\\PlainText\"'),('fields.89a23dae-c228-4367-9afe-eff920874d3d.columnSuffix','\"rcvhxrbt\"'),('fields.89a23dae-c228-4367-9afe-eff920874d3d.contentColumnType','\"text\"'),('fields.89a23dae-c228-4367-9afe-eff920874d3d.fieldGroup','\"e6d1e6f8-0f0a-449d-ae1e-19e8a4ce5125\"'),('fields.89a23dae-c228-4367-9afe-eff920874d3d.handle','\"strengthBody\"'),('fields.89a23dae-c228-4367-9afe-eff920874d3d.instructions','null'),('fields.89a23dae-c228-4367-9afe-eff920874d3d.name','\"Strength Body\"'),('fields.89a23dae-c228-4367-9afe-eff920874d3d.searchable','false'),('fields.89a23dae-c228-4367-9afe-eff920874d3d.settings.availableTransforms','\"\"'),('fields.89a23dae-c228-4367-9afe-eff920874d3d.settings.availableVolumes','\"\"'),('fields.89a23dae-c228-4367-9afe-eff920874d3d.settings.columnType','\"text\"'),('fields.89a23dae-c228-4367-9afe-eff920874d3d.settings.configSelectionMode','\"choose\"'),('fields.89a23dae-c228-4367-9afe-eff920874d3d.settings.defaultTransform','\"\"'),('fields.89a23dae-c228-4367-9afe-eff920874d3d.settings.manualConfig','\"\"'),('fields.89a23dae-c228-4367-9afe-eff920874d3d.settings.purifierConfig','null'),('fields.89a23dae-c228-4367-9afe-eff920874d3d.settings.purifyHtml','true'),('fields.89a23dae-c228-4367-9afe-eff920874d3d.settings.redactorConfig','\"SimpleULLink.json\"'),('fields.89a23dae-c228-4367-9afe-eff920874d3d.settings.removeEmptyTags','false'),('fields.89a23dae-c228-4367-9afe-eff920874d3d.settings.removeInlineStyles','false'),('fields.89a23dae-c228-4367-9afe-eff920874d3d.settings.removeNbsp','false'),('fields.89a23dae-c228-4367-9afe-eff920874d3d.settings.showHtmlButtonForNonAdmins','false'),('fields.89a23dae-c228-4367-9afe-eff920874d3d.settings.showUnpermittedFiles','false'),('fields.89a23dae-c228-4367-9afe-eff920874d3d.settings.showUnpermittedVolumes','false'),('fields.89a23dae-c228-4367-9afe-eff920874d3d.settings.uiMode','\"enlarged\"'),('fields.89a23dae-c228-4367-9afe-eff920874d3d.translationKeyFormat','null'),('fields.89a23dae-c228-4367-9afe-eff920874d3d.translationMethod','\"none\"'),('fields.89a23dae-c228-4367-9afe-eff920874d3d.type','\"craft\\\\redactor\\\\Field\"'),('fields.92611fbd-cd77-4a35-b6a0-16b739c62792.columnSuffix','\"oxsbemfk\"'),('fields.92611fbd-cd77-4a35-b6a0-16b739c62792.contentColumnType','\"text\"'),('fields.92611fbd-cd77-4a35-b6a0-16b739c62792.fieldGroup','\"796ebb32-1bb6-458e-8c7c-c7e90fd28ea0\"'),('fields.92611fbd-cd77-4a35-b6a0-16b739c62792.handle','\"introBody\"'),('fields.92611fbd-cd77-4a35-b6a0-16b739c62792.instructions','null'),('fields.92611fbd-cd77-4a35-b6a0-16b739c62792.name','\"Intro Body\"'),('fields.92611fbd-cd77-4a35-b6a0-16b739c62792.searchable','false'),('fields.92611fbd-cd77-4a35-b6a0-16b739c62792.settings.availableTransforms','\"\"'),('fields.92611fbd-cd77-4a35-b6a0-16b739c62792.settings.availableVolumes','\"\"'),('fields.92611fbd-cd77-4a35-b6a0-16b739c62792.settings.columnType','\"text\"'),('fields.92611fbd-cd77-4a35-b6a0-16b739c62792.settings.configSelectionMode','\"choose\"'),('fields.92611fbd-cd77-4a35-b6a0-16b739c62792.settings.defaultTransform','\"\"'),('fields.92611fbd-cd77-4a35-b6a0-16b739c62792.settings.manualConfig','\"\"'),('fields.92611fbd-cd77-4a35-b6a0-16b739c62792.settings.purifierConfig','null'),('fields.92611fbd-cd77-4a35-b6a0-16b739c62792.settings.purifyHtml','true'),('fields.92611fbd-cd77-4a35-b6a0-16b739c62792.settings.redactorConfig','\"SimpleULLink.json\"'),('fields.92611fbd-cd77-4a35-b6a0-16b739c62792.settings.removeEmptyTags','false'),('fields.92611fbd-cd77-4a35-b6a0-16b739c62792.settings.removeInlineStyles','false'),('fields.92611fbd-cd77-4a35-b6a0-16b739c62792.settings.removeNbsp','false'),('fields.92611fbd-cd77-4a35-b6a0-16b739c62792.settings.showHtmlButtonForNonAdmins','false'),('fields.92611fbd-cd77-4a35-b6a0-16b739c62792.settings.showUnpermittedFiles','false'),('fields.92611fbd-cd77-4a35-b6a0-16b739c62792.settings.showUnpermittedVolumes','false'),('fields.92611fbd-cd77-4a35-b6a0-16b739c62792.settings.uiMode','\"enlarged\"'),('fields.92611fbd-cd77-4a35-b6a0-16b739c62792.translationKeyFormat','null'),('fields.92611fbd-cd77-4a35-b6a0-16b739c62792.translationMethod','\"none\"'),('fields.92611fbd-cd77-4a35-b6a0-16b739c62792.type','\"craft\\\\redactor\\\\Field\"'),('fields.9509b28c-ecdf-407c-bd86-b93405d8bf49.columnSuffix','\"vfccrbbi\"'),('fields.9509b28c-ecdf-407c-bd86-b93405d8bf49.contentColumnType','\"text\"'),('fields.9509b28c-ecdf-407c-bd86-b93405d8bf49.fieldGroup','\"a2984693-84aa-4038-aeab-1e1778f19950\"'),('fields.9509b28c-ecdf-407c-bd86-b93405d8bf49.handle','\"missingScoresBody\"'),('fields.9509b28c-ecdf-407c-bd86-b93405d8bf49.instructions','null'),('fields.9509b28c-ecdf-407c-bd86-b93405d8bf49.name','\"Missing scores Body\"'),('fields.9509b28c-ecdf-407c-bd86-b93405d8bf49.searchable','false'),('fields.9509b28c-ecdf-407c-bd86-b93405d8bf49.settings.availableTransforms','\"\"'),('fields.9509b28c-ecdf-407c-bd86-b93405d8bf49.settings.availableVolumes','\"\"'),('fields.9509b28c-ecdf-407c-bd86-b93405d8bf49.settings.columnType','\"text\"'),('fields.9509b28c-ecdf-407c-bd86-b93405d8bf49.settings.configSelectionMode','\"choose\"'),('fields.9509b28c-ecdf-407c-bd86-b93405d8bf49.settings.defaultTransform','\"\"'),('fields.9509b28c-ecdf-407c-bd86-b93405d8bf49.settings.manualConfig','\"\"'),('fields.9509b28c-ecdf-407c-bd86-b93405d8bf49.settings.purifierConfig','null'),('fields.9509b28c-ecdf-407c-bd86-b93405d8bf49.settings.purifyHtml','true'),('fields.9509b28c-ecdf-407c-bd86-b93405d8bf49.settings.redactorConfig','\"SimpleULLink.json\"'),('fields.9509b28c-ecdf-407c-bd86-b93405d8bf49.settings.removeEmptyTags','false'),('fields.9509b28c-ecdf-407c-bd86-b93405d8bf49.settings.removeInlineStyles','false'),('fields.9509b28c-ecdf-407c-bd86-b93405d8bf49.settings.removeNbsp','false'),('fields.9509b28c-ecdf-407c-bd86-b93405d8bf49.settings.showHtmlButtonForNonAdmins','false'),('fields.9509b28c-ecdf-407c-bd86-b93405d8bf49.settings.showUnpermittedFiles','false'),('fields.9509b28c-ecdf-407c-bd86-b93405d8bf49.settings.showUnpermittedVolumes','false'),('fields.9509b28c-ecdf-407c-bd86-b93405d8bf49.settings.uiMode','\"enlarged\"'),('fields.9509b28c-ecdf-407c-bd86-b93405d8bf49.translationKeyFormat','null'),('fields.9509b28c-ecdf-407c-bd86-b93405d8bf49.translationMethod','\"none\"'),('fields.9509b28c-ecdf-407c-bd86-b93405d8bf49.type','\"craft\\\\redactor\\\\Field\"'),('fields.9b29fb0c-f60b-49fb-b905-6cf72af1a622.columnSuffix','\"kkwofnjr\"'),('fields.9b29fb0c-f60b-49fb-b905-6cf72af1a622.contentColumnType','\"text\"'),('fields.9b29fb0c-f60b-49fb-b905-6cf72af1a622.fieldGroup','\"e6d1e6f8-0f0a-449d-ae1e-19e8a4ce5125\"'),('fields.9b29fb0c-f60b-49fb-b905-6cf72af1a622.handle','\"rangeOfMotionHeading\"'),('fields.9b29fb0c-f60b-49fb-b905-6cf72af1a622.instructions','null'),('fields.9b29fb0c-f60b-49fb-b905-6cf72af1a622.name','\"Range of Motion Heading \"'),('fields.9b29fb0c-f60b-49fb-b905-6cf72af1a622.searchable','false'),('fields.9b29fb0c-f60b-49fb-b905-6cf72af1a622.settings.byteLimit','null'),('fields.9b29fb0c-f60b-49fb-b905-6cf72af1a622.settings.charLimit','null'),('fields.9b29fb0c-f60b-49fb-b905-6cf72af1a622.settings.code','false'),('fields.9b29fb0c-f60b-49fb-b905-6cf72af1a622.settings.columnType','null'),('fields.9b29fb0c-f60b-49fb-b905-6cf72af1a622.settings.initialRows','4'),('fields.9b29fb0c-f60b-49fb-b905-6cf72af1a622.settings.multiline','false'),('fields.9b29fb0c-f60b-49fb-b905-6cf72af1a622.settings.placeholder','null'),('fields.9b29fb0c-f60b-49fb-b905-6cf72af1a622.settings.uiMode','\"normal\"'),('fields.9b29fb0c-f60b-49fb-b905-6cf72af1a622.translationKeyFormat','null'),('fields.9b29fb0c-f60b-49fb-b905-6cf72af1a622.translationMethod','\"none\"'),('fields.9b29fb0c-f60b-49fb-b905-6cf72af1a622.type','\"craft\\\\fields\\\\PlainText\"'),('fields.9d65b99f-67e3-4a9e-a4b3-f871beebd8fa.columnSuffix','\"qzyyefdk\"'),('fields.9d65b99f-67e3-4a9e-a4b3-f871beebd8fa.contentColumnType','\"text\"'),('fields.9d65b99f-67e3-4a9e-a4b3-f871beebd8fa.fieldGroup','\"e6d1e6f8-0f0a-449d-ae1e-19e8a4ce5125\"'),('fields.9d65b99f-67e3-4a9e-a4b3-f871beebd8fa.handle','\"strengthHeading\"'),('fields.9d65b99f-67e3-4a9e-a4b3-f871beebd8fa.instructions','null'),('fields.9d65b99f-67e3-4a9e-a4b3-f871beebd8fa.name','\"Strength Heading \"'),('fields.9d65b99f-67e3-4a9e-a4b3-f871beebd8fa.searchable','false'),('fields.9d65b99f-67e3-4a9e-a4b3-f871beebd8fa.settings.byteLimit','null'),('fields.9d65b99f-67e3-4a9e-a4b3-f871beebd8fa.settings.charLimit','null'),('fields.9d65b99f-67e3-4a9e-a4b3-f871beebd8fa.settings.code','false'),('fields.9d65b99f-67e3-4a9e-a4b3-f871beebd8fa.settings.columnType','null'),('fields.9d65b99f-67e3-4a9e-a4b3-f871beebd8fa.settings.initialRows','4'),('fields.9d65b99f-67e3-4a9e-a4b3-f871beebd8fa.settings.multiline','false'),('fields.9d65b99f-67e3-4a9e-a4b3-f871beebd8fa.settings.placeholder','null'),('fields.9d65b99f-67e3-4a9e-a4b3-f871beebd8fa.settings.uiMode','\"normal\"'),('fields.9d65b99f-67e3-4a9e-a4b3-f871beebd8fa.translationKeyFormat','null'),('fields.9d65b99f-67e3-4a9e-a4b3-f871beebd8fa.translationMethod','\"none\"'),('fields.9d65b99f-67e3-4a9e-a4b3-f871beebd8fa.type','\"craft\\\\fields\\\\PlainText\"'),('fields.a485c390-ceaf-43c7-9cbd-185137a466f1.columnSuffix','\"xmxcvkpc\"'),('fields.a485c390-ceaf-43c7-9cbd-185137a466f1.contentColumnType','\"text\"'),('fields.a485c390-ceaf-43c7-9cbd-185137a466f1.fieldGroup','\"a2984693-84aa-4038-aeab-1e1778f19950\"'),('fields.a485c390-ceaf-43c7-9cbd-185137a466f1.handle','\"postLoginDontShowModalLabel\"'),('fields.a485c390-ceaf-43c7-9cbd-185137a466f1.instructions','null'),('fields.a485c390-ceaf-43c7-9cbd-185137a466f1.name','\"Post Login Don\'t Show Modal Label\"'),('fields.a485c390-ceaf-43c7-9cbd-185137a466f1.searchable','false'),('fields.a485c390-ceaf-43c7-9cbd-185137a466f1.settings.byteLimit','null'),('fields.a485c390-ceaf-43c7-9cbd-185137a466f1.settings.charLimit','null'),('fields.a485c390-ceaf-43c7-9cbd-185137a466f1.settings.code','false'),('fields.a485c390-ceaf-43c7-9cbd-185137a466f1.settings.columnType','null'),('fields.a485c390-ceaf-43c7-9cbd-185137a466f1.settings.initialRows','4'),('fields.a485c390-ceaf-43c7-9cbd-185137a466f1.settings.multiline','false'),('fields.a485c390-ceaf-43c7-9cbd-185137a466f1.settings.placeholder','null'),('fields.a485c390-ceaf-43c7-9cbd-185137a466f1.settings.uiMode','\"normal\"'),('fields.a485c390-ceaf-43c7-9cbd-185137a466f1.translationKeyFormat','null'),('fields.a485c390-ceaf-43c7-9cbd-185137a466f1.translationMethod','\"none\"'),('fields.a485c390-ceaf-43c7-9cbd-185137a466f1.type','\"craft\\\\fields\\\\PlainText\"'),('fields.bf3dce18-b80e-48ac-84f1-c2994cc67a38.columnSuffix','\"xlfasorj\"'),('fields.bf3dce18-b80e-48ac-84f1-c2994cc67a38.contentColumnType','\"text\"'),('fields.bf3dce18-b80e-48ac-84f1-c2994cc67a38.fieldGroup','\"a2984693-84aa-4038-aeab-1e1778f19950\"'),('fields.bf3dce18-b80e-48ac-84f1-c2994cc67a38.handle','\"postLoginHeading\"'),('fields.bf3dce18-b80e-48ac-84f1-c2994cc67a38.instructions','null'),('fields.bf3dce18-b80e-48ac-84f1-c2994cc67a38.name','\"Post Login Heading\"'),('fields.bf3dce18-b80e-48ac-84f1-c2994cc67a38.searchable','false'),('fields.bf3dce18-b80e-48ac-84f1-c2994cc67a38.settings.byteLimit','null'),('fields.bf3dce18-b80e-48ac-84f1-c2994cc67a38.settings.charLimit','null'),('fields.bf3dce18-b80e-48ac-84f1-c2994cc67a38.settings.code','false'),('fields.bf3dce18-b80e-48ac-84f1-c2994cc67a38.settings.columnType','null'),('fields.bf3dce18-b80e-48ac-84f1-c2994cc67a38.settings.initialRows','4'),('fields.bf3dce18-b80e-48ac-84f1-c2994cc67a38.settings.multiline','false'),('fields.bf3dce18-b80e-48ac-84f1-c2994cc67a38.settings.placeholder','null'),('fields.bf3dce18-b80e-48ac-84f1-c2994cc67a38.settings.uiMode','\"normal\"'),('fields.bf3dce18-b80e-48ac-84f1-c2994cc67a38.translationKeyFormat','null'),('fields.bf3dce18-b80e-48ac-84f1-c2994cc67a38.translationMethod','\"none\"'),('fields.bf3dce18-b80e-48ac-84f1-c2994cc67a38.type','\"craft\\\\fields\\\\PlainText\"'),('fields.c8ba6d40-0ea5-4fc1-867d-3323f782c0d9.columnSuffix','\"vnknfwmb\"'),('fields.c8ba6d40-0ea5-4fc1-867d-3323f782c0d9.contentColumnType','\"boolean\"'),('fields.c8ba6d40-0ea5-4fc1-867d-3323f782c0d9.fieldGroup','\"1207495d-4a2b-46de-958c-1c85f4805b46\"'),('fields.c8ba6d40-0ea5-4fc1-867d-3323f782c0d9.handle','\"dontShowPostLoginModal\"'),('fields.c8ba6d40-0ea5-4fc1-867d-3323f782c0d9.instructions','null'),('fields.c8ba6d40-0ea5-4fc1-867d-3323f782c0d9.name','\"Don\'t Show Post Login Modal\"'),('fields.c8ba6d40-0ea5-4fc1-867d-3323f782c0d9.searchable','false'),('fields.c8ba6d40-0ea5-4fc1-867d-3323f782c0d9.settings.default','false'),('fields.c8ba6d40-0ea5-4fc1-867d-3323f782c0d9.settings.offLabel','null'),('fields.c8ba6d40-0ea5-4fc1-867d-3323f782c0d9.settings.onLabel','null'),('fields.c8ba6d40-0ea5-4fc1-867d-3323f782c0d9.translationKeyFormat','null'),('fields.c8ba6d40-0ea5-4fc1-867d-3323f782c0d9.translationMethod','\"none\"'),('fields.c8ba6d40-0ea5-4fc1-867d-3323f782c0d9.type','\"craft\\\\fields\\\\Lightswitch\"'),('fields.d154cb46-0658-4a4d-b639-fc5d571b2068.columnSuffix','\"qvfhvcwh\"'),('fields.d154cb46-0658-4a4d-b639-fc5d571b2068.contentColumnType','\"text\"'),('fields.d154cb46-0658-4a4d-b639-fc5d571b2068.fieldGroup','\"796ebb32-1bb6-458e-8c7c-c7e90fd28ea0\"'),('fields.d154cb46-0658-4a4d-b639-fc5d571b2068.handle','\"introHeading\"'),('fields.d154cb46-0658-4a4d-b639-fc5d571b2068.instructions','null'),('fields.d154cb46-0658-4a4d-b639-fc5d571b2068.name','\"Intro Heading\"'),('fields.d154cb46-0658-4a4d-b639-fc5d571b2068.searchable','false'),('fields.d154cb46-0658-4a4d-b639-fc5d571b2068.settings.byteLimit','null'),('fields.d154cb46-0658-4a4d-b639-fc5d571b2068.settings.charLimit','null'),('fields.d154cb46-0658-4a4d-b639-fc5d571b2068.settings.code','false'),('fields.d154cb46-0658-4a4d-b639-fc5d571b2068.settings.columnType','null'),('fields.d154cb46-0658-4a4d-b639-fc5d571b2068.settings.initialRows','4'),('fields.d154cb46-0658-4a4d-b639-fc5d571b2068.settings.multiline','false'),('fields.d154cb46-0658-4a4d-b639-fc5d571b2068.settings.placeholder','null'),('fields.d154cb46-0658-4a4d-b639-fc5d571b2068.settings.uiMode','\"normal\"'),('fields.d154cb46-0658-4a4d-b639-fc5d571b2068.translationKeyFormat','null'),('fields.d154cb46-0658-4a4d-b639-fc5d571b2068.translationMethod','\"none\"'),('fields.d154cb46-0658-4a4d-b639-fc5d571b2068.type','\"craft\\\\fields\\\\PlainText\"'),('fields.d9b3d89a-f274-41f8-bc45-a1eb7154cdb3.columnSuffix','\"nbwejzsm\"'),('fields.d9b3d89a-f274-41f8-bc45-a1eb7154cdb3.contentColumnType','\"text\"'),('fields.d9b3d89a-f274-41f8-bc45-a1eb7154cdb3.fieldGroup','\"a2984693-84aa-4038-aeab-1e1778f19950\"'),('fields.d9b3d89a-f274-41f8-bc45-a1eb7154cdb3.handle','\"missingScoresHeading\"'),('fields.d9b3d89a-f274-41f8-bc45-a1eb7154cdb3.instructions','null'),('fields.d9b3d89a-f274-41f8-bc45-a1eb7154cdb3.name','\"Missing scores Heading\"'),('fields.d9b3d89a-f274-41f8-bc45-a1eb7154cdb3.searchable','false'),('fields.d9b3d89a-f274-41f8-bc45-a1eb7154cdb3.settings.byteLimit','null'),('fields.d9b3d89a-f274-41f8-bc45-a1eb7154cdb3.settings.charLimit','null'),('fields.d9b3d89a-f274-41f8-bc45-a1eb7154cdb3.settings.code','false'),('fields.d9b3d89a-f274-41f8-bc45-a1eb7154cdb3.settings.columnType','null'),('fields.d9b3d89a-f274-41f8-bc45-a1eb7154cdb3.settings.initialRows','4'),('fields.d9b3d89a-f274-41f8-bc45-a1eb7154cdb3.settings.multiline','false'),('fields.d9b3d89a-f274-41f8-bc45-a1eb7154cdb3.settings.placeholder','null'),('fields.d9b3d89a-f274-41f8-bc45-a1eb7154cdb3.settings.uiMode','\"normal\"'),('fields.d9b3d89a-f274-41f8-bc45-a1eb7154cdb3.translationKeyFormat','null'),('fields.d9b3d89a-f274-41f8-bc45-a1eb7154cdb3.translationMethod','\"none\"'),('fields.d9b3d89a-f274-41f8-bc45-a1eb7154cdb3.type','\"craft\\\\fields\\\\PlainText\"'),('fields.e0e901b0-c261-4650-bc43-99b2c6877115.columnSuffix','\"ihfcrvsm\"'),('fields.e0e901b0-c261-4650-bc43-99b2c6877115.contentColumnType','\"boolean\"'),('fields.e0e901b0-c261-4650-bc43-99b2c6877115.fieldGroup','\"e6d1e6f8-0f0a-449d-ae1e-19e8a4ce5125\"'),('fields.e0e901b0-c261-4650-bc43-99b2c6877115.handle','\"jointPainEnabled\"'),('fields.e0e901b0-c261-4650-bc43-99b2c6877115.instructions','null'),('fields.e0e901b0-c261-4650-bc43-99b2c6877115.name','\"Joint Pain Enabled \"'),('fields.e0e901b0-c261-4650-bc43-99b2c6877115.searchable','false'),('fields.e0e901b0-c261-4650-bc43-99b2c6877115.settings.default','true'),('fields.e0e901b0-c261-4650-bc43-99b2c6877115.settings.offLabel','null'),('fields.e0e901b0-c261-4650-bc43-99b2c6877115.settings.onLabel','null'),('fields.e0e901b0-c261-4650-bc43-99b2c6877115.translationKeyFormat','null'),('fields.e0e901b0-c261-4650-bc43-99b2c6877115.translationMethod','\"none\"'),('fields.e0e901b0-c261-4650-bc43-99b2c6877115.type','\"craft\\\\fields\\\\Lightswitch\"'),('fields.e57f8be3-f97c-4a25-8b8f-157d7a70ddd1.columnSuffix','\"hpufumml\"'),('fields.e57f8be3-f97c-4a25-8b8f-157d7a70ddd1.contentColumnType','\"boolean\"'),('fields.e57f8be3-f97c-4a25-8b8f-157d7a70ddd1.fieldGroup','\"e6d1e6f8-0f0a-449d-ae1e-19e8a4ce5125\"'),('fields.e57f8be3-f97c-4a25-8b8f-157d7a70ddd1.handle','\"muscleAtrophyEnabled\"'),('fields.e57f8be3-f97c-4a25-8b8f-157d7a70ddd1.instructions','null'),('fields.e57f8be3-f97c-4a25-8b8f-157d7a70ddd1.name','\"Muscle Atrophy Enabled \"'),('fields.e57f8be3-f97c-4a25-8b8f-157d7a70ddd1.searchable','false'),('fields.e57f8be3-f97c-4a25-8b8f-157d7a70ddd1.settings.default','true'),('fields.e57f8be3-f97c-4a25-8b8f-157d7a70ddd1.settings.offLabel','null'),('fields.e57f8be3-f97c-4a25-8b8f-157d7a70ddd1.settings.onLabel','null'),('fields.e57f8be3-f97c-4a25-8b8f-157d7a70ddd1.translationKeyFormat','null'),('fields.e57f8be3-f97c-4a25-8b8f-157d7a70ddd1.translationMethod','\"none\"'),('fields.e57f8be3-f97c-4a25-8b8f-157d7a70ddd1.type','\"craft\\\\fields\\\\Lightswitch\"'),('fields.edef9055-6673-4bf1-8b1d-b0e6fd09f683.columnSuffix','\"dqowtzgz\"'),('fields.edef9055-6673-4bf1-8b1d-b0e6fd09f683.contentColumnType','\"boolean\"'),('fields.edef9055-6673-4bf1-8b1d-b0e6fd09f683.fieldGroup','\"e6d1e6f8-0f0a-449d-ae1e-19e8a4ce5125\"'),('fields.edef9055-6673-4bf1-8b1d-b0e6fd09f683.handle','\"gaitEnabled\"'),('fields.edef9055-6673-4bf1-8b1d-b0e6fd09f683.instructions','null'),('fields.edef9055-6673-4bf1-8b1d-b0e6fd09f683.name','\"Gait Enabled \"'),('fields.edef9055-6673-4bf1-8b1d-b0e6fd09f683.searchable','false'),('fields.edef9055-6673-4bf1-8b1d-b0e6fd09f683.settings.default','true'),('fields.edef9055-6673-4bf1-8b1d-b0e6fd09f683.settings.offLabel','null'),('fields.edef9055-6673-4bf1-8b1d-b0e6fd09f683.settings.onLabel','null'),('fields.edef9055-6673-4bf1-8b1d-b0e6fd09f683.translationKeyFormat','null'),('fields.edef9055-6673-4bf1-8b1d-b0e6fd09f683.translationMethod','\"none\"'),('fields.edef9055-6673-4bf1-8b1d-b0e6fd09f683.type','\"craft\\\\fields\\\\Lightswitch\"'),('fields.f7e0e3b8-43e7-4119-a34e-878dafa7bdc4.columnSuffix','\"azvvyurb\"'),('fields.f7e0e3b8-43e7-4119-a34e-878dafa7bdc4.contentColumnType','\"text\"'),('fields.f7e0e3b8-43e7-4119-a34e-878dafa7bdc4.fieldGroup','\"a2984693-84aa-4038-aeab-1e1778f19950\"'),('fields.f7e0e3b8-43e7-4119-a34e-878dafa7bdc4.handle','\"recentJointOrMuscleBleedsLinkLabel\"'),('fields.f7e0e3b8-43e7-4119-a34e-878dafa7bdc4.instructions','null'),('fields.f7e0e3b8-43e7-4119-a34e-878dafa7bdc4.name','\"Recent joint or muscle bleeds Link Label\"'),('fields.f7e0e3b8-43e7-4119-a34e-878dafa7bdc4.searchable','false'),('fields.f7e0e3b8-43e7-4119-a34e-878dafa7bdc4.settings.byteLimit','null'),('fields.f7e0e3b8-43e7-4119-a34e-878dafa7bdc4.settings.charLimit','null'),('fields.f7e0e3b8-43e7-4119-a34e-878dafa7bdc4.settings.code','false'),('fields.f7e0e3b8-43e7-4119-a34e-878dafa7bdc4.settings.columnType','null'),('fields.f7e0e3b8-43e7-4119-a34e-878dafa7bdc4.settings.initialRows','4'),('fields.f7e0e3b8-43e7-4119-a34e-878dafa7bdc4.settings.multiline','false'),('fields.f7e0e3b8-43e7-4119-a34e-878dafa7bdc4.settings.placeholder','null'),('fields.f7e0e3b8-43e7-4119-a34e-878dafa7bdc4.settings.uiMode','\"normal\"'),('fields.f7e0e3b8-43e7-4119-a34e-878dafa7bdc4.translationKeyFormat','null'),('fields.f7e0e3b8-43e7-4119-a34e-878dafa7bdc4.translationMethod','\"none\"'),('fields.f7e0e3b8-43e7-4119-a34e-878dafa7bdc4.type','\"craft\\\\fields\\\\PlainText\"'),('fs.images.hasUrls','true'),('fs.images.name','\"Images\"'),('fs.images.settings.path','\"assets/images\"'),('fs.images.type','\"craft\\\\fs\\\\Local\"'),('fs.images.url','\"/assets/images\"'),('globalSets.6e37d80f-4f8c-408c-be18-00050d5f3b2c.fieldLayouts.10f36f24-d1d9-4984-ae8c-bbbb98cc3986.tabs.0.elementCondition','null'),('globalSets.6e37d80f-4f8c-408c-be18-00050d5f3b2c.fieldLayouts.10f36f24-d1d9-4984-ae8c-bbbb98cc3986.tabs.0.elements.0.elementCondition','null'),('globalSets.6e37d80f-4f8c-408c-be18-00050d5f3b2c.fieldLayouts.10f36f24-d1d9-4984-ae8c-bbbb98cc3986.tabs.0.elements.0.fieldUid','\"0365e712-05f5-4a76-bc8a-9d16a7f3cd0b\"'),('globalSets.6e37d80f-4f8c-408c-be18-00050d5f3b2c.fieldLayouts.10f36f24-d1d9-4984-ae8c-bbbb98cc3986.tabs.0.elements.0.instructions','null'),('globalSets.6e37d80f-4f8c-408c-be18-00050d5f3b2c.fieldLayouts.10f36f24-d1d9-4984-ae8c-bbbb98cc3986.tabs.0.elements.0.label','null'),('globalSets.6e37d80f-4f8c-408c-be18-00050d5f3b2c.fieldLayouts.10f36f24-d1d9-4984-ae8c-bbbb98cc3986.tabs.0.elements.0.required','false'),('globalSets.6e37d80f-4f8c-408c-be18-00050d5f3b2c.fieldLayouts.10f36f24-d1d9-4984-ae8c-bbbb98cc3986.tabs.0.elements.0.tip','null'),('globalSets.6e37d80f-4f8c-408c-be18-00050d5f3b2c.fieldLayouts.10f36f24-d1d9-4984-ae8c-bbbb98cc3986.tabs.0.elements.0.type','\"craft\\\\fieldlayoutelements\\\\CustomField\"'),('globalSets.6e37d80f-4f8c-408c-be18-00050d5f3b2c.fieldLayouts.10f36f24-d1d9-4984-ae8c-bbbb98cc3986.tabs.0.elements.0.uid','\"debfb4ec-86a7-42f2-ba56-c9c9d60253ca\"'),('globalSets.6e37d80f-4f8c-408c-be18-00050d5f3b2c.fieldLayouts.10f36f24-d1d9-4984-ae8c-bbbb98cc3986.tabs.0.elements.0.userCondition','null'),('globalSets.6e37d80f-4f8c-408c-be18-00050d5f3b2c.fieldLayouts.10f36f24-d1d9-4984-ae8c-bbbb98cc3986.tabs.0.elements.0.warning','null'),('globalSets.6e37d80f-4f8c-408c-be18-00050d5f3b2c.fieldLayouts.10f36f24-d1d9-4984-ae8c-bbbb98cc3986.tabs.0.elements.0.width','100'),('globalSets.6e37d80f-4f8c-408c-be18-00050d5f3b2c.fieldLayouts.10f36f24-d1d9-4984-ae8c-bbbb98cc3986.tabs.0.elements.1.elementCondition','null'),('globalSets.6e37d80f-4f8c-408c-be18-00050d5f3b2c.fieldLayouts.10f36f24-d1d9-4984-ae8c-bbbb98cc3986.tabs.0.elements.1.fieldUid','\"273ca334-f1c3-4962-9aa5-394036547f8b\"'),('globalSets.6e37d80f-4f8c-408c-be18-00050d5f3b2c.fieldLayouts.10f36f24-d1d9-4984-ae8c-bbbb98cc3986.tabs.0.elements.1.instructions','null'),('globalSets.6e37d80f-4f8c-408c-be18-00050d5f3b2c.fieldLayouts.10f36f24-d1d9-4984-ae8c-bbbb98cc3986.tabs.0.elements.1.label','null'),('globalSets.6e37d80f-4f8c-408c-be18-00050d5f3b2c.fieldLayouts.10f36f24-d1d9-4984-ae8c-bbbb98cc3986.tabs.0.elements.1.required','false'),('globalSets.6e37d80f-4f8c-408c-be18-00050d5f3b2c.fieldLayouts.10f36f24-d1d9-4984-ae8c-bbbb98cc3986.tabs.0.elements.1.tip','null'),('globalSets.6e37d80f-4f8c-408c-be18-00050d5f3b2c.fieldLayouts.10f36f24-d1d9-4984-ae8c-bbbb98cc3986.tabs.0.elements.1.type','\"craft\\\\fieldlayoutelements\\\\CustomField\"'),('globalSets.6e37d80f-4f8c-408c-be18-00050d5f3b2c.fieldLayouts.10f36f24-d1d9-4984-ae8c-bbbb98cc3986.tabs.0.elements.1.uid','\"928842a5-c2de-4cbe-961f-fa2ca84e4a78\"'),('globalSets.6e37d80f-4f8c-408c-be18-00050d5f3b2c.fieldLayouts.10f36f24-d1d9-4984-ae8c-bbbb98cc3986.tabs.0.elements.1.userCondition','null'),('globalSets.6e37d80f-4f8c-408c-be18-00050d5f3b2c.fieldLayouts.10f36f24-d1d9-4984-ae8c-bbbb98cc3986.tabs.0.elements.1.warning','null'),('globalSets.6e37d80f-4f8c-408c-be18-00050d5f3b2c.fieldLayouts.10f36f24-d1d9-4984-ae8c-bbbb98cc3986.tabs.0.elements.1.width','100'),('globalSets.6e37d80f-4f8c-408c-be18-00050d5f3b2c.fieldLayouts.10f36f24-d1d9-4984-ae8c-bbbb98cc3986.tabs.0.elements.2.elementCondition','null'),('globalSets.6e37d80f-4f8c-408c-be18-00050d5f3b2c.fieldLayouts.10f36f24-d1d9-4984-ae8c-bbbb98cc3986.tabs.0.elements.2.fieldUid','\"683abb40-6094-456c-a2c3-a7a253e7ec34\"'),('globalSets.6e37d80f-4f8c-408c-be18-00050d5f3b2c.fieldLayouts.10f36f24-d1d9-4984-ae8c-bbbb98cc3986.tabs.0.elements.2.instructions','null'),('globalSets.6e37d80f-4f8c-408c-be18-00050d5f3b2c.fieldLayouts.10f36f24-d1d9-4984-ae8c-bbbb98cc3986.tabs.0.elements.2.label','null'),('globalSets.6e37d80f-4f8c-408c-be18-00050d5f3b2c.fieldLayouts.10f36f24-d1d9-4984-ae8c-bbbb98cc3986.tabs.0.elements.2.required','false'),('globalSets.6e37d80f-4f8c-408c-be18-00050d5f3b2c.fieldLayouts.10f36f24-d1d9-4984-ae8c-bbbb98cc3986.tabs.0.elements.2.tip','null'),('globalSets.6e37d80f-4f8c-408c-be18-00050d5f3b2c.fieldLayouts.10f36f24-d1d9-4984-ae8c-bbbb98cc3986.tabs.0.elements.2.type','\"craft\\\\fieldlayoutelements\\\\CustomField\"'),('globalSets.6e37d80f-4f8c-408c-be18-00050d5f3b2c.fieldLayouts.10f36f24-d1d9-4984-ae8c-bbbb98cc3986.tabs.0.elements.2.uid','\"188d3d77-51ba-4cc9-bb7e-297f167ac0da\"'),('globalSets.6e37d80f-4f8c-408c-be18-00050d5f3b2c.fieldLayouts.10f36f24-d1d9-4984-ae8c-bbbb98cc3986.tabs.0.elements.2.userCondition','null'),('globalSets.6e37d80f-4f8c-408c-be18-00050d5f3b2c.fieldLayouts.10f36f24-d1d9-4984-ae8c-bbbb98cc3986.tabs.0.elements.2.warning','null'),('globalSets.6e37d80f-4f8c-408c-be18-00050d5f3b2c.fieldLayouts.10f36f24-d1d9-4984-ae8c-bbbb98cc3986.tabs.0.elements.2.width','100'),('globalSets.6e37d80f-4f8c-408c-be18-00050d5f3b2c.fieldLayouts.10f36f24-d1d9-4984-ae8c-bbbb98cc3986.tabs.0.name','\"Swelling\"'),('globalSets.6e37d80f-4f8c-408c-be18-00050d5f3b2c.fieldLayouts.10f36f24-d1d9-4984-ae8c-bbbb98cc3986.tabs.0.uid','\"f6c78ac4-635f-44f2-8893-45036160170f\"'),('globalSets.6e37d80f-4f8c-408c-be18-00050d5f3b2c.fieldLayouts.10f36f24-d1d9-4984-ae8c-bbbb98cc3986.tabs.0.userCondition','null'),('globalSets.6e37d80f-4f8c-408c-be18-00050d5f3b2c.fieldLayouts.10f36f24-d1d9-4984-ae8c-bbbb98cc3986.tabs.1.elementCondition','null'),('globalSets.6e37d80f-4f8c-408c-be18-00050d5f3b2c.fieldLayouts.10f36f24-d1d9-4984-ae8c-bbbb98cc3986.tabs.1.elements.0.elementCondition','null'),('globalSets.6e37d80f-4f8c-408c-be18-00050d5f3b2c.fieldLayouts.10f36f24-d1d9-4984-ae8c-bbbb98cc3986.tabs.1.elements.0.fieldUid','\"e57f8be3-f97c-4a25-8b8f-157d7a70ddd1\"'),('globalSets.6e37d80f-4f8c-408c-be18-00050d5f3b2c.fieldLayouts.10f36f24-d1d9-4984-ae8c-bbbb98cc3986.tabs.1.elements.0.instructions','null'),('globalSets.6e37d80f-4f8c-408c-be18-00050d5f3b2c.fieldLayouts.10f36f24-d1d9-4984-ae8c-bbbb98cc3986.tabs.1.elements.0.label','null'),('globalSets.6e37d80f-4f8c-408c-be18-00050d5f3b2c.fieldLayouts.10f36f24-d1d9-4984-ae8c-bbbb98cc3986.tabs.1.elements.0.required','false'),('globalSets.6e37d80f-4f8c-408c-be18-00050d5f3b2c.fieldLayouts.10f36f24-d1d9-4984-ae8c-bbbb98cc3986.tabs.1.elements.0.tip','null'),('globalSets.6e37d80f-4f8c-408c-be18-00050d5f3b2c.fieldLayouts.10f36f24-d1d9-4984-ae8c-bbbb98cc3986.tabs.1.elements.0.type','\"craft\\\\fieldlayoutelements\\\\CustomField\"'),('globalSets.6e37d80f-4f8c-408c-be18-00050d5f3b2c.fieldLayouts.10f36f24-d1d9-4984-ae8c-bbbb98cc3986.tabs.1.elements.0.uid','\"f94ed9e0-7372-4eca-8f93-c34a757fb583\"'),('globalSets.6e37d80f-4f8c-408c-be18-00050d5f3b2c.fieldLayouts.10f36f24-d1d9-4984-ae8c-bbbb98cc3986.tabs.1.elements.0.userCondition','null'),('globalSets.6e37d80f-4f8c-408c-be18-00050d5f3b2c.fieldLayouts.10f36f24-d1d9-4984-ae8c-bbbb98cc3986.tabs.1.elements.0.warning','null'),('globalSets.6e37d80f-4f8c-408c-be18-00050d5f3b2c.fieldLayouts.10f36f24-d1d9-4984-ae8c-bbbb98cc3986.tabs.1.elements.0.width','100'),('globalSets.6e37d80f-4f8c-408c-be18-00050d5f3b2c.fieldLayouts.10f36f24-d1d9-4984-ae8c-bbbb98cc3986.tabs.1.elements.1.elementCondition','null'),('globalSets.6e37d80f-4f8c-408c-be18-00050d5f3b2c.fieldLayouts.10f36f24-d1d9-4984-ae8c-bbbb98cc3986.tabs.1.elements.1.fieldUid','\"133d564a-a85c-42f4-8b92-53bb341708eb\"'),('globalSets.6e37d80f-4f8c-408c-be18-00050d5f3b2c.fieldLayouts.10f36f24-d1d9-4984-ae8c-bbbb98cc3986.tabs.1.elements.1.instructions','null'),('globalSets.6e37d80f-4f8c-408c-be18-00050d5f3b2c.fieldLayouts.10f36f24-d1d9-4984-ae8c-bbbb98cc3986.tabs.1.elements.1.label','null'),('globalSets.6e37d80f-4f8c-408c-be18-00050d5f3b2c.fieldLayouts.10f36f24-d1d9-4984-ae8c-bbbb98cc3986.tabs.1.elements.1.required','false'),('globalSets.6e37d80f-4f8c-408c-be18-00050d5f3b2c.fieldLayouts.10f36f24-d1d9-4984-ae8c-bbbb98cc3986.tabs.1.elements.1.tip','null'),('globalSets.6e37d80f-4f8c-408c-be18-00050d5f3b2c.fieldLayouts.10f36f24-d1d9-4984-ae8c-bbbb98cc3986.tabs.1.elements.1.type','\"craft\\\\fieldlayoutelements\\\\CustomField\"'),('globalSets.6e37d80f-4f8c-408c-be18-00050d5f3b2c.fieldLayouts.10f36f24-d1d9-4984-ae8c-bbbb98cc3986.tabs.1.elements.1.uid','\"fed6f992-6aee-4776-9a63-e51291fc257a\"'),('globalSets.6e37d80f-4f8c-408c-be18-00050d5f3b2c.fieldLayouts.10f36f24-d1d9-4984-ae8c-bbbb98cc3986.tabs.1.elements.1.userCondition','null'),('globalSets.6e37d80f-4f8c-408c-be18-00050d5f3b2c.fieldLayouts.10f36f24-d1d9-4984-ae8c-bbbb98cc3986.tabs.1.elements.1.warning','null'),('globalSets.6e37d80f-4f8c-408c-be18-00050d5f3b2c.fieldLayouts.10f36f24-d1d9-4984-ae8c-bbbb98cc3986.tabs.1.elements.1.width','100'),('globalSets.6e37d80f-4f8c-408c-be18-00050d5f3b2c.fieldLayouts.10f36f24-d1d9-4984-ae8c-bbbb98cc3986.tabs.1.elements.2.elementCondition','null'),('globalSets.6e37d80f-4f8c-408c-be18-00050d5f3b2c.fieldLayouts.10f36f24-d1d9-4984-ae8c-bbbb98cc3986.tabs.1.elements.2.fieldUid','\"026d0eae-5afb-4069-9cd5-bf1d32f5a50d\"'),('globalSets.6e37d80f-4f8c-408c-be18-00050d5f3b2c.fieldLayouts.10f36f24-d1d9-4984-ae8c-bbbb98cc3986.tabs.1.elements.2.instructions','null'),('globalSets.6e37d80f-4f8c-408c-be18-00050d5f3b2c.fieldLayouts.10f36f24-d1d9-4984-ae8c-bbbb98cc3986.tabs.1.elements.2.label','null'),('globalSets.6e37d80f-4f8c-408c-be18-00050d5f3b2c.fieldLayouts.10f36f24-d1d9-4984-ae8c-bbbb98cc3986.tabs.1.elements.2.required','false'),('globalSets.6e37d80f-4f8c-408c-be18-00050d5f3b2c.fieldLayouts.10f36f24-d1d9-4984-ae8c-bbbb98cc3986.tabs.1.elements.2.tip','null'),('globalSets.6e37d80f-4f8c-408c-be18-00050d5f3b2c.fieldLayouts.10f36f24-d1d9-4984-ae8c-bbbb98cc3986.tabs.1.elements.2.type','\"craft\\\\fieldlayoutelements\\\\CustomField\"'),('globalSets.6e37d80f-4f8c-408c-be18-00050d5f3b2c.fieldLayouts.10f36f24-d1d9-4984-ae8c-bbbb98cc3986.tabs.1.elements.2.uid','\"fae6acf3-4000-4ed3-9c51-e752914cca0d\"'),('globalSets.6e37d80f-4f8c-408c-be18-00050d5f3b2c.fieldLayouts.10f36f24-d1d9-4984-ae8c-bbbb98cc3986.tabs.1.elements.2.userCondition','null'),('globalSets.6e37d80f-4f8c-408c-be18-00050d5f3b2c.fieldLayouts.10f36f24-d1d9-4984-ae8c-bbbb98cc3986.tabs.1.elements.2.warning','null'),('globalSets.6e37d80f-4f8c-408c-be18-00050d5f3b2c.fieldLayouts.10f36f24-d1d9-4984-ae8c-bbbb98cc3986.tabs.1.elements.2.width','100'),('globalSets.6e37d80f-4f8c-408c-be18-00050d5f3b2c.fieldLayouts.10f36f24-d1d9-4984-ae8c-bbbb98cc3986.tabs.1.name','\"Muscle Atrophy\"'),('globalSets.6e37d80f-4f8c-408c-be18-00050d5f3b2c.fieldLayouts.10f36f24-d1d9-4984-ae8c-bbbb98cc3986.tabs.1.uid','\"ae5ab078-81ba-4844-9883-b4875a2c1ca0\"'),('globalSets.6e37d80f-4f8c-408c-be18-00050d5f3b2c.fieldLayouts.10f36f24-d1d9-4984-ae8c-bbbb98cc3986.tabs.1.userCondition','null'),('globalSets.6e37d80f-4f8c-408c-be18-00050d5f3b2c.fieldLayouts.10f36f24-d1d9-4984-ae8c-bbbb98cc3986.tabs.2.elementCondition','null'),('globalSets.6e37d80f-4f8c-408c-be18-00050d5f3b2c.fieldLayouts.10f36f24-d1d9-4984-ae8c-bbbb98cc3986.tabs.2.elements.0.elementCondition','null'),('globalSets.6e37d80f-4f8c-408c-be18-00050d5f3b2c.fieldLayouts.10f36f24-d1d9-4984-ae8c-bbbb98cc3986.tabs.2.elements.0.fieldUid','\"2e3620ac-34f9-4a55-a693-9306091e82d3\"'),('globalSets.6e37d80f-4f8c-408c-be18-00050d5f3b2c.fieldLayouts.10f36f24-d1d9-4984-ae8c-bbbb98cc3986.tabs.2.elements.0.instructions','null'),('globalSets.6e37d80f-4f8c-408c-be18-00050d5f3b2c.fieldLayouts.10f36f24-d1d9-4984-ae8c-bbbb98cc3986.tabs.2.elements.0.label','null'),('globalSets.6e37d80f-4f8c-408c-be18-00050d5f3b2c.fieldLayouts.10f36f24-d1d9-4984-ae8c-bbbb98cc3986.tabs.2.elements.0.required','false'),('globalSets.6e37d80f-4f8c-408c-be18-00050d5f3b2c.fieldLayouts.10f36f24-d1d9-4984-ae8c-bbbb98cc3986.tabs.2.elements.0.tip','null'),('globalSets.6e37d80f-4f8c-408c-be18-00050d5f3b2c.fieldLayouts.10f36f24-d1d9-4984-ae8c-bbbb98cc3986.tabs.2.elements.0.type','\"craft\\\\fieldlayoutelements\\\\CustomField\"'),('globalSets.6e37d80f-4f8c-408c-be18-00050d5f3b2c.fieldLayouts.10f36f24-d1d9-4984-ae8c-bbbb98cc3986.tabs.2.elements.0.uid','\"604d3654-0cf1-4046-a194-bfd475ef6490\"'),('globalSets.6e37d80f-4f8c-408c-be18-00050d5f3b2c.fieldLayouts.10f36f24-d1d9-4984-ae8c-bbbb98cc3986.tabs.2.elements.0.userCondition','null'),('globalSets.6e37d80f-4f8c-408c-be18-00050d5f3b2c.fieldLayouts.10f36f24-d1d9-4984-ae8c-bbbb98cc3986.tabs.2.elements.0.warning','null'),('globalSets.6e37d80f-4f8c-408c-be18-00050d5f3b2c.fieldLayouts.10f36f24-d1d9-4984-ae8c-bbbb98cc3986.tabs.2.elements.0.width','100'),('globalSets.6e37d80f-4f8c-408c-be18-00050d5f3b2c.fieldLayouts.10f36f24-d1d9-4984-ae8c-bbbb98cc3986.tabs.2.elements.1.elementCondition','null'),('globalSets.6e37d80f-4f8c-408c-be18-00050d5f3b2c.fieldLayouts.10f36f24-d1d9-4984-ae8c-bbbb98cc3986.tabs.2.elements.1.fieldUid','\"0eeb101b-81d9-4178-8623-129a53ff4f4f\"'),('globalSets.6e37d80f-4f8c-408c-be18-00050d5f3b2c.fieldLayouts.10f36f24-d1d9-4984-ae8c-bbbb98cc3986.tabs.2.elements.1.instructions','null'),('globalSets.6e37d80f-4f8c-408c-be18-00050d5f3b2c.fieldLayouts.10f36f24-d1d9-4984-ae8c-bbbb98cc3986.tabs.2.elements.1.label','null'),('globalSets.6e37d80f-4f8c-408c-be18-00050d5f3b2c.fieldLayouts.10f36f24-d1d9-4984-ae8c-bbbb98cc3986.tabs.2.elements.1.required','false'),('globalSets.6e37d80f-4f8c-408c-be18-00050d5f3b2c.fieldLayouts.10f36f24-d1d9-4984-ae8c-bbbb98cc3986.tabs.2.elements.1.tip','null'),('globalSets.6e37d80f-4f8c-408c-be18-00050d5f3b2c.fieldLayouts.10f36f24-d1d9-4984-ae8c-bbbb98cc3986.tabs.2.elements.1.type','\"craft\\\\fieldlayoutelements\\\\CustomField\"'),('globalSets.6e37d80f-4f8c-408c-be18-00050d5f3b2c.fieldLayouts.10f36f24-d1d9-4984-ae8c-bbbb98cc3986.tabs.2.elements.1.uid','\"b84d626e-7061-4e86-a93d-bacabeaea99e\"'),('globalSets.6e37d80f-4f8c-408c-be18-00050d5f3b2c.fieldLayouts.10f36f24-d1d9-4984-ae8c-bbbb98cc3986.tabs.2.elements.1.userCondition','null'),('globalSets.6e37d80f-4f8c-408c-be18-00050d5f3b2c.fieldLayouts.10f36f24-d1d9-4984-ae8c-bbbb98cc3986.tabs.2.elements.1.warning','null'),('globalSets.6e37d80f-4f8c-408c-be18-00050d5f3b2c.fieldLayouts.10f36f24-d1d9-4984-ae8c-bbbb98cc3986.tabs.2.elements.1.width','100'),('globalSets.6e37d80f-4f8c-408c-be18-00050d5f3b2c.fieldLayouts.10f36f24-d1d9-4984-ae8c-bbbb98cc3986.tabs.2.elements.2.elementCondition','null'),('globalSets.6e37d80f-4f8c-408c-be18-00050d5f3b2c.fieldLayouts.10f36f24-d1d9-4984-ae8c-bbbb98cc3986.tabs.2.elements.2.fieldUid','\"73ad925b-eea4-47b4-8d92-963f816c2676\"'),('globalSets.6e37d80f-4f8c-408c-be18-00050d5f3b2c.fieldLayouts.10f36f24-d1d9-4984-ae8c-bbbb98cc3986.tabs.2.elements.2.instructions','null'),('globalSets.6e37d80f-4f8c-408c-be18-00050d5f3b2c.fieldLayouts.10f36f24-d1d9-4984-ae8c-bbbb98cc3986.tabs.2.elements.2.label','null'),('globalSets.6e37d80f-4f8c-408c-be18-00050d5f3b2c.fieldLayouts.10f36f24-d1d9-4984-ae8c-bbbb98cc3986.tabs.2.elements.2.required','false'),('globalSets.6e37d80f-4f8c-408c-be18-00050d5f3b2c.fieldLayouts.10f36f24-d1d9-4984-ae8c-bbbb98cc3986.tabs.2.elements.2.tip','null'),('globalSets.6e37d80f-4f8c-408c-be18-00050d5f3b2c.fieldLayouts.10f36f24-d1d9-4984-ae8c-bbbb98cc3986.tabs.2.elements.2.type','\"craft\\\\fieldlayoutelements\\\\CustomField\"'),('globalSets.6e37d80f-4f8c-408c-be18-00050d5f3b2c.fieldLayouts.10f36f24-d1d9-4984-ae8c-bbbb98cc3986.tabs.2.elements.2.uid','\"71889bb5-3327-48b2-bff2-d3dded9911ae\"'),('globalSets.6e37d80f-4f8c-408c-be18-00050d5f3b2c.fieldLayouts.10f36f24-d1d9-4984-ae8c-bbbb98cc3986.tabs.2.elements.2.userCondition','null'),('globalSets.6e37d80f-4f8c-408c-be18-00050d5f3b2c.fieldLayouts.10f36f24-d1d9-4984-ae8c-bbbb98cc3986.tabs.2.elements.2.warning','null'),('globalSets.6e37d80f-4f8c-408c-be18-00050d5f3b2c.fieldLayouts.10f36f24-d1d9-4984-ae8c-bbbb98cc3986.tabs.2.elements.2.width','100'),('globalSets.6e37d80f-4f8c-408c-be18-00050d5f3b2c.fieldLayouts.10f36f24-d1d9-4984-ae8c-bbbb98cc3986.tabs.2.name','\"Crepitus on Motion\"'),('globalSets.6e37d80f-4f8c-408c-be18-00050d5f3b2c.fieldLayouts.10f36f24-d1d9-4984-ae8c-bbbb98cc3986.tabs.2.uid','\"d7c69555-bcd2-4c2f-8494-7a76a76d3bf5\"'),('globalSets.6e37d80f-4f8c-408c-be18-00050d5f3b2c.fieldLayouts.10f36f24-d1d9-4984-ae8c-bbbb98cc3986.tabs.2.userCondition','null'),('globalSets.6e37d80f-4f8c-408c-be18-00050d5f3b2c.fieldLayouts.10f36f24-d1d9-4984-ae8c-bbbb98cc3986.tabs.3.elementCondition','null'),('globalSets.6e37d80f-4f8c-408c-be18-00050d5f3b2c.fieldLayouts.10f36f24-d1d9-4984-ae8c-bbbb98cc3986.tabs.3.elements.0.elementCondition','null'),('globalSets.6e37d80f-4f8c-408c-be18-00050d5f3b2c.fieldLayouts.10f36f24-d1d9-4984-ae8c-bbbb98cc3986.tabs.3.elements.0.fieldUid','\"770305c7-e79e-4b26-b720-4c34cbd36bcb\"'),('globalSets.6e37d80f-4f8c-408c-be18-00050d5f3b2c.fieldLayouts.10f36f24-d1d9-4984-ae8c-bbbb98cc3986.tabs.3.elements.0.instructions','null'),('globalSets.6e37d80f-4f8c-408c-be18-00050d5f3b2c.fieldLayouts.10f36f24-d1d9-4984-ae8c-bbbb98cc3986.tabs.3.elements.0.label','null'),('globalSets.6e37d80f-4f8c-408c-be18-00050d5f3b2c.fieldLayouts.10f36f24-d1d9-4984-ae8c-bbbb98cc3986.tabs.3.elements.0.required','false'),('globalSets.6e37d80f-4f8c-408c-be18-00050d5f3b2c.fieldLayouts.10f36f24-d1d9-4984-ae8c-bbbb98cc3986.tabs.3.elements.0.tip','null'),('globalSets.6e37d80f-4f8c-408c-be18-00050d5f3b2c.fieldLayouts.10f36f24-d1d9-4984-ae8c-bbbb98cc3986.tabs.3.elements.0.type','\"craft\\\\fieldlayoutelements\\\\CustomField\"'),('globalSets.6e37d80f-4f8c-408c-be18-00050d5f3b2c.fieldLayouts.10f36f24-d1d9-4984-ae8c-bbbb98cc3986.tabs.3.elements.0.uid','\"55ffbf58-862d-413d-9ae2-7a4226527d20\"'),('globalSets.6e37d80f-4f8c-408c-be18-00050d5f3b2c.fieldLayouts.10f36f24-d1d9-4984-ae8c-bbbb98cc3986.tabs.3.elements.0.userCondition','null'),('globalSets.6e37d80f-4f8c-408c-be18-00050d5f3b2c.fieldLayouts.10f36f24-d1d9-4984-ae8c-bbbb98cc3986.tabs.3.elements.0.warning','null'),('globalSets.6e37d80f-4f8c-408c-be18-00050d5f3b2c.fieldLayouts.10f36f24-d1d9-4984-ae8c-bbbb98cc3986.tabs.3.elements.0.width','100'),('globalSets.6e37d80f-4f8c-408c-be18-00050d5f3b2c.fieldLayouts.10f36f24-d1d9-4984-ae8c-bbbb98cc3986.tabs.3.elements.1.elementCondition','null'),('globalSets.6e37d80f-4f8c-408c-be18-00050d5f3b2c.fieldLayouts.10f36f24-d1d9-4984-ae8c-bbbb98cc3986.tabs.3.elements.1.fieldUid','\"9b29fb0c-f60b-49fb-b905-6cf72af1a622\"'),('globalSets.6e37d80f-4f8c-408c-be18-00050d5f3b2c.fieldLayouts.10f36f24-d1d9-4984-ae8c-bbbb98cc3986.tabs.3.elements.1.instructions','null'),('globalSets.6e37d80f-4f8c-408c-be18-00050d5f3b2c.fieldLayouts.10f36f24-d1d9-4984-ae8c-bbbb98cc3986.tabs.3.elements.1.label','null'),('globalSets.6e37d80f-4f8c-408c-be18-00050d5f3b2c.fieldLayouts.10f36f24-d1d9-4984-ae8c-bbbb98cc3986.tabs.3.elements.1.required','false'),('globalSets.6e37d80f-4f8c-408c-be18-00050d5f3b2c.fieldLayouts.10f36f24-d1d9-4984-ae8c-bbbb98cc3986.tabs.3.elements.1.tip','null'),('globalSets.6e37d80f-4f8c-408c-be18-00050d5f3b2c.fieldLayouts.10f36f24-d1d9-4984-ae8c-bbbb98cc3986.tabs.3.elements.1.type','\"craft\\\\fieldlayoutelements\\\\CustomField\"'),('globalSets.6e37d80f-4f8c-408c-be18-00050d5f3b2c.fieldLayouts.10f36f24-d1d9-4984-ae8c-bbbb98cc3986.tabs.3.elements.1.uid','\"d5813015-af0d-45e0-9435-92d481fde526\"'),('globalSets.6e37d80f-4f8c-408c-be18-00050d5f3b2c.fieldLayouts.10f36f24-d1d9-4984-ae8c-bbbb98cc3986.tabs.3.elements.1.userCondition','null'),('globalSets.6e37d80f-4f8c-408c-be18-00050d5f3b2c.fieldLayouts.10f36f24-d1d9-4984-ae8c-bbbb98cc3986.tabs.3.elements.1.warning','null'),('globalSets.6e37d80f-4f8c-408c-be18-00050d5f3b2c.fieldLayouts.10f36f24-d1d9-4984-ae8c-bbbb98cc3986.tabs.3.elements.1.width','100'),('globalSets.6e37d80f-4f8c-408c-be18-00050d5f3b2c.fieldLayouts.10f36f24-d1d9-4984-ae8c-bbbb98cc3986.tabs.3.elements.2.elementCondition','null'),('globalSets.6e37d80f-4f8c-408c-be18-00050d5f3b2c.fieldLayouts.10f36f24-d1d9-4984-ae8c-bbbb98cc3986.tabs.3.elements.2.fieldUid','\"0b6163ba-b9ed-4ca8-9991-e3c31f286fcc\"'),('globalSets.6e37d80f-4f8c-408c-be18-00050d5f3b2c.fieldLayouts.10f36f24-d1d9-4984-ae8c-bbbb98cc3986.tabs.3.elements.2.instructions','null'),('globalSets.6e37d80f-4f8c-408c-be18-00050d5f3b2c.fieldLayouts.10f36f24-d1d9-4984-ae8c-bbbb98cc3986.tabs.3.elements.2.label','null'),('globalSets.6e37d80f-4f8c-408c-be18-00050d5f3b2c.fieldLayouts.10f36f24-d1d9-4984-ae8c-bbbb98cc3986.tabs.3.elements.2.required','false'),('globalSets.6e37d80f-4f8c-408c-be18-00050d5f3b2c.fieldLayouts.10f36f24-d1d9-4984-ae8c-bbbb98cc3986.tabs.3.elements.2.tip','null'),('globalSets.6e37d80f-4f8c-408c-be18-00050d5f3b2c.fieldLayouts.10f36f24-d1d9-4984-ae8c-bbbb98cc3986.tabs.3.elements.2.type','\"craft\\\\fieldlayoutelements\\\\CustomField\"'),('globalSets.6e37d80f-4f8c-408c-be18-00050d5f3b2c.fieldLayouts.10f36f24-d1d9-4984-ae8c-bbbb98cc3986.tabs.3.elements.2.uid','\"97eccb93-b5e2-4037-927d-6c10ff278ca7\"'),('globalSets.6e37d80f-4f8c-408c-be18-00050d5f3b2c.fieldLayouts.10f36f24-d1d9-4984-ae8c-bbbb98cc3986.tabs.3.elements.2.userCondition','null'),('globalSets.6e37d80f-4f8c-408c-be18-00050d5f3b2c.fieldLayouts.10f36f24-d1d9-4984-ae8c-bbbb98cc3986.tabs.3.elements.2.warning','null'),('globalSets.6e37d80f-4f8c-408c-be18-00050d5f3b2c.fieldLayouts.10f36f24-d1d9-4984-ae8c-bbbb98cc3986.tabs.3.elements.2.width','100'),('globalSets.6e37d80f-4f8c-408c-be18-00050d5f3b2c.fieldLayouts.10f36f24-d1d9-4984-ae8c-bbbb98cc3986.tabs.3.name','\"Range of Motion\"'),('globalSets.6e37d80f-4f8c-408c-be18-00050d5f3b2c.fieldLayouts.10f36f24-d1d9-4984-ae8c-bbbb98cc3986.tabs.3.uid','\"2e79f4c0-f2ae-4aa4-89f9-0dfa9cd93f61\"'),('globalSets.6e37d80f-4f8c-408c-be18-00050d5f3b2c.fieldLayouts.10f36f24-d1d9-4984-ae8c-bbbb98cc3986.tabs.3.userCondition','null'),('globalSets.6e37d80f-4f8c-408c-be18-00050d5f3b2c.fieldLayouts.10f36f24-d1d9-4984-ae8c-bbbb98cc3986.tabs.4.elementCondition','null'),('globalSets.6e37d80f-4f8c-408c-be18-00050d5f3b2c.fieldLayouts.10f36f24-d1d9-4984-ae8c-bbbb98cc3986.tabs.4.elements.0.elementCondition','null'),('globalSets.6e37d80f-4f8c-408c-be18-00050d5f3b2c.fieldLayouts.10f36f24-d1d9-4984-ae8c-bbbb98cc3986.tabs.4.elements.0.fieldUid','\"e0e901b0-c261-4650-bc43-99b2c6877115\"'),('globalSets.6e37d80f-4f8c-408c-be18-00050d5f3b2c.fieldLayouts.10f36f24-d1d9-4984-ae8c-bbbb98cc3986.tabs.4.elements.0.instructions','null'),('globalSets.6e37d80f-4f8c-408c-be18-00050d5f3b2c.fieldLayouts.10f36f24-d1d9-4984-ae8c-bbbb98cc3986.tabs.4.elements.0.label','null'),('globalSets.6e37d80f-4f8c-408c-be18-00050d5f3b2c.fieldLayouts.10f36f24-d1d9-4984-ae8c-bbbb98cc3986.tabs.4.elements.0.required','false'),('globalSets.6e37d80f-4f8c-408c-be18-00050d5f3b2c.fieldLayouts.10f36f24-d1d9-4984-ae8c-bbbb98cc3986.tabs.4.elements.0.tip','null'),('globalSets.6e37d80f-4f8c-408c-be18-00050d5f3b2c.fieldLayouts.10f36f24-d1d9-4984-ae8c-bbbb98cc3986.tabs.4.elements.0.type','\"craft\\\\fieldlayoutelements\\\\CustomField\"'),('globalSets.6e37d80f-4f8c-408c-be18-00050d5f3b2c.fieldLayouts.10f36f24-d1d9-4984-ae8c-bbbb98cc3986.tabs.4.elements.0.uid','\"90580b41-497b-429d-8afd-6592b006650d\"'),('globalSets.6e37d80f-4f8c-408c-be18-00050d5f3b2c.fieldLayouts.10f36f24-d1d9-4984-ae8c-bbbb98cc3986.tabs.4.elements.0.userCondition','null'),('globalSets.6e37d80f-4f8c-408c-be18-00050d5f3b2c.fieldLayouts.10f36f24-d1d9-4984-ae8c-bbbb98cc3986.tabs.4.elements.0.warning','null'),('globalSets.6e37d80f-4f8c-408c-be18-00050d5f3b2c.fieldLayouts.10f36f24-d1d9-4984-ae8c-bbbb98cc3986.tabs.4.elements.0.width','100'),('globalSets.6e37d80f-4f8c-408c-be18-00050d5f3b2c.fieldLayouts.10f36f24-d1d9-4984-ae8c-bbbb98cc3986.tabs.4.elements.1.elementCondition','null'),('globalSets.6e37d80f-4f8c-408c-be18-00050d5f3b2c.fieldLayouts.10f36f24-d1d9-4984-ae8c-bbbb98cc3986.tabs.4.elements.1.fieldUid','\"8118220f-79de-45e3-8397-176578797cfc\"'),('globalSets.6e37d80f-4f8c-408c-be18-00050d5f3b2c.fieldLayouts.10f36f24-d1d9-4984-ae8c-bbbb98cc3986.tabs.4.elements.1.instructions','null'),('globalSets.6e37d80f-4f8c-408c-be18-00050d5f3b2c.fieldLayouts.10f36f24-d1d9-4984-ae8c-bbbb98cc3986.tabs.4.elements.1.label','null'),('globalSets.6e37d80f-4f8c-408c-be18-00050d5f3b2c.fieldLayouts.10f36f24-d1d9-4984-ae8c-bbbb98cc3986.tabs.4.elements.1.required','false'),('globalSets.6e37d80f-4f8c-408c-be18-00050d5f3b2c.fieldLayouts.10f36f24-d1d9-4984-ae8c-bbbb98cc3986.tabs.4.elements.1.tip','null'),('globalSets.6e37d80f-4f8c-408c-be18-00050d5f3b2c.fieldLayouts.10f36f24-d1d9-4984-ae8c-bbbb98cc3986.tabs.4.elements.1.type','\"craft\\\\fieldlayoutelements\\\\CustomField\"'),('globalSets.6e37d80f-4f8c-408c-be18-00050d5f3b2c.fieldLayouts.10f36f24-d1d9-4984-ae8c-bbbb98cc3986.tabs.4.elements.1.uid','\"04fba39a-adb0-4da7-bc21-ea9d733bca4d\"'),('globalSets.6e37d80f-4f8c-408c-be18-00050d5f3b2c.fieldLayouts.10f36f24-d1d9-4984-ae8c-bbbb98cc3986.tabs.4.elements.1.userCondition','null'),('globalSets.6e37d80f-4f8c-408c-be18-00050d5f3b2c.fieldLayouts.10f36f24-d1d9-4984-ae8c-bbbb98cc3986.tabs.4.elements.1.warning','null'),('globalSets.6e37d80f-4f8c-408c-be18-00050d5f3b2c.fieldLayouts.10f36f24-d1d9-4984-ae8c-bbbb98cc3986.tabs.4.elements.1.width','100'),('globalSets.6e37d80f-4f8c-408c-be18-00050d5f3b2c.fieldLayouts.10f36f24-d1d9-4984-ae8c-bbbb98cc3986.tabs.4.elements.2.elementCondition','null'),('globalSets.6e37d80f-4f8c-408c-be18-00050d5f3b2c.fieldLayouts.10f36f24-d1d9-4984-ae8c-bbbb98cc3986.tabs.4.elements.2.fieldUid','\"2b4e047a-13e2-48c8-a637-c7552fade561\"'),('globalSets.6e37d80f-4f8c-408c-be18-00050d5f3b2c.fieldLayouts.10f36f24-d1d9-4984-ae8c-bbbb98cc3986.tabs.4.elements.2.instructions','null'),('globalSets.6e37d80f-4f8c-408c-be18-00050d5f3b2c.fieldLayouts.10f36f24-d1d9-4984-ae8c-bbbb98cc3986.tabs.4.elements.2.label','null'),('globalSets.6e37d80f-4f8c-408c-be18-00050d5f3b2c.fieldLayouts.10f36f24-d1d9-4984-ae8c-bbbb98cc3986.tabs.4.elements.2.required','false'),('globalSets.6e37d80f-4f8c-408c-be18-00050d5f3b2c.fieldLayouts.10f36f24-d1d9-4984-ae8c-bbbb98cc3986.tabs.4.elements.2.tip','null'),('globalSets.6e37d80f-4f8c-408c-be18-00050d5f3b2c.fieldLayouts.10f36f24-d1d9-4984-ae8c-bbbb98cc3986.tabs.4.elements.2.type','\"craft\\\\fieldlayoutelements\\\\CustomField\"'),('globalSets.6e37d80f-4f8c-408c-be18-00050d5f3b2c.fieldLayouts.10f36f24-d1d9-4984-ae8c-bbbb98cc3986.tabs.4.elements.2.uid','\"9a0a6bc5-bc57-4510-87f1-74b694002757\"'),('globalSets.6e37d80f-4f8c-408c-be18-00050d5f3b2c.fieldLayouts.10f36f24-d1d9-4984-ae8c-bbbb98cc3986.tabs.4.elements.2.userCondition','null'),('globalSets.6e37d80f-4f8c-408c-be18-00050d5f3b2c.fieldLayouts.10f36f24-d1d9-4984-ae8c-bbbb98cc3986.tabs.4.elements.2.warning','null'),('globalSets.6e37d80f-4f8c-408c-be18-00050d5f3b2c.fieldLayouts.10f36f24-d1d9-4984-ae8c-bbbb98cc3986.tabs.4.elements.2.width','100'),('globalSets.6e37d80f-4f8c-408c-be18-00050d5f3b2c.fieldLayouts.10f36f24-d1d9-4984-ae8c-bbbb98cc3986.tabs.4.name','\"Joint Pain\"'),('globalSets.6e37d80f-4f8c-408c-be18-00050d5f3b2c.fieldLayouts.10f36f24-d1d9-4984-ae8c-bbbb98cc3986.tabs.4.uid','\"ceea24fd-c877-4e5e-8106-47439802f5f5\"'),('globalSets.6e37d80f-4f8c-408c-be18-00050d5f3b2c.fieldLayouts.10f36f24-d1d9-4984-ae8c-bbbb98cc3986.tabs.4.userCondition','null'),('globalSets.6e37d80f-4f8c-408c-be18-00050d5f3b2c.fieldLayouts.10f36f24-d1d9-4984-ae8c-bbbb98cc3986.tabs.5.elementCondition','null'),('globalSets.6e37d80f-4f8c-408c-be18-00050d5f3b2c.fieldLayouts.10f36f24-d1d9-4984-ae8c-bbbb98cc3986.tabs.5.elements.0.elementCondition','null'),('globalSets.6e37d80f-4f8c-408c-be18-00050d5f3b2c.fieldLayouts.10f36f24-d1d9-4984-ae8c-bbbb98cc3986.tabs.5.elements.0.fieldUid','\"34f0bfc1-1f77-4c77-a115-c5250035b51d\"'),('globalSets.6e37d80f-4f8c-408c-be18-00050d5f3b2c.fieldLayouts.10f36f24-d1d9-4984-ae8c-bbbb98cc3986.tabs.5.elements.0.instructions','null'),('globalSets.6e37d80f-4f8c-408c-be18-00050d5f3b2c.fieldLayouts.10f36f24-d1d9-4984-ae8c-bbbb98cc3986.tabs.5.elements.0.label','null'),('globalSets.6e37d80f-4f8c-408c-be18-00050d5f3b2c.fieldLayouts.10f36f24-d1d9-4984-ae8c-bbbb98cc3986.tabs.5.elements.0.required','false'),('globalSets.6e37d80f-4f8c-408c-be18-00050d5f3b2c.fieldLayouts.10f36f24-d1d9-4984-ae8c-bbbb98cc3986.tabs.5.elements.0.tip','null'),('globalSets.6e37d80f-4f8c-408c-be18-00050d5f3b2c.fieldLayouts.10f36f24-d1d9-4984-ae8c-bbbb98cc3986.tabs.5.elements.0.type','\"craft\\\\fieldlayoutelements\\\\CustomField\"'),('globalSets.6e37d80f-4f8c-408c-be18-00050d5f3b2c.fieldLayouts.10f36f24-d1d9-4984-ae8c-bbbb98cc3986.tabs.5.elements.0.uid','\"7785833b-279e-413a-b50f-f5987dafcf26\"'),('globalSets.6e37d80f-4f8c-408c-be18-00050d5f3b2c.fieldLayouts.10f36f24-d1d9-4984-ae8c-bbbb98cc3986.tabs.5.elements.0.userCondition','null'),('globalSets.6e37d80f-4f8c-408c-be18-00050d5f3b2c.fieldLayouts.10f36f24-d1d9-4984-ae8c-bbbb98cc3986.tabs.5.elements.0.warning','null'),('globalSets.6e37d80f-4f8c-408c-be18-00050d5f3b2c.fieldLayouts.10f36f24-d1d9-4984-ae8c-bbbb98cc3986.tabs.5.elements.0.width','100'),('globalSets.6e37d80f-4f8c-408c-be18-00050d5f3b2c.fieldLayouts.10f36f24-d1d9-4984-ae8c-bbbb98cc3986.tabs.5.elements.1.elementCondition','null'),('globalSets.6e37d80f-4f8c-408c-be18-00050d5f3b2c.fieldLayouts.10f36f24-d1d9-4984-ae8c-bbbb98cc3986.tabs.5.elements.1.fieldUid','\"9d65b99f-67e3-4a9e-a4b3-f871beebd8fa\"'),('globalSets.6e37d80f-4f8c-408c-be18-00050d5f3b2c.fieldLayouts.10f36f24-d1d9-4984-ae8c-bbbb98cc3986.tabs.5.elements.1.instructions','null'),('globalSets.6e37d80f-4f8c-408c-be18-00050d5f3b2c.fieldLayouts.10f36f24-d1d9-4984-ae8c-bbbb98cc3986.tabs.5.elements.1.label','null'),('globalSets.6e37d80f-4f8c-408c-be18-00050d5f3b2c.fieldLayouts.10f36f24-d1d9-4984-ae8c-bbbb98cc3986.tabs.5.elements.1.required','false'),('globalSets.6e37d80f-4f8c-408c-be18-00050d5f3b2c.fieldLayouts.10f36f24-d1d9-4984-ae8c-bbbb98cc3986.tabs.5.elements.1.tip','null'),('globalSets.6e37d80f-4f8c-408c-be18-00050d5f3b2c.fieldLayouts.10f36f24-d1d9-4984-ae8c-bbbb98cc3986.tabs.5.elements.1.type','\"craft\\\\fieldlayoutelements\\\\CustomField\"'),('globalSets.6e37d80f-4f8c-408c-be18-00050d5f3b2c.fieldLayouts.10f36f24-d1d9-4984-ae8c-bbbb98cc3986.tabs.5.elements.1.uid','\"013484ab-5d7c-4c86-bdff-a40298324a0b\"'),('globalSets.6e37d80f-4f8c-408c-be18-00050d5f3b2c.fieldLayouts.10f36f24-d1d9-4984-ae8c-bbbb98cc3986.tabs.5.elements.1.userCondition','null'),('globalSets.6e37d80f-4f8c-408c-be18-00050d5f3b2c.fieldLayouts.10f36f24-d1d9-4984-ae8c-bbbb98cc3986.tabs.5.elements.1.warning','null'),('globalSets.6e37d80f-4f8c-408c-be18-00050d5f3b2c.fieldLayouts.10f36f24-d1d9-4984-ae8c-bbbb98cc3986.tabs.5.elements.1.width','100'),('globalSets.6e37d80f-4f8c-408c-be18-00050d5f3b2c.fieldLayouts.10f36f24-d1d9-4984-ae8c-bbbb98cc3986.tabs.5.elements.2.elementCondition','null'),('globalSets.6e37d80f-4f8c-408c-be18-00050d5f3b2c.fieldLayouts.10f36f24-d1d9-4984-ae8c-bbbb98cc3986.tabs.5.elements.2.fieldUid','\"89a23dae-c228-4367-9afe-eff920874d3d\"'),('globalSets.6e37d80f-4f8c-408c-be18-00050d5f3b2c.fieldLayouts.10f36f24-d1d9-4984-ae8c-bbbb98cc3986.tabs.5.elements.2.instructions','null'),('globalSets.6e37d80f-4f8c-408c-be18-00050d5f3b2c.fieldLayouts.10f36f24-d1d9-4984-ae8c-bbbb98cc3986.tabs.5.elements.2.label','null'),('globalSets.6e37d80f-4f8c-408c-be18-00050d5f3b2c.fieldLayouts.10f36f24-d1d9-4984-ae8c-bbbb98cc3986.tabs.5.elements.2.required','false'),('globalSets.6e37d80f-4f8c-408c-be18-00050d5f3b2c.fieldLayouts.10f36f24-d1d9-4984-ae8c-bbbb98cc3986.tabs.5.elements.2.tip','null'),('globalSets.6e37d80f-4f8c-408c-be18-00050d5f3b2c.fieldLayouts.10f36f24-d1d9-4984-ae8c-bbbb98cc3986.tabs.5.elements.2.type','\"craft\\\\fieldlayoutelements\\\\CustomField\"'),('globalSets.6e37d80f-4f8c-408c-be18-00050d5f3b2c.fieldLayouts.10f36f24-d1d9-4984-ae8c-bbbb98cc3986.tabs.5.elements.2.uid','\"ca8067b6-af3a-4696-9a39-5107ca4e7b2f\"'),('globalSets.6e37d80f-4f8c-408c-be18-00050d5f3b2c.fieldLayouts.10f36f24-d1d9-4984-ae8c-bbbb98cc3986.tabs.5.elements.2.userCondition','null'),('globalSets.6e37d80f-4f8c-408c-be18-00050d5f3b2c.fieldLayouts.10f36f24-d1d9-4984-ae8c-bbbb98cc3986.tabs.5.elements.2.warning','null'),('globalSets.6e37d80f-4f8c-408c-be18-00050d5f3b2c.fieldLayouts.10f36f24-d1d9-4984-ae8c-bbbb98cc3986.tabs.5.elements.2.width','100'),('globalSets.6e37d80f-4f8c-408c-be18-00050d5f3b2c.fieldLayouts.10f36f24-d1d9-4984-ae8c-bbbb98cc3986.tabs.5.name','\"Strength\"'),('globalSets.6e37d80f-4f8c-408c-be18-00050d5f3b2c.fieldLayouts.10f36f24-d1d9-4984-ae8c-bbbb98cc3986.tabs.5.uid','\"9e3c879d-94d7-45f2-b19d-dc6d5d4e26b1\"'),('globalSets.6e37d80f-4f8c-408c-be18-00050d5f3b2c.fieldLayouts.10f36f24-d1d9-4984-ae8c-bbbb98cc3986.tabs.5.userCondition','null'),('globalSets.6e37d80f-4f8c-408c-be18-00050d5f3b2c.fieldLayouts.10f36f24-d1d9-4984-ae8c-bbbb98cc3986.tabs.6.elementCondition','null'),('globalSets.6e37d80f-4f8c-408c-be18-00050d5f3b2c.fieldLayouts.10f36f24-d1d9-4984-ae8c-bbbb98cc3986.tabs.6.elements.0.elementCondition','null'),('globalSets.6e37d80f-4f8c-408c-be18-00050d5f3b2c.fieldLayouts.10f36f24-d1d9-4984-ae8c-bbbb98cc3986.tabs.6.elements.0.fieldUid','\"edef9055-6673-4bf1-8b1d-b0e6fd09f683\"'),('globalSets.6e37d80f-4f8c-408c-be18-00050d5f3b2c.fieldLayouts.10f36f24-d1d9-4984-ae8c-bbbb98cc3986.tabs.6.elements.0.instructions','null'),('globalSets.6e37d80f-4f8c-408c-be18-00050d5f3b2c.fieldLayouts.10f36f24-d1d9-4984-ae8c-bbbb98cc3986.tabs.6.elements.0.label','null'),('globalSets.6e37d80f-4f8c-408c-be18-00050d5f3b2c.fieldLayouts.10f36f24-d1d9-4984-ae8c-bbbb98cc3986.tabs.6.elements.0.required','false'),('globalSets.6e37d80f-4f8c-408c-be18-00050d5f3b2c.fieldLayouts.10f36f24-d1d9-4984-ae8c-bbbb98cc3986.tabs.6.elements.0.tip','null'),('globalSets.6e37d80f-4f8c-408c-be18-00050d5f3b2c.fieldLayouts.10f36f24-d1d9-4984-ae8c-bbbb98cc3986.tabs.6.elements.0.type','\"craft\\\\fieldlayoutelements\\\\CustomField\"'),('globalSets.6e37d80f-4f8c-408c-be18-00050d5f3b2c.fieldLayouts.10f36f24-d1d9-4984-ae8c-bbbb98cc3986.tabs.6.elements.0.uid','\"b92a2006-2492-4a46-a01c-8a46dd243fcc\"'),('globalSets.6e37d80f-4f8c-408c-be18-00050d5f3b2c.fieldLayouts.10f36f24-d1d9-4984-ae8c-bbbb98cc3986.tabs.6.elements.0.userCondition','null'),('globalSets.6e37d80f-4f8c-408c-be18-00050d5f3b2c.fieldLayouts.10f36f24-d1d9-4984-ae8c-bbbb98cc3986.tabs.6.elements.0.warning','null'),('globalSets.6e37d80f-4f8c-408c-be18-00050d5f3b2c.fieldLayouts.10f36f24-d1d9-4984-ae8c-bbbb98cc3986.tabs.6.elements.0.width','100'),('globalSets.6e37d80f-4f8c-408c-be18-00050d5f3b2c.fieldLayouts.10f36f24-d1d9-4984-ae8c-bbbb98cc3986.tabs.6.elements.1.elementCondition','null'),('globalSets.6e37d80f-4f8c-408c-be18-00050d5f3b2c.fieldLayouts.10f36f24-d1d9-4984-ae8c-bbbb98cc3986.tabs.6.elements.1.fieldUid','\"34d023e5-7d1b-42da-8953-e26bee2a4e23\"'),('globalSets.6e37d80f-4f8c-408c-be18-00050d5f3b2c.fieldLayouts.10f36f24-d1d9-4984-ae8c-bbbb98cc3986.tabs.6.elements.1.instructions','null'),('globalSets.6e37d80f-4f8c-408c-be18-00050d5f3b2c.fieldLayouts.10f36f24-d1d9-4984-ae8c-bbbb98cc3986.tabs.6.elements.1.label','null'),('globalSets.6e37d80f-4f8c-408c-be18-00050d5f3b2c.fieldLayouts.10f36f24-d1d9-4984-ae8c-bbbb98cc3986.tabs.6.elements.1.required','false'),('globalSets.6e37d80f-4f8c-408c-be18-00050d5f3b2c.fieldLayouts.10f36f24-d1d9-4984-ae8c-bbbb98cc3986.tabs.6.elements.1.tip','null'),('globalSets.6e37d80f-4f8c-408c-be18-00050d5f3b2c.fieldLayouts.10f36f24-d1d9-4984-ae8c-bbbb98cc3986.tabs.6.elements.1.type','\"craft\\\\fieldlayoutelements\\\\CustomField\"'),('globalSets.6e37d80f-4f8c-408c-be18-00050d5f3b2c.fieldLayouts.10f36f24-d1d9-4984-ae8c-bbbb98cc3986.tabs.6.elements.1.uid','\"75373323-79d0-4f83-b700-da2dfda0644e\"'),('globalSets.6e37d80f-4f8c-408c-be18-00050d5f3b2c.fieldLayouts.10f36f24-d1d9-4984-ae8c-bbbb98cc3986.tabs.6.elements.1.userCondition','null'),('globalSets.6e37d80f-4f8c-408c-be18-00050d5f3b2c.fieldLayouts.10f36f24-d1d9-4984-ae8c-bbbb98cc3986.tabs.6.elements.1.warning','null'),('globalSets.6e37d80f-4f8c-408c-be18-00050d5f3b2c.fieldLayouts.10f36f24-d1d9-4984-ae8c-bbbb98cc3986.tabs.6.elements.1.width','100'),('globalSets.6e37d80f-4f8c-408c-be18-00050d5f3b2c.fieldLayouts.10f36f24-d1d9-4984-ae8c-bbbb98cc3986.tabs.6.elements.2.elementCondition','null'),('globalSets.6e37d80f-4f8c-408c-be18-00050d5f3b2c.fieldLayouts.10f36f24-d1d9-4984-ae8c-bbbb98cc3986.tabs.6.elements.2.fieldUid','\"6b91b3de-b9c1-4155-82ac-630a6ee86823\"'),('globalSets.6e37d80f-4f8c-408c-be18-00050d5f3b2c.fieldLayouts.10f36f24-d1d9-4984-ae8c-bbbb98cc3986.tabs.6.elements.2.instructions','null'),('globalSets.6e37d80f-4f8c-408c-be18-00050d5f3b2c.fieldLayouts.10f36f24-d1d9-4984-ae8c-bbbb98cc3986.tabs.6.elements.2.label','null'),('globalSets.6e37d80f-4f8c-408c-be18-00050d5f3b2c.fieldLayouts.10f36f24-d1d9-4984-ae8c-bbbb98cc3986.tabs.6.elements.2.required','false'),('globalSets.6e37d80f-4f8c-408c-be18-00050d5f3b2c.fieldLayouts.10f36f24-d1d9-4984-ae8c-bbbb98cc3986.tabs.6.elements.2.tip','null'),('globalSets.6e37d80f-4f8c-408c-be18-00050d5f3b2c.fieldLayouts.10f36f24-d1d9-4984-ae8c-bbbb98cc3986.tabs.6.elements.2.type','\"craft\\\\fieldlayoutelements\\\\CustomField\"'),('globalSets.6e37d80f-4f8c-408c-be18-00050d5f3b2c.fieldLayouts.10f36f24-d1d9-4984-ae8c-bbbb98cc3986.tabs.6.elements.2.uid','\"3504e8f2-c89c-493d-9570-bfd35891ed90\"'),('globalSets.6e37d80f-4f8c-408c-be18-00050d5f3b2c.fieldLayouts.10f36f24-d1d9-4984-ae8c-bbbb98cc3986.tabs.6.elements.2.userCondition','null'),('globalSets.6e37d80f-4f8c-408c-be18-00050d5f3b2c.fieldLayouts.10f36f24-d1d9-4984-ae8c-bbbb98cc3986.tabs.6.elements.2.warning','null'),('globalSets.6e37d80f-4f8c-408c-be18-00050d5f3b2c.fieldLayouts.10f36f24-d1d9-4984-ae8c-bbbb98cc3986.tabs.6.elements.2.width','100'),('globalSets.6e37d80f-4f8c-408c-be18-00050d5f3b2c.fieldLayouts.10f36f24-d1d9-4984-ae8c-bbbb98cc3986.tabs.6.name','\"Gait\"'),('globalSets.6e37d80f-4f8c-408c-be18-00050d5f3b2c.fieldLayouts.10f36f24-d1d9-4984-ae8c-bbbb98cc3986.tabs.6.uid','\"80d40d9c-4c86-4fd3-b7a0-21a04d89a180\"'),('globalSets.6e37d80f-4f8c-408c-be18-00050d5f3b2c.fieldLayouts.10f36f24-d1d9-4984-ae8c-bbbb98cc3986.tabs.6.userCondition','null'),('globalSets.6e37d80f-4f8c-408c-be18-00050d5f3b2c.fieldLayouts.10f36f24-d1d9-4984-ae8c-bbbb98cc3986.tabs.7.elementCondition','null'),('globalSets.6e37d80f-4f8c-408c-be18-00050d5f3b2c.fieldLayouts.10f36f24-d1d9-4984-ae8c-bbbb98cc3986.tabs.7.elements.0.elementCondition','null'),('globalSets.6e37d80f-4f8c-408c-be18-00050d5f3b2c.fieldLayouts.10f36f24-d1d9-4984-ae8c-bbbb98cc3986.tabs.7.elements.0.fieldUid','\"4d0b8774-39a5-42e6-9664-b1228cb41253\"'),('globalSets.6e37d80f-4f8c-408c-be18-00050d5f3b2c.fieldLayouts.10f36f24-d1d9-4984-ae8c-bbbb98cc3986.tabs.7.elements.0.instructions','null'),('globalSets.6e37d80f-4f8c-408c-be18-00050d5f3b2c.fieldLayouts.10f36f24-d1d9-4984-ae8c-bbbb98cc3986.tabs.7.elements.0.label','null'),('globalSets.6e37d80f-4f8c-408c-be18-00050d5f3b2c.fieldLayouts.10f36f24-d1d9-4984-ae8c-bbbb98cc3986.tabs.7.elements.0.required','false'),('globalSets.6e37d80f-4f8c-408c-be18-00050d5f3b2c.fieldLayouts.10f36f24-d1d9-4984-ae8c-bbbb98cc3986.tabs.7.elements.0.tip','null'),('globalSets.6e37d80f-4f8c-408c-be18-00050d5f3b2c.fieldLayouts.10f36f24-d1d9-4984-ae8c-bbbb98cc3986.tabs.7.elements.0.type','\"craft\\\\fieldlayoutelements\\\\CustomField\"'),('globalSets.6e37d80f-4f8c-408c-be18-00050d5f3b2c.fieldLayouts.10f36f24-d1d9-4984-ae8c-bbbb98cc3986.tabs.7.elements.0.uid','\"55ddc0ca-bb1d-44b1-aba1-1580087419b4\"'),('globalSets.6e37d80f-4f8c-408c-be18-00050d5f3b2c.fieldLayouts.10f36f24-d1d9-4984-ae8c-bbbb98cc3986.tabs.7.elements.0.userCondition','null'),('globalSets.6e37d80f-4f8c-408c-be18-00050d5f3b2c.fieldLayouts.10f36f24-d1d9-4984-ae8c-bbbb98cc3986.tabs.7.elements.0.warning','null'),('globalSets.6e37d80f-4f8c-408c-be18-00050d5f3b2c.fieldLayouts.10f36f24-d1d9-4984-ae8c-bbbb98cc3986.tabs.7.elements.0.width','100'),('globalSets.6e37d80f-4f8c-408c-be18-00050d5f3b2c.fieldLayouts.10f36f24-d1d9-4984-ae8c-bbbb98cc3986.tabs.7.elements.1.elementCondition','null'),('globalSets.6e37d80f-4f8c-408c-be18-00050d5f3b2c.fieldLayouts.10f36f24-d1d9-4984-ae8c-bbbb98cc3986.tabs.7.elements.1.fieldUid','\"894b3be5-509e-4d23-b1c6-f7038dbf4d60\"'),('globalSets.6e37d80f-4f8c-408c-be18-00050d5f3b2c.fieldLayouts.10f36f24-d1d9-4984-ae8c-bbbb98cc3986.tabs.7.elements.1.instructions','null'),('globalSets.6e37d80f-4f8c-408c-be18-00050d5f3b2c.fieldLayouts.10f36f24-d1d9-4984-ae8c-bbbb98cc3986.tabs.7.elements.1.label','null'),('globalSets.6e37d80f-4f8c-408c-be18-00050d5f3b2c.fieldLayouts.10f36f24-d1d9-4984-ae8c-bbbb98cc3986.tabs.7.elements.1.required','false'),('globalSets.6e37d80f-4f8c-408c-be18-00050d5f3b2c.fieldLayouts.10f36f24-d1d9-4984-ae8c-bbbb98cc3986.tabs.7.elements.1.tip','null'),('globalSets.6e37d80f-4f8c-408c-be18-00050d5f3b2c.fieldLayouts.10f36f24-d1d9-4984-ae8c-bbbb98cc3986.tabs.7.elements.1.type','\"craft\\\\fieldlayoutelements\\\\CustomField\"'),('globalSets.6e37d80f-4f8c-408c-be18-00050d5f3b2c.fieldLayouts.10f36f24-d1d9-4984-ae8c-bbbb98cc3986.tabs.7.elements.1.uid','\"e045cacb-0673-43b4-8454-6e08e61c404c\"'),('globalSets.6e37d80f-4f8c-408c-be18-00050d5f3b2c.fieldLayouts.10f36f24-d1d9-4984-ae8c-bbbb98cc3986.tabs.7.elements.1.userCondition','null'),('globalSets.6e37d80f-4f8c-408c-be18-00050d5f3b2c.fieldLayouts.10f36f24-d1d9-4984-ae8c-bbbb98cc3986.tabs.7.elements.1.warning','null'),('globalSets.6e37d80f-4f8c-408c-be18-00050d5f3b2c.fieldLayouts.10f36f24-d1d9-4984-ae8c-bbbb98cc3986.tabs.7.elements.1.width','100'),('globalSets.6e37d80f-4f8c-408c-be18-00050d5f3b2c.fieldLayouts.10f36f24-d1d9-4984-ae8c-bbbb98cc3986.tabs.7.elements.2.elementCondition','null'),('globalSets.6e37d80f-4f8c-408c-be18-00050d5f3b2c.fieldLayouts.10f36f24-d1d9-4984-ae8c-bbbb98cc3986.tabs.7.elements.2.fieldUid','\"4c4244ad-585a-410c-b92d-2230232bb91f\"'),('globalSets.6e37d80f-4f8c-408c-be18-00050d5f3b2c.fieldLayouts.10f36f24-d1d9-4984-ae8c-bbbb98cc3986.tabs.7.elements.2.instructions','null'),('globalSets.6e37d80f-4f8c-408c-be18-00050d5f3b2c.fieldLayouts.10f36f24-d1d9-4984-ae8c-bbbb98cc3986.tabs.7.elements.2.label','null'),('globalSets.6e37d80f-4f8c-408c-be18-00050d5f3b2c.fieldLayouts.10f36f24-d1d9-4984-ae8c-bbbb98cc3986.tabs.7.elements.2.required','false'),('globalSets.6e37d80f-4f8c-408c-be18-00050d5f3b2c.fieldLayouts.10f36f24-d1d9-4984-ae8c-bbbb98cc3986.tabs.7.elements.2.tip','null'),('globalSets.6e37d80f-4f8c-408c-be18-00050d5f3b2c.fieldLayouts.10f36f24-d1d9-4984-ae8c-bbbb98cc3986.tabs.7.elements.2.type','\"craft\\\\fieldlayoutelements\\\\CustomField\"'),('globalSets.6e37d80f-4f8c-408c-be18-00050d5f3b2c.fieldLayouts.10f36f24-d1d9-4984-ae8c-bbbb98cc3986.tabs.7.elements.2.uid','\"30311f79-a33d-411e-b18d-6ecb03bf96e7\"'),('globalSets.6e37d80f-4f8c-408c-be18-00050d5f3b2c.fieldLayouts.10f36f24-d1d9-4984-ae8c-bbbb98cc3986.tabs.7.elements.2.userCondition','null'),('globalSets.6e37d80f-4f8c-408c-be18-00050d5f3b2c.fieldLayouts.10f36f24-d1d9-4984-ae8c-bbbb98cc3986.tabs.7.elements.2.warning','null'),('globalSets.6e37d80f-4f8c-408c-be18-00050d5f3b2c.fieldLayouts.10f36f24-d1d9-4984-ae8c-bbbb98cc3986.tabs.7.elements.2.width','100'),('globalSets.6e37d80f-4f8c-408c-be18-00050d5f3b2c.fieldLayouts.10f36f24-d1d9-4984-ae8c-bbbb98cc3986.tabs.7.name','\"Axial Alignment\"'),('globalSets.6e37d80f-4f8c-408c-be18-00050d5f3b2c.fieldLayouts.10f36f24-d1d9-4984-ae8c-bbbb98cc3986.tabs.7.uid','\"0920ea04-f421-4061-b0b4-7e3e45b4183c\"'),('globalSets.6e37d80f-4f8c-408c-be18-00050d5f3b2c.fieldLayouts.10f36f24-d1d9-4984-ae8c-bbbb98cc3986.tabs.7.userCondition','null'),('globalSets.6e37d80f-4f8c-408c-be18-00050d5f3b2c.handle','\"info\"'),('globalSets.6e37d80f-4f8c-408c-be18-00050d5f3b2c.name','\"Info\"'),('globalSets.6e37d80f-4f8c-408c-be18-00050d5f3b2c.sortOrder','2'),('globalSets.b22258ed-ca1d-4fc8-8cb4-80069f29c18e.fieldLayouts.5c2aae21-f1c9-45c0-8f03-cac014b9c28c.tabs.0.elementCondition','null'),('globalSets.b22258ed-ca1d-4fc8-8cb4-80069f29c18e.fieldLayouts.5c2aae21-f1c9-45c0-8f03-cac014b9c28c.tabs.0.elements.0.elementCondition','null'),('globalSets.b22258ed-ca1d-4fc8-8cb4-80069f29c18e.fieldLayouts.5c2aae21-f1c9-45c0-8f03-cac014b9c28c.tabs.0.elements.0.fieldUid','\"bf3dce18-b80e-48ac-84f1-c2994cc67a38\"'),('globalSets.b22258ed-ca1d-4fc8-8cb4-80069f29c18e.fieldLayouts.5c2aae21-f1c9-45c0-8f03-cac014b9c28c.tabs.0.elements.0.instructions','null'),('globalSets.b22258ed-ca1d-4fc8-8cb4-80069f29c18e.fieldLayouts.5c2aae21-f1c9-45c0-8f03-cac014b9c28c.tabs.0.elements.0.label','null'),('globalSets.b22258ed-ca1d-4fc8-8cb4-80069f29c18e.fieldLayouts.5c2aae21-f1c9-45c0-8f03-cac014b9c28c.tabs.0.elements.0.required','false'),('globalSets.b22258ed-ca1d-4fc8-8cb4-80069f29c18e.fieldLayouts.5c2aae21-f1c9-45c0-8f03-cac014b9c28c.tabs.0.elements.0.tip','null'),('globalSets.b22258ed-ca1d-4fc8-8cb4-80069f29c18e.fieldLayouts.5c2aae21-f1c9-45c0-8f03-cac014b9c28c.tabs.0.elements.0.type','\"craft\\\\fieldlayoutelements\\\\CustomField\"'),('globalSets.b22258ed-ca1d-4fc8-8cb4-80069f29c18e.fieldLayouts.5c2aae21-f1c9-45c0-8f03-cac014b9c28c.tabs.0.elements.0.uid','\"aaeeaa9c-f75f-4e13-a678-88d088bb099c\"'),('globalSets.b22258ed-ca1d-4fc8-8cb4-80069f29c18e.fieldLayouts.5c2aae21-f1c9-45c0-8f03-cac014b9c28c.tabs.0.elements.0.userCondition','null'),('globalSets.b22258ed-ca1d-4fc8-8cb4-80069f29c18e.fieldLayouts.5c2aae21-f1c9-45c0-8f03-cac014b9c28c.tabs.0.elements.0.warning','null'),('globalSets.b22258ed-ca1d-4fc8-8cb4-80069f29c18e.fieldLayouts.5c2aae21-f1c9-45c0-8f03-cac014b9c28c.tabs.0.elements.0.width','100'),('globalSets.b22258ed-ca1d-4fc8-8cb4-80069f29c18e.fieldLayouts.5c2aae21-f1c9-45c0-8f03-cac014b9c28c.tabs.0.elements.1.elementCondition','null'),('globalSets.b22258ed-ca1d-4fc8-8cb4-80069f29c18e.fieldLayouts.5c2aae21-f1c9-45c0-8f03-cac014b9c28c.tabs.0.elements.1.fieldUid','\"1264c252-45b8-4f18-b1a8-e7bb4eab4dc3\"'),('globalSets.b22258ed-ca1d-4fc8-8cb4-80069f29c18e.fieldLayouts.5c2aae21-f1c9-45c0-8f03-cac014b9c28c.tabs.0.elements.1.instructions','null'),('globalSets.b22258ed-ca1d-4fc8-8cb4-80069f29c18e.fieldLayouts.5c2aae21-f1c9-45c0-8f03-cac014b9c28c.tabs.0.elements.1.label','null'),('globalSets.b22258ed-ca1d-4fc8-8cb4-80069f29c18e.fieldLayouts.5c2aae21-f1c9-45c0-8f03-cac014b9c28c.tabs.0.elements.1.required','false'),('globalSets.b22258ed-ca1d-4fc8-8cb4-80069f29c18e.fieldLayouts.5c2aae21-f1c9-45c0-8f03-cac014b9c28c.tabs.0.elements.1.tip','null'),('globalSets.b22258ed-ca1d-4fc8-8cb4-80069f29c18e.fieldLayouts.5c2aae21-f1c9-45c0-8f03-cac014b9c28c.tabs.0.elements.1.type','\"craft\\\\fieldlayoutelements\\\\CustomField\"'),('globalSets.b22258ed-ca1d-4fc8-8cb4-80069f29c18e.fieldLayouts.5c2aae21-f1c9-45c0-8f03-cac014b9c28c.tabs.0.elements.1.uid','\"f695db36-8e11-4d1d-bcef-f0d5146d2426\"'),('globalSets.b22258ed-ca1d-4fc8-8cb4-80069f29c18e.fieldLayouts.5c2aae21-f1c9-45c0-8f03-cac014b9c28c.tabs.0.elements.1.userCondition','null'),('globalSets.b22258ed-ca1d-4fc8-8cb4-80069f29c18e.fieldLayouts.5c2aae21-f1c9-45c0-8f03-cac014b9c28c.tabs.0.elements.1.warning','null'),('globalSets.b22258ed-ca1d-4fc8-8cb4-80069f29c18e.fieldLayouts.5c2aae21-f1c9-45c0-8f03-cac014b9c28c.tabs.0.elements.1.width','100'),('globalSets.b22258ed-ca1d-4fc8-8cb4-80069f29c18e.fieldLayouts.5c2aae21-f1c9-45c0-8f03-cac014b9c28c.tabs.0.elements.2.elementCondition','null'),('globalSets.b22258ed-ca1d-4fc8-8cb4-80069f29c18e.fieldLayouts.5c2aae21-f1c9-45c0-8f03-cac014b9c28c.tabs.0.elements.2.fieldUid','\"3215de26-743e-4719-a5d0-faac6e96eabb\"'),('globalSets.b22258ed-ca1d-4fc8-8cb4-80069f29c18e.fieldLayouts.5c2aae21-f1c9-45c0-8f03-cac014b9c28c.tabs.0.elements.2.instructions','null'),('globalSets.b22258ed-ca1d-4fc8-8cb4-80069f29c18e.fieldLayouts.5c2aae21-f1c9-45c0-8f03-cac014b9c28c.tabs.0.elements.2.label','null'),('globalSets.b22258ed-ca1d-4fc8-8cb4-80069f29c18e.fieldLayouts.5c2aae21-f1c9-45c0-8f03-cac014b9c28c.tabs.0.elements.2.required','false'),('globalSets.b22258ed-ca1d-4fc8-8cb4-80069f29c18e.fieldLayouts.5c2aae21-f1c9-45c0-8f03-cac014b9c28c.tabs.0.elements.2.tip','null'),('globalSets.b22258ed-ca1d-4fc8-8cb4-80069f29c18e.fieldLayouts.5c2aae21-f1c9-45c0-8f03-cac014b9c28c.tabs.0.elements.2.type','\"craft\\\\fieldlayoutelements\\\\CustomField\"'),('globalSets.b22258ed-ca1d-4fc8-8cb4-80069f29c18e.fieldLayouts.5c2aae21-f1c9-45c0-8f03-cac014b9c28c.tabs.0.elements.2.uid','\"6a94f12c-1e0e-49f9-9ab9-05fa2f967999\"'),('globalSets.b22258ed-ca1d-4fc8-8cb4-80069f29c18e.fieldLayouts.5c2aae21-f1c9-45c0-8f03-cac014b9c28c.tabs.0.elements.2.userCondition','null'),('globalSets.b22258ed-ca1d-4fc8-8cb4-80069f29c18e.fieldLayouts.5c2aae21-f1c9-45c0-8f03-cac014b9c28c.tabs.0.elements.2.warning','null'),('globalSets.b22258ed-ca1d-4fc8-8cb4-80069f29c18e.fieldLayouts.5c2aae21-f1c9-45c0-8f03-cac014b9c28c.tabs.0.elements.2.width','100'),('globalSets.b22258ed-ca1d-4fc8-8cb4-80069f29c18e.fieldLayouts.5c2aae21-f1c9-45c0-8f03-cac014b9c28c.tabs.0.elements.3.elementCondition','null'),('globalSets.b22258ed-ca1d-4fc8-8cb4-80069f29c18e.fieldLayouts.5c2aae21-f1c9-45c0-8f03-cac014b9c28c.tabs.0.elements.3.fieldUid','\"a485c390-ceaf-43c7-9cbd-185137a466f1\"'),('globalSets.b22258ed-ca1d-4fc8-8cb4-80069f29c18e.fieldLayouts.5c2aae21-f1c9-45c0-8f03-cac014b9c28c.tabs.0.elements.3.instructions','null'),('globalSets.b22258ed-ca1d-4fc8-8cb4-80069f29c18e.fieldLayouts.5c2aae21-f1c9-45c0-8f03-cac014b9c28c.tabs.0.elements.3.label','null'),('globalSets.b22258ed-ca1d-4fc8-8cb4-80069f29c18e.fieldLayouts.5c2aae21-f1c9-45c0-8f03-cac014b9c28c.tabs.0.elements.3.required','false'),('globalSets.b22258ed-ca1d-4fc8-8cb4-80069f29c18e.fieldLayouts.5c2aae21-f1c9-45c0-8f03-cac014b9c28c.tabs.0.elements.3.tip','null'),('globalSets.b22258ed-ca1d-4fc8-8cb4-80069f29c18e.fieldLayouts.5c2aae21-f1c9-45c0-8f03-cac014b9c28c.tabs.0.elements.3.type','\"craft\\\\fieldlayoutelements\\\\CustomField\"'),('globalSets.b22258ed-ca1d-4fc8-8cb4-80069f29c18e.fieldLayouts.5c2aae21-f1c9-45c0-8f03-cac014b9c28c.tabs.0.elements.3.uid','\"7c34c767-f8a6-4ea6-afa1-3534a768f5cc\"'),('globalSets.b22258ed-ca1d-4fc8-8cb4-80069f29c18e.fieldLayouts.5c2aae21-f1c9-45c0-8f03-cac014b9c28c.tabs.0.elements.3.userCondition','null'),('globalSets.b22258ed-ca1d-4fc8-8cb4-80069f29c18e.fieldLayouts.5c2aae21-f1c9-45c0-8f03-cac014b9c28c.tabs.0.elements.3.warning','null'),('globalSets.b22258ed-ca1d-4fc8-8cb4-80069f29c18e.fieldLayouts.5c2aae21-f1c9-45c0-8f03-cac014b9c28c.tabs.0.elements.3.width','100'),('globalSets.b22258ed-ca1d-4fc8-8cb4-80069f29c18e.fieldLayouts.5c2aae21-f1c9-45c0-8f03-cac014b9c28c.tabs.0.elements.4.elementCondition','null'),('globalSets.b22258ed-ca1d-4fc8-8cb4-80069f29c18e.fieldLayouts.5c2aae21-f1c9-45c0-8f03-cac014b9c28c.tabs.0.elements.4.fieldUid','\"03c591e0-825b-4b65-b2a0-32f42af07c57\"'),('globalSets.b22258ed-ca1d-4fc8-8cb4-80069f29c18e.fieldLayouts.5c2aae21-f1c9-45c0-8f03-cac014b9c28c.tabs.0.elements.4.instructions','null'),('globalSets.b22258ed-ca1d-4fc8-8cb4-80069f29c18e.fieldLayouts.5c2aae21-f1c9-45c0-8f03-cac014b9c28c.tabs.0.elements.4.label','null'),('globalSets.b22258ed-ca1d-4fc8-8cb4-80069f29c18e.fieldLayouts.5c2aae21-f1c9-45c0-8f03-cac014b9c28c.tabs.0.elements.4.required','false'),('globalSets.b22258ed-ca1d-4fc8-8cb4-80069f29c18e.fieldLayouts.5c2aae21-f1c9-45c0-8f03-cac014b9c28c.tabs.0.elements.4.tip','null'),('globalSets.b22258ed-ca1d-4fc8-8cb4-80069f29c18e.fieldLayouts.5c2aae21-f1c9-45c0-8f03-cac014b9c28c.tabs.0.elements.4.type','\"craft\\\\fieldlayoutelements\\\\CustomField\"'),('globalSets.b22258ed-ca1d-4fc8-8cb4-80069f29c18e.fieldLayouts.5c2aae21-f1c9-45c0-8f03-cac014b9c28c.tabs.0.elements.4.uid','\"c57a4b82-4c24-4762-ac0c-024bcaeb7cc5\"'),('globalSets.b22258ed-ca1d-4fc8-8cb4-80069f29c18e.fieldLayouts.5c2aae21-f1c9-45c0-8f03-cac014b9c28c.tabs.0.elements.4.userCondition','null'),('globalSets.b22258ed-ca1d-4fc8-8cb4-80069f29c18e.fieldLayouts.5c2aae21-f1c9-45c0-8f03-cac014b9c28c.tabs.0.elements.4.warning','null'),('globalSets.b22258ed-ca1d-4fc8-8cb4-80069f29c18e.fieldLayouts.5c2aae21-f1c9-45c0-8f03-cac014b9c28c.tabs.0.elements.4.width','100'),('globalSets.b22258ed-ca1d-4fc8-8cb4-80069f29c18e.fieldLayouts.5c2aae21-f1c9-45c0-8f03-cac014b9c28c.tabs.0.name','\"Post Login\"'),('globalSets.b22258ed-ca1d-4fc8-8cb4-80069f29c18e.fieldLayouts.5c2aae21-f1c9-45c0-8f03-cac014b9c28c.tabs.0.uid','\"c2fd1e26-c255-4e8f-a355-880dc89e8ad2\"'),('globalSets.b22258ed-ca1d-4fc8-8cb4-80069f29c18e.fieldLayouts.5c2aae21-f1c9-45c0-8f03-cac014b9c28c.tabs.0.userCondition','null'),('globalSets.b22258ed-ca1d-4fc8-8cb4-80069f29c18e.fieldLayouts.5c2aae21-f1c9-45c0-8f03-cac014b9c28c.tabs.1.elementCondition','null'),('globalSets.b22258ed-ca1d-4fc8-8cb4-80069f29c18e.fieldLayouts.5c2aae21-f1c9-45c0-8f03-cac014b9c28c.tabs.1.elements.0.elementCondition','null'),('globalSets.b22258ed-ca1d-4fc8-8cb4-80069f29c18e.fieldLayouts.5c2aae21-f1c9-45c0-8f03-cac014b9c28c.tabs.1.elements.0.fieldUid','\"f7e0e3b8-43e7-4119-a34e-878dafa7bdc4\"'),('globalSets.b22258ed-ca1d-4fc8-8cb4-80069f29c18e.fieldLayouts.5c2aae21-f1c9-45c0-8f03-cac014b9c28c.tabs.1.elements.0.instructions','null'),('globalSets.b22258ed-ca1d-4fc8-8cb4-80069f29c18e.fieldLayouts.5c2aae21-f1c9-45c0-8f03-cac014b9c28c.tabs.1.elements.0.label','null'),('globalSets.b22258ed-ca1d-4fc8-8cb4-80069f29c18e.fieldLayouts.5c2aae21-f1c9-45c0-8f03-cac014b9c28c.tabs.1.elements.0.required','false'),('globalSets.b22258ed-ca1d-4fc8-8cb4-80069f29c18e.fieldLayouts.5c2aae21-f1c9-45c0-8f03-cac014b9c28c.tabs.1.elements.0.tip','null'),('globalSets.b22258ed-ca1d-4fc8-8cb4-80069f29c18e.fieldLayouts.5c2aae21-f1c9-45c0-8f03-cac014b9c28c.tabs.1.elements.0.type','\"craft\\\\fieldlayoutelements\\\\CustomField\"'),('globalSets.b22258ed-ca1d-4fc8-8cb4-80069f29c18e.fieldLayouts.5c2aae21-f1c9-45c0-8f03-cac014b9c28c.tabs.1.elements.0.uid','\"6263c687-8b4d-402d-8bdb-8f499b5956d4\"'),('globalSets.b22258ed-ca1d-4fc8-8cb4-80069f29c18e.fieldLayouts.5c2aae21-f1c9-45c0-8f03-cac014b9c28c.tabs.1.elements.0.userCondition','null'),('globalSets.b22258ed-ca1d-4fc8-8cb4-80069f29c18e.fieldLayouts.5c2aae21-f1c9-45c0-8f03-cac014b9c28c.tabs.1.elements.0.warning','null'),('globalSets.b22258ed-ca1d-4fc8-8cb4-80069f29c18e.fieldLayouts.5c2aae21-f1c9-45c0-8f03-cac014b9c28c.tabs.1.elements.0.width','100'),('globalSets.b22258ed-ca1d-4fc8-8cb4-80069f29c18e.fieldLayouts.5c2aae21-f1c9-45c0-8f03-cac014b9c28c.tabs.1.elements.1.elementCondition','null'),('globalSets.b22258ed-ca1d-4fc8-8cb4-80069f29c18e.fieldLayouts.5c2aae21-f1c9-45c0-8f03-cac014b9c28c.tabs.1.elements.1.fieldUid','\"3fd1bcfb-4269-41b5-8a99-19a93a5af0dc\"'),('globalSets.b22258ed-ca1d-4fc8-8cb4-80069f29c18e.fieldLayouts.5c2aae21-f1c9-45c0-8f03-cac014b9c28c.tabs.1.elements.1.instructions','null'),('globalSets.b22258ed-ca1d-4fc8-8cb4-80069f29c18e.fieldLayouts.5c2aae21-f1c9-45c0-8f03-cac014b9c28c.tabs.1.elements.1.label','null'),('globalSets.b22258ed-ca1d-4fc8-8cb4-80069f29c18e.fieldLayouts.5c2aae21-f1c9-45c0-8f03-cac014b9c28c.tabs.1.elements.1.required','false'),('globalSets.b22258ed-ca1d-4fc8-8cb4-80069f29c18e.fieldLayouts.5c2aae21-f1c9-45c0-8f03-cac014b9c28c.tabs.1.elements.1.tip','null'),('globalSets.b22258ed-ca1d-4fc8-8cb4-80069f29c18e.fieldLayouts.5c2aae21-f1c9-45c0-8f03-cac014b9c28c.tabs.1.elements.1.type','\"craft\\\\fieldlayoutelements\\\\CustomField\"'),('globalSets.b22258ed-ca1d-4fc8-8cb4-80069f29c18e.fieldLayouts.5c2aae21-f1c9-45c0-8f03-cac014b9c28c.tabs.1.elements.1.uid','\"220cd29d-91b2-459c-af15-894516805971\"'),('globalSets.b22258ed-ca1d-4fc8-8cb4-80069f29c18e.fieldLayouts.5c2aae21-f1c9-45c0-8f03-cac014b9c28c.tabs.1.elements.1.userCondition','null'),('globalSets.b22258ed-ca1d-4fc8-8cb4-80069f29c18e.fieldLayouts.5c2aae21-f1c9-45c0-8f03-cac014b9c28c.tabs.1.elements.1.warning','null'),('globalSets.b22258ed-ca1d-4fc8-8cb4-80069f29c18e.fieldLayouts.5c2aae21-f1c9-45c0-8f03-cac014b9c28c.tabs.1.elements.1.width','100'),('globalSets.b22258ed-ca1d-4fc8-8cb4-80069f29c18e.fieldLayouts.5c2aae21-f1c9-45c0-8f03-cac014b9c28c.tabs.1.elements.2.elementCondition','null'),('globalSets.b22258ed-ca1d-4fc8-8cb4-80069f29c18e.fieldLayouts.5c2aae21-f1c9-45c0-8f03-cac014b9c28c.tabs.1.elements.2.fieldUid','\"1ec3ffb8-452d-42fe-939a-6f54560be253\"'),('globalSets.b22258ed-ca1d-4fc8-8cb4-80069f29c18e.fieldLayouts.5c2aae21-f1c9-45c0-8f03-cac014b9c28c.tabs.1.elements.2.instructions','null'),('globalSets.b22258ed-ca1d-4fc8-8cb4-80069f29c18e.fieldLayouts.5c2aae21-f1c9-45c0-8f03-cac014b9c28c.tabs.1.elements.2.label','null'),('globalSets.b22258ed-ca1d-4fc8-8cb4-80069f29c18e.fieldLayouts.5c2aae21-f1c9-45c0-8f03-cac014b9c28c.tabs.1.elements.2.required','false'),('globalSets.b22258ed-ca1d-4fc8-8cb4-80069f29c18e.fieldLayouts.5c2aae21-f1c9-45c0-8f03-cac014b9c28c.tabs.1.elements.2.tip','null'),('globalSets.b22258ed-ca1d-4fc8-8cb4-80069f29c18e.fieldLayouts.5c2aae21-f1c9-45c0-8f03-cac014b9c28c.tabs.1.elements.2.type','\"craft\\\\fieldlayoutelements\\\\CustomField\"'),('globalSets.b22258ed-ca1d-4fc8-8cb4-80069f29c18e.fieldLayouts.5c2aae21-f1c9-45c0-8f03-cac014b9c28c.tabs.1.elements.2.uid','\"ed11a1e0-387b-484b-aaaa-573419c8ae26\"'),('globalSets.b22258ed-ca1d-4fc8-8cb4-80069f29c18e.fieldLayouts.5c2aae21-f1c9-45c0-8f03-cac014b9c28c.tabs.1.elements.2.userCondition','null'),('globalSets.b22258ed-ca1d-4fc8-8cb4-80069f29c18e.fieldLayouts.5c2aae21-f1c9-45c0-8f03-cac014b9c28c.tabs.1.elements.2.warning','null'),('globalSets.b22258ed-ca1d-4fc8-8cb4-80069f29c18e.fieldLayouts.5c2aae21-f1c9-45c0-8f03-cac014b9c28c.tabs.1.elements.2.width','100'),('globalSets.b22258ed-ca1d-4fc8-8cb4-80069f29c18e.fieldLayouts.5c2aae21-f1c9-45c0-8f03-cac014b9c28c.tabs.1.name','\"Recent joint or muscle bleeds\"'),('globalSets.b22258ed-ca1d-4fc8-8cb4-80069f29c18e.fieldLayouts.5c2aae21-f1c9-45c0-8f03-cac014b9c28c.tabs.1.uid','\"1cc0f39f-2ea6-4cda-92cd-668a3a2ba15f\"'),('globalSets.b22258ed-ca1d-4fc8-8cb4-80069f29c18e.fieldLayouts.5c2aae21-f1c9-45c0-8f03-cac014b9c28c.tabs.1.userCondition','null'),('globalSets.b22258ed-ca1d-4fc8-8cb4-80069f29c18e.fieldLayouts.5c2aae21-f1c9-45c0-8f03-cac014b9c28c.tabs.2.elementCondition','null'),('globalSets.b22258ed-ca1d-4fc8-8cb4-80069f29c18e.fieldLayouts.5c2aae21-f1c9-45c0-8f03-cac014b9c28c.tabs.2.elements.0.elementCondition','null'),('globalSets.b22258ed-ca1d-4fc8-8cb4-80069f29c18e.fieldLayouts.5c2aae21-f1c9-45c0-8f03-cac014b9c28c.tabs.2.elements.0.fieldUid','\"d9b3d89a-f274-41f8-bc45-a1eb7154cdb3\"'),('globalSets.b22258ed-ca1d-4fc8-8cb4-80069f29c18e.fieldLayouts.5c2aae21-f1c9-45c0-8f03-cac014b9c28c.tabs.2.elements.0.instructions','null'),('globalSets.b22258ed-ca1d-4fc8-8cb4-80069f29c18e.fieldLayouts.5c2aae21-f1c9-45c0-8f03-cac014b9c28c.tabs.2.elements.0.label','null'),('globalSets.b22258ed-ca1d-4fc8-8cb4-80069f29c18e.fieldLayouts.5c2aae21-f1c9-45c0-8f03-cac014b9c28c.tabs.2.elements.0.required','false'),('globalSets.b22258ed-ca1d-4fc8-8cb4-80069f29c18e.fieldLayouts.5c2aae21-f1c9-45c0-8f03-cac014b9c28c.tabs.2.elements.0.tip','null'),('globalSets.b22258ed-ca1d-4fc8-8cb4-80069f29c18e.fieldLayouts.5c2aae21-f1c9-45c0-8f03-cac014b9c28c.tabs.2.elements.0.type','\"craft\\\\fieldlayoutelements\\\\CustomField\"'),('globalSets.b22258ed-ca1d-4fc8-8cb4-80069f29c18e.fieldLayouts.5c2aae21-f1c9-45c0-8f03-cac014b9c28c.tabs.2.elements.0.uid','\"dd07266a-f652-46e7-921a-d23e169ddea5\"'),('globalSets.b22258ed-ca1d-4fc8-8cb4-80069f29c18e.fieldLayouts.5c2aae21-f1c9-45c0-8f03-cac014b9c28c.tabs.2.elements.0.userCondition','null'),('globalSets.b22258ed-ca1d-4fc8-8cb4-80069f29c18e.fieldLayouts.5c2aae21-f1c9-45c0-8f03-cac014b9c28c.tabs.2.elements.0.warning','null'),('globalSets.b22258ed-ca1d-4fc8-8cb4-80069f29c18e.fieldLayouts.5c2aae21-f1c9-45c0-8f03-cac014b9c28c.tabs.2.elements.0.width','100'),('globalSets.b22258ed-ca1d-4fc8-8cb4-80069f29c18e.fieldLayouts.5c2aae21-f1c9-45c0-8f03-cac014b9c28c.tabs.2.elements.1.elementCondition','null'),('globalSets.b22258ed-ca1d-4fc8-8cb4-80069f29c18e.fieldLayouts.5c2aae21-f1c9-45c0-8f03-cac014b9c28c.tabs.2.elements.1.fieldUid','\"9509b28c-ecdf-407c-bd86-b93405d8bf49\"'),('globalSets.b22258ed-ca1d-4fc8-8cb4-80069f29c18e.fieldLayouts.5c2aae21-f1c9-45c0-8f03-cac014b9c28c.tabs.2.elements.1.instructions','null'),('globalSets.b22258ed-ca1d-4fc8-8cb4-80069f29c18e.fieldLayouts.5c2aae21-f1c9-45c0-8f03-cac014b9c28c.tabs.2.elements.1.label','null'),('globalSets.b22258ed-ca1d-4fc8-8cb4-80069f29c18e.fieldLayouts.5c2aae21-f1c9-45c0-8f03-cac014b9c28c.tabs.2.elements.1.required','false'),('globalSets.b22258ed-ca1d-4fc8-8cb4-80069f29c18e.fieldLayouts.5c2aae21-f1c9-45c0-8f03-cac014b9c28c.tabs.2.elements.1.tip','null'),('globalSets.b22258ed-ca1d-4fc8-8cb4-80069f29c18e.fieldLayouts.5c2aae21-f1c9-45c0-8f03-cac014b9c28c.tabs.2.elements.1.type','\"craft\\\\fieldlayoutelements\\\\CustomField\"'),('globalSets.b22258ed-ca1d-4fc8-8cb4-80069f29c18e.fieldLayouts.5c2aae21-f1c9-45c0-8f03-cac014b9c28c.tabs.2.elements.1.uid','\"34acf92d-73d3-41af-8a39-032cbf886708\"'),('globalSets.b22258ed-ca1d-4fc8-8cb4-80069f29c18e.fieldLayouts.5c2aae21-f1c9-45c0-8f03-cac014b9c28c.tabs.2.elements.1.userCondition','null'),('globalSets.b22258ed-ca1d-4fc8-8cb4-80069f29c18e.fieldLayouts.5c2aae21-f1c9-45c0-8f03-cac014b9c28c.tabs.2.elements.1.warning','null'),('globalSets.b22258ed-ca1d-4fc8-8cb4-80069f29c18e.fieldLayouts.5c2aae21-f1c9-45c0-8f03-cac014b9c28c.tabs.2.elements.1.width','100'),('globalSets.b22258ed-ca1d-4fc8-8cb4-80069f29c18e.fieldLayouts.5c2aae21-f1c9-45c0-8f03-cac014b9c28c.tabs.2.name','\"Missing scores\"'),('globalSets.b22258ed-ca1d-4fc8-8cb4-80069f29c18e.fieldLayouts.5c2aae21-f1c9-45c0-8f03-cac014b9c28c.tabs.2.uid','\"dbb21675-0dc7-4f78-a7e8-b51dd3b514c8\"'),('globalSets.b22258ed-ca1d-4fc8-8cb4-80069f29c18e.fieldLayouts.5c2aae21-f1c9-45c0-8f03-cac014b9c28c.tabs.2.userCondition','null'),('globalSets.b22258ed-ca1d-4fc8-8cb4-80069f29c18e.handle','\"modals\"'),('globalSets.b22258ed-ca1d-4fc8-8cb4-80069f29c18e.name','\"Modals \"'),('globalSets.b22258ed-ca1d-4fc8-8cb4-80069f29c18e.sortOrder','1'),('meta.__names__.026d0eae-5afb-4069-9cd5-bf1d32f5a50d','\"Muscle Atrophy Body\"'),('meta.__names__.0365e712-05f5-4a76-bc8a-9d16a7f3cd0b','\"Swelling Enabled \"'),('meta.__names__.03c591e0-825b-4b65-b2a0-32f42af07c57','\"Post Login Done Button Label\"'),('meta.__names__.0b6163ba-b9ed-4ca8-9991-e3c31f286fcc','\"Range of Motion Body\"'),('meta.__names__.0c68a5e0-b3f9-4a33-aabe-3e5b73b28b1f','\"Home\"'),('meta.__names__.0eeb101b-81d9-4178-8623-129a53ff4f4f','\"Crepitus on Motion Heading \"'),('meta.__names__.1207495d-4a2b-46de-958c-1c85f4805b46','\"Users\"'),('meta.__names__.1264c252-45b8-4f18-b1a8-e7bb4eab4dc3','\"Post Login Body\"'),('meta.__names__.133d564a-a85c-42f4-8b92-53bb341708eb','\"Muscle Atrophy Heading \"'),('meta.__names__.1ec3ffb8-452d-42fe-939a-6f54560be253','\"Recent joint or muscle bleeds Body\"'),('meta.__names__.1f5fb23e-b966-45c3-8e34-56c5b736cb54','\"Home\"'),('meta.__names__.273ca334-f1c3-4962-9aa5-394036547f8b','\"Swelling Heading \"'),('meta.__names__.2b4e047a-13e2-48c8-a637-c7552fade561','\"Joint Pain Body\"'),('meta.__names__.2e3620ac-34f9-4a55-a693-9306091e82d3','\"Crepitus on Motion Enabled \"'),('meta.__names__.3215de26-743e-4719-a5d0-faac6e96eabb','\"Post Login Box Body\"'),('meta.__names__.34d023e5-7d1b-42da-8953-e26bee2a4e23','\"Gait Heading \"'),('meta.__names__.34f0bfc1-1f77-4c77-a115-c5250035b51d','\"Strength Enabled \"'),('meta.__names__.3fd1bcfb-4269-41b5-8a99-19a93a5af0dc','\"Recent joint or muscle bleeds Heading\"'),('meta.__names__.4c4244ad-585a-410c-b92d-2230232bb91f','\"Axial Alignment Body\"'),('meta.__names__.4d0b8774-39a5-42e6-9664-b1228cb41253','\"Axial Alignment Enabled \"'),('meta.__names__.683abb40-6094-456c-a2c3-a7a253e7ec34','\"Swelling Body\"'),('meta.__names__.6b91b3de-b9c1-4155-82ac-630a6ee86823','\"Gait Body\"'),('meta.__names__.6e37d80f-4f8c-408c-be18-00050d5f3b2c','\"Info\"'),('meta.__names__.73ad925b-eea4-47b4-8d92-963f816c2676','\"Crepitus on Motion Body\"'),('meta.__names__.770305c7-e79e-4b26-b720-4c34cbd36bcb','\"Range of Motion Enabled \"'),('meta.__names__.796ebb32-1bb6-458e-8c7c-c7e90fd28ea0','\"Common\"'),('meta.__names__.7f0b3c2b-f84e-4c24-8fd3-78d8865313ce','\"HJHS App\"'),('meta.__names__.8118220f-79de-45e3-8397-176578797cfc','\"Joint Pain Heading \"'),('meta.__names__.894b3be5-509e-4d23-b1c6-f7038dbf4d60','\"Axial Alignment Heading \"'),('meta.__names__.89a23dae-c228-4367-9afe-eff920874d3d','\"Strength Body\"'),('meta.__names__.92611fbd-cd77-4a35-b6a0-16b739c62792','\"Intro Body\"'),('meta.__names__.9509b28c-ecdf-407c-bd86-b93405d8bf49','\"Missing scores Body\"'),('meta.__names__.9b29fb0c-f60b-49fb-b905-6cf72af1a622','\"Range of Motion Heading \"'),('meta.__names__.9d65b99f-67e3-4a9e-a4b3-f871beebd8fa','\"Strength Heading \"'),('meta.__names__.a2984693-84aa-4038-aeab-1e1778f19950','\"Modals\"'),('meta.__names__.a485c390-ceaf-43c7-9cbd-185137a466f1','\"Post Login Don\'t Show Modal Label\"'),('meta.__names__.a4c66fd2-70e7-435b-98f2-f1f96cd47cee','\"Images\"'),('meta.__names__.ab811780-68a8-479b-9ebc-0d06eec3039a','\"HJHS\"'),('meta.__names__.b22258ed-ca1d-4fc8-8cb4-80069f29c18e','\"Modals \"'),('meta.__names__.bf3dce18-b80e-48ac-84f1-c2994cc67a38','\"Post Login Heading\"'),('meta.__names__.c8ba6d40-0ea5-4fc1-867d-3323f782c0d9','\"Don\'t Show Post Login Modal\"'),('meta.__names__.d154cb46-0658-4a4d-b639-fc5d571b2068','\"Intro Heading\"'),('meta.__names__.d9b3d89a-f274-41f8-bc45-a1eb7154cdb3','\"Missing scores Heading\"'),('meta.__names__.e0e901b0-c261-4650-bc43-99b2c6877115','\"Joint Pain Enabled \"'),('meta.__names__.e57f8be3-f97c-4a25-8b8f-157d7a70ddd1','\"Muscle Atrophy Enabled \"'),('meta.__names__.e6d1e6f8-0f0a-449d-ae1e-19e8a4ce5125','\"Info\"'),('meta.__names__.e73c5f65-caef-4098-bc12-4ac36c51dff0','\"HJHS\"'),('meta.__names__.edef9055-6673-4bf1-8b1d-b0e6fd09f683','\"Gait Enabled \"'),('meta.__names__.f7e0e3b8-43e7-4119-a34e-878dafa7bdc4','\"Recent joint or muscle bleeds Link Label\"'),('plugins.element-api.edition','\"standard\"'),('plugins.element-api.enabled','true'),('plugins.element-api.schemaVersion','\"1.0.0\"'),('plugins.field-manager.edition','\"standard\"'),('plugins.field-manager.enabled','true'),('plugins.field-manager.schemaVersion','\"1.0.0\"'),('plugins.redactor.edition','\"standard\"'),('plugins.redactor.enabled','true'),('plugins.redactor.schemaVersion','\"2.3.0\"'),('plugins.super-table.edition','\"standard\"'),('plugins.super-table.enabled','true'),('plugins.super-table.schemaVersion','\"3.0.0\"'),('plugins.typedlinkfield.edition','\"standard\"'),('plugins.typedlinkfield.enabled','true'),('plugins.typedlinkfield.schemaVersion','\"2.0.0\"'),('sections.1f5fb23e-b966-45c3-8e34-56c5b736cb54.defaultPlacement','\"end\"'),('sections.1f5fb23e-b966-45c3-8e34-56c5b736cb54.enableVersioning','true'),('sections.1f5fb23e-b966-45c3-8e34-56c5b736cb54.handle','\"home\"'),('sections.1f5fb23e-b966-45c3-8e34-56c5b736cb54.name','\"Home\"'),('sections.1f5fb23e-b966-45c3-8e34-56c5b736cb54.previewTargets.0.__assoc__.0.0','\"label\"'),('sections.1f5fb23e-b966-45c3-8e34-56c5b736cb54.previewTargets.0.__assoc__.0.1','\"Primary entry page\"'),('sections.1f5fb23e-b966-45c3-8e34-56c5b736cb54.previewTargets.0.__assoc__.1.0','\"urlFormat\"'),('sections.1f5fb23e-b966-45c3-8e34-56c5b736cb54.previewTargets.0.__assoc__.1.1','\"{url}\"'),('sections.1f5fb23e-b966-45c3-8e34-56c5b736cb54.previewTargets.0.__assoc__.2.0','\"refresh\"'),('sections.1f5fb23e-b966-45c3-8e34-56c5b736cb54.previewTargets.0.__assoc__.2.1','\"1\"'),('sections.1f5fb23e-b966-45c3-8e34-56c5b736cb54.propagationMethod','\"all\"'),('sections.1f5fb23e-b966-45c3-8e34-56c5b736cb54.siteSettings.ab811780-68a8-479b-9ebc-0d06eec3039a.enabledByDefault','true'),('sections.1f5fb23e-b966-45c3-8e34-56c5b736cb54.siteSettings.ab811780-68a8-479b-9ebc-0d06eec3039a.hasUrls','true'),('sections.1f5fb23e-b966-45c3-8e34-56c5b736cb54.siteSettings.ab811780-68a8-479b-9ebc-0d06eec3039a.template','null'),('sections.1f5fb23e-b966-45c3-8e34-56c5b736cb54.siteSettings.ab811780-68a8-479b-9ebc-0d06eec3039a.uriFormat','\"__home__\"'),('sections.1f5fb23e-b966-45c3-8e34-56c5b736cb54.type','\"single\"'),('siteGroups.e73c5f65-caef-4098-bc12-4ac36c51dff0.name','\"HJHS\"'),('sites.ab811780-68a8-479b-9ebc-0d06eec3039a.baseUrl','\"$PRIMARY_SITE_URL\"'),('sites.ab811780-68a8-479b-9ebc-0d06eec3039a.handle','\"default\"'),('sites.ab811780-68a8-479b-9ebc-0d06eec3039a.hasUrls','true'),('sites.ab811780-68a8-479b-9ebc-0d06eec3039a.language','\"en-CA\"'),('sites.ab811780-68a8-479b-9ebc-0d06eec3039a.name','\"HJHS\"'),('sites.ab811780-68a8-479b-9ebc-0d06eec3039a.primary','true'),('sites.ab811780-68a8-479b-9ebc-0d06eec3039a.siteGroup','\"e73c5f65-caef-4098-bc12-4ac36c51dff0\"'),('sites.ab811780-68a8-479b-9ebc-0d06eec3039a.sortOrder','1'),('system.edition','\"pro\"'),('system.live','true'),('system.name','\"HJHS\"'),('system.schemaVersion','\"4.5.0.3\"'),('system.timeZone','\"America/Los_Angeles\"'),('users.allowPublicRegistration','false'),('users.defaultGroup','null'),('users.fieldLayouts.dec5c26d-6fcb-4e12-9894-72c2383061f5.tabs.0.elementCondition','null'),('users.fieldLayouts.dec5c26d-6fcb-4e12-9894-72c2383061f5.tabs.0.elements.0.elementCondition','null'),('users.fieldLayouts.dec5c26d-6fcb-4e12-9894-72c2383061f5.tabs.0.elements.0.fieldUid','\"c8ba6d40-0ea5-4fc1-867d-3323f782c0d9\"'),('users.fieldLayouts.dec5c26d-6fcb-4e12-9894-72c2383061f5.tabs.0.elements.0.instructions','null'),('users.fieldLayouts.dec5c26d-6fcb-4e12-9894-72c2383061f5.tabs.0.elements.0.label','null'),('users.fieldLayouts.dec5c26d-6fcb-4e12-9894-72c2383061f5.tabs.0.elements.0.required','false'),('users.fieldLayouts.dec5c26d-6fcb-4e12-9894-72c2383061f5.tabs.0.elements.0.tip','null'),('users.fieldLayouts.dec5c26d-6fcb-4e12-9894-72c2383061f5.tabs.0.elements.0.type','\"craft\\\\fieldlayoutelements\\\\CustomField\"'),('users.fieldLayouts.dec5c26d-6fcb-4e12-9894-72c2383061f5.tabs.0.elements.0.uid','\"c120dafa-94e7-44f9-a061-c0b9ff5f07f1\"'),('users.fieldLayouts.dec5c26d-6fcb-4e12-9894-72c2383061f5.tabs.0.elements.0.userCondition','null'),('users.fieldLayouts.dec5c26d-6fcb-4e12-9894-72c2383061f5.tabs.0.elements.0.warning','null'),('users.fieldLayouts.dec5c26d-6fcb-4e12-9894-72c2383061f5.tabs.0.elements.0.width','100'),('users.fieldLayouts.dec5c26d-6fcb-4e12-9894-72c2383061f5.tabs.0.name','\"App Data\"'),('users.fieldLayouts.dec5c26d-6fcb-4e12-9894-72c2383061f5.tabs.0.uid','\"ac51df44-dbf4-4a9a-88ba-5a45cb6d4c31\"'),('users.fieldLayouts.dec5c26d-6fcb-4e12-9894-72c2383061f5.tabs.0.userCondition','null'),('users.groups.7f0b3c2b-f84e-4c24-8fd3-78d8865313ce.description','\"\"'),('users.groups.7f0b3c2b-f84e-4c24-8fd3-78d8865313ce.handle','\"hjhsApp\"'),('users.groups.7f0b3c2b-f84e-4c24-8fd3-78d8865313ce.name','\"HJHS App\"'),('users.photoSubpath','null'),('users.photoVolumeUid','null'),('users.requireEmailVerification','true'),('volumes.a4c66fd2-70e7-435b-98f2-f1f96cd47cee.fieldLayouts.003ffde1-ce92-43fe-bc4e-2f0740a4be9f.tabs.0.elementCondition','null'),('volumes.a4c66fd2-70e7-435b-98f2-f1f96cd47cee.fieldLayouts.003ffde1-ce92-43fe-bc4e-2f0740a4be9f.tabs.0.elements.0.autocapitalize','true'),('volumes.a4c66fd2-70e7-435b-98f2-f1f96cd47cee.fieldLayouts.003ffde1-ce92-43fe-bc4e-2f0740a4be9f.tabs.0.elements.0.autocomplete','false'),('volumes.a4c66fd2-70e7-435b-98f2-f1f96cd47cee.fieldLayouts.003ffde1-ce92-43fe-bc4e-2f0740a4be9f.tabs.0.elements.0.autocorrect','true'),('volumes.a4c66fd2-70e7-435b-98f2-f1f96cd47cee.fieldLayouts.003ffde1-ce92-43fe-bc4e-2f0740a4be9f.tabs.0.elements.0.class','null'),('volumes.a4c66fd2-70e7-435b-98f2-f1f96cd47cee.fieldLayouts.003ffde1-ce92-43fe-bc4e-2f0740a4be9f.tabs.0.elements.0.disabled','false'),('volumes.a4c66fd2-70e7-435b-98f2-f1f96cd47cee.fieldLayouts.003ffde1-ce92-43fe-bc4e-2f0740a4be9f.tabs.0.elements.0.elementCondition','null'),('volumes.a4c66fd2-70e7-435b-98f2-f1f96cd47cee.fieldLayouts.003ffde1-ce92-43fe-bc4e-2f0740a4be9f.tabs.0.elements.0.id','null'),('volumes.a4c66fd2-70e7-435b-98f2-f1f96cd47cee.fieldLayouts.003ffde1-ce92-43fe-bc4e-2f0740a4be9f.tabs.0.elements.0.instructions','null'),('volumes.a4c66fd2-70e7-435b-98f2-f1f96cd47cee.fieldLayouts.003ffde1-ce92-43fe-bc4e-2f0740a4be9f.tabs.0.elements.0.label','null'),('volumes.a4c66fd2-70e7-435b-98f2-f1f96cd47cee.fieldLayouts.003ffde1-ce92-43fe-bc4e-2f0740a4be9f.tabs.0.elements.0.max','null'),('volumes.a4c66fd2-70e7-435b-98f2-f1f96cd47cee.fieldLayouts.003ffde1-ce92-43fe-bc4e-2f0740a4be9f.tabs.0.elements.0.min','null'),('volumes.a4c66fd2-70e7-435b-98f2-f1f96cd47cee.fieldLayouts.003ffde1-ce92-43fe-bc4e-2f0740a4be9f.tabs.0.elements.0.name','null'),('volumes.a4c66fd2-70e7-435b-98f2-f1f96cd47cee.fieldLayouts.003ffde1-ce92-43fe-bc4e-2f0740a4be9f.tabs.0.elements.0.orientation','null'),('volumes.a4c66fd2-70e7-435b-98f2-f1f96cd47cee.fieldLayouts.003ffde1-ce92-43fe-bc4e-2f0740a4be9f.tabs.0.elements.0.placeholder','null'),('volumes.a4c66fd2-70e7-435b-98f2-f1f96cd47cee.fieldLayouts.003ffde1-ce92-43fe-bc4e-2f0740a4be9f.tabs.0.elements.0.readonly','false'),('volumes.a4c66fd2-70e7-435b-98f2-f1f96cd47cee.fieldLayouts.003ffde1-ce92-43fe-bc4e-2f0740a4be9f.tabs.0.elements.0.requirable','false'),('volumes.a4c66fd2-70e7-435b-98f2-f1f96cd47cee.fieldLayouts.003ffde1-ce92-43fe-bc4e-2f0740a4be9f.tabs.0.elements.0.size','null'),('volumes.a4c66fd2-70e7-435b-98f2-f1f96cd47cee.fieldLayouts.003ffde1-ce92-43fe-bc4e-2f0740a4be9f.tabs.0.elements.0.step','null'),('volumes.a4c66fd2-70e7-435b-98f2-f1f96cd47cee.fieldLayouts.003ffde1-ce92-43fe-bc4e-2f0740a4be9f.tabs.0.elements.0.tip','null'),('volumes.a4c66fd2-70e7-435b-98f2-f1f96cd47cee.fieldLayouts.003ffde1-ce92-43fe-bc4e-2f0740a4be9f.tabs.0.elements.0.title','null'),('volumes.a4c66fd2-70e7-435b-98f2-f1f96cd47cee.fieldLayouts.003ffde1-ce92-43fe-bc4e-2f0740a4be9f.tabs.0.elements.0.type','\"craft\\\\fieldlayoutelements\\\\assets\\\\AssetTitleField\"'),('volumes.a4c66fd2-70e7-435b-98f2-f1f96cd47cee.fieldLayouts.003ffde1-ce92-43fe-bc4e-2f0740a4be9f.tabs.0.elements.0.uid','\"59e216e6-235a-4c35-9553-0e62a627ab31\"'),('volumes.a4c66fd2-70e7-435b-98f2-f1f96cd47cee.fieldLayouts.003ffde1-ce92-43fe-bc4e-2f0740a4be9f.tabs.0.elements.0.userCondition','null'),('volumes.a4c66fd2-70e7-435b-98f2-f1f96cd47cee.fieldLayouts.003ffde1-ce92-43fe-bc4e-2f0740a4be9f.tabs.0.elements.0.warning','null'),('volumes.a4c66fd2-70e7-435b-98f2-f1f96cd47cee.fieldLayouts.003ffde1-ce92-43fe-bc4e-2f0740a4be9f.tabs.0.elements.0.width','100'),('volumes.a4c66fd2-70e7-435b-98f2-f1f96cd47cee.fieldLayouts.003ffde1-ce92-43fe-bc4e-2f0740a4be9f.tabs.0.name','\"Content\"'),('volumes.a4c66fd2-70e7-435b-98f2-f1f96cd47cee.fieldLayouts.003ffde1-ce92-43fe-bc4e-2f0740a4be9f.tabs.0.uid','\"92180a9a-8a14-423e-b25c-a7415221318a\"'),('volumes.a4c66fd2-70e7-435b-98f2-f1f96cd47cee.fieldLayouts.003ffde1-ce92-43fe-bc4e-2f0740a4be9f.tabs.0.userCondition','null'),('volumes.a4c66fd2-70e7-435b-98f2-f1f96cd47cee.fs','\"images\"'),('volumes.a4c66fd2-70e7-435b-98f2-f1f96cd47cee.handle','\"images\"'),('volumes.a4c66fd2-70e7-435b-98f2-f1f96cd47cee.name','\"Images\"'),('volumes.a4c66fd2-70e7-435b-98f2-f1f96cd47cee.sortOrder','1'),('volumes.a4c66fd2-70e7-435b-98f2-f1f96cd47cee.titleTranslationKeyFormat','null'),('volumes.a4c66fd2-70e7-435b-98f2-f1f96cd47cee.titleTranslationMethod','\"site\"'),('volumes.a4c66fd2-70e7-435b-98f2-f1f96cd47cee.transformFs','\"images\"'),('volumes.a4c66fd2-70e7-435b-98f2-f1f96cd47cee.transformSubpath','\"\"');
commit;

--
-- Dumping data for table `craft_queue`
--

set autocommit=0;
commit;

--
-- Dumping data for table `craft_relations`
--

set autocommit=0;
commit;

--
-- Dumping data for table `craft_revisions`
--

set autocommit=0;
INSERT INTO `craft_revisions` VALUES (1,2,1,1,NULL),(2,2,1,2,NULL),(3,2,1,3,NULL),(4,2,1,4,NULL),(5,2,1,5,'Applied “Draft 1”');
commit;

--
-- Dumping data for table `craft_searchindex`
--

set autocommit=0;
INSERT INTO `craft_searchindex` VALUES (1,'email',0,1,' melvyn controlnocontrol com '),(1,'firstname',0,1,''),(1,'fullname',0,1,''),(1,'lastname',0,1,''),(1,'slug',0,1,''),(1,'username',0,1,' melvyn '),(2,'slug',0,1,' home '),(2,'title',0,1,' hemophilia joint health score '),(9,'slug',0,1,''),(10,'slug',0,1,'');
commit;

--
-- Dumping data for table `craft_sections`
--

set autocommit=0;
INSERT INTO `craft_sections` VALUES (1,NULL,'Home','home','single',1,'all','end','[{\"label\":\"Primary entry page\",\"urlFormat\":\"{url}\",\"refresh\":\"1\"}]','2023-08-29 07:41:23','2023-08-29 07:41:23',NULL,'1f5fb23e-b966-45c3-8e34-56c5b736cb54');
commit;

--
-- Dumping data for table `craft_sections_sites`
--

set autocommit=0;
INSERT INTO `craft_sections_sites` VALUES (1,1,1,1,'__home__',NULL,1,'2023-08-29 07:41:23','2023-08-29 07:41:23','438d0330-7012-44ef-b0f9-7b3ee3c968e6');
commit;

--
-- Dumping data for table `craft_sequences`
--

set autocommit=0;
commit;

--
-- Dumping data for table `craft_shunnedmessages`
--

set autocommit=0;
commit;

--
-- Dumping data for table `craft_sitegroups`
--

set autocommit=0;
INSERT INTO `craft_sitegroups` VALUES (1,'HJHS','2023-08-29 01:29:40','2023-08-29 01:29:40',NULL,'e73c5f65-caef-4098-bc12-4ac36c51dff0');
commit;

--
-- Dumping data for table `craft_sites`
--

set autocommit=0;
INSERT INTO `craft_sites` VALUES (1,1,1,'true','HJHS','default','en-CA',1,'$PRIMARY_SITE_URL',1,'2023-08-29 01:29:40','2023-08-29 01:29:40',NULL,'ab811780-68a8-479b-9ebc-0d06eec3039a');
commit;

--
-- Dumping data for table `craft_structureelements`
--

set autocommit=0;
commit;

--
-- Dumping data for table `craft_structures`
--

set autocommit=0;
commit;

--
-- Dumping data for table `craft_supertableblocks`
--

set autocommit=0;
commit;

--
-- Dumping data for table `craft_supertableblocks_owners`
--

set autocommit=0;
commit;

--
-- Dumping data for table `craft_supertableblocktypes`
--

set autocommit=0;
commit;
set autocommit=0;
commit;

--
-- Dumping data for table `craft_taggroups`
--

set autocommit=0;
commit;

--
-- Dumping data for table `craft_tags`
--

set autocommit=0;
commit;
set autocommit=0;
commit;

--
-- Dumping data for table `craft_usergroups`
--

set autocommit=0;
INSERT INTO `craft_usergroups` VALUES (1,'HJHS App','hjhsApp','','2023-08-29 05:59:27','2023-08-29 05:59:27','7f0b3c2b-f84e-4c24-8fd3-78d8865313ce');
commit;

--
-- Dumping data for table `craft_usergroups_users`
--

set autocommit=0;
INSERT INTO `craft_usergroups_users` VALUES (1,1,1,'2023-08-29 06:01:57','2023-08-29 06:01:57','8fee879c-65cd-40ce-b8b3-0c1857e64ce7');
commit;

--
-- Dumping data for table `craft_userpermissions`
--

set autocommit=0;
commit;

--
-- Dumping data for table `craft_userpermissions_usergroups`
--

set autocommit=0;
commit;

--
-- Dumping data for table `craft_userpermissions_users`
--

set autocommit=0;
commit;

--
-- Dumping data for table `craft_userpreferences`
--

set autocommit=0;
INSERT INTO `craft_userpreferences` VALUES (1,'{\"language\":\"en-US\",\"locale\":null,\"weekStartDay\":\"1\",\"alwaysShowFocusRings\":false,\"useShapes\":false,\"underlineLinks\":false,\"notificationDuration\":\"5000\",\"showFieldHandles\":false,\"enableDebugToolbarForSite\":false,\"enableDebugToolbarForCp\":false,\"showExceptionView\":false,\"profileTemplates\":false}');
commit;
set autocommit=0;
commit;

--
-- Dumping data for table `craft_volumefolders`
--

set autocommit=0;
INSERT INTO `craft_volumefolders` VALUES (1,NULL,1,'Images',NULL,'2023-08-30 05:37:04','2023-08-30 05:37:07','cc4d4d89-6049-40b4-a370-1efb5d221957');
commit;

--
-- Dumping data for table `craft_volumes`
--

set autocommit=0;
INSERT INTO `craft_volumes` VALUES (1,3,'Images','images','images','images','','site',NULL,1,'2023-08-30 05:37:04','2023-08-30 05:37:07',NULL,'a4c66fd2-70e7-435b-98f2-f1f96cd47cee');
commit;

--
-- Dumping data for table `craft_widgets`
--

set autocommit=0;
INSERT INTO `craft_widgets` VALUES (1,1,'craft\\widgets\\RecentEntries',1,NULL,'{\"siteId\":1,\"section\":\"*\",\"limit\":10}',1,'2023-08-29 02:32:27','2023-08-29 02:32:27','feaaeeb7-025f-43d5-a555-bc91e2d8bcfd'),(2,1,'craft\\widgets\\CraftSupport',2,NULL,'[]',1,'2023-08-29 02:32:27','2023-08-29 02:32:27','33193cff-ac86-41ab-b328-82dd7985b731'),(3,1,'craft\\widgets\\Updates',3,NULL,'[]',1,'2023-08-29 02:32:27','2023-08-29 02:32:27','742d4839-1d69-4f25-b697-93e3e3bfb59b'),(4,1,'craft\\widgets\\Feed',4,NULL,'{\"url\":\"https:\\/\\/craftcms.com\\/news.rss\",\"title\":\"Craft News\",\"limit\":5}',1,'2023-08-29 02:32:27','2023-08-29 02:32:27','b5db5fcf-cbc4-47e1-af80-8d104648d50b');
commit;

--
-- Dumping routines for database 'hjhs'
--


